Sep 09 06:44:11.946933 dv-cinder-733062-23-iscsi neutron-server[100949]: DEBUG neutron.api.rpc.handlers.resources_rpc [None req-ac594ef3-53ec-46ae-b6f0-6cc065f07dc3 admin admin] Pushing event updated for resources: {'SecurityGroup': ['ID=9920d491-f798-4997-b4a8-3cc69ac9febb,revision_number=1']} {{(pid=100949) push /opt/stack/neutron/neutron/api/rpc/handlers/resources_rpc.py:237}}
Sep 09 06:44:11.975121 dv-cinder-733062-23-iscsi neutron-server[100950]: DEBUG neutron.api.rpc.handlers.l3_rpc [None req-5b1d1e43-f7f0-4f35-830f-f2f2084758a5 None None] Checking router: 5c0bd847-9d05-4a6f-b9ef-15cd4e525a45 for host: dv-cinder-733062-23-iscsi {{(pid=100950) _ensure_host_set_on_ports /opt/stack/neutron/neutron/api/rpc/handlers/l3_rpc.py:155}}
Sep 09 06:44:11.976350 dv-cinder-733062-23-iscsi neutron-server[100950]: DEBUG neutron.api.rpc.handlers.l3_rpc [None req-5b1d1e43-f7f0-4f35-830f-f2f2084758a5 None None] Updating router 5c0bd847-9d05-4a6f-b9ef-15cd4e525a45 port 99b29230-b77e-4f50-bbe4-e9fc3b235d3a binding host dv-cinder-733062-23-iscsi {{(pid=100950) _ensure_host_set_on_port /opt/stack/neutron/neutron/api/rpc/handlers/l3_rpc.py:205}}
Sep 09 06:44:12.016359 dv-cinder-733062-23-iscsi neutron-server[100949]: DEBUG neutron.scheduler.l3_agent_scheduler [None req-5de5ccbd-270a-4d53-9227-de26c17ce379 admin admin] Router 63e49982-bb02-4c16-b052-78d8b3816ca7 has already been hosted by L3 agent a34167c9-5523-4c2f-978f-3cf7d6a65204 {{(pid=100949) _get_candidates /opt/stack/neutron/neutron/scheduler/l3_agent_scheduler.py:126}}
Sep 09 06:44:12.042268 dv-cinder-733062-23-iscsi neutron-server[100948]: DEBUG neutron.wsgi [-] (100948) accepted ('10.222.0.35', 61006) {{(pid=100948) server /usr/local/lib/python3.8/dist-packages/eventlet/wsgi.py:982}}
Sep 09 06:44:12.477250 dv-cinder-733062-23-iscsi neutron-server[100950]: DEBUG neutron_lib.callbacks.manager [None req-5b1d1e43-f7f0-4f35-830f-f2f2084758a5 None None] Notify callbacks ['neutron.plugins.ml2.plugin.SecurityGroupDbMixin._ensure_default_security_group_handler-1448236'] for port, before_update {{(pid=100950) _notify_loop /usr/local/lib/python3.8/dist-packages/neutron_lib/callbacks/manager.py:192}}
Sep 09 06:44:12.477250 dv-cinder-733062-23-iscsi neutron-server[100950]: DEBUG neutron.api.rpc.handlers.resources_rpc [None req-d0f0bd77-f5f3-42fe-8bef-260008c41590 None None] Pushing event updated for resources: {'Port': ['ID=c1be3b36-1c9d-44ba-a85b-77aef0e49ab4,revision_number=4']} {{(pid=100950) push /opt/stack/neutron/neutron/api/rpc/handlers/resources_rpc.py:237}}
Sep 09 06:44:12.484903 dv-cinder-733062-23-iscsi neutron-server[100948]: DEBUG neutron_lib.callbacks.manager [None req-dc90845a-e123-45bb-b8ad-1a1b05b87bf9 admin admin] Notify callbacks ['neutron.plugins.ml2.ovo_rpc._ObjectChangeHandler.handle_event-1581529'] for security_group, after_delete {{(pid=100948) _notify_loop /usr/local/lib/python3.8/dist-packages/neutron_lib/callbacks/manager.py:192}}
Sep 09 06:44:12.484903 dv-cinder-733062-23-iscsi neutron-server[100948]: DEBUG neutron_lib.callbacks.manager [None req-dc90845a-e123-45bb-b8ad-1a1b05b87bf9 admin admin] Notify callbacks [] for security_group, before_response {{(pid=100948) _notify_loop /usr/local/lib/python3.8/dist-packages/neutron_lib/callbacks/manager.py:192}}
Sep 09 06:44:12.484903 dv-cinder-733062-23-iscsi neutron-server[100948]: INFO neutron.wsgi [None req-dc90845a-e123-45bb-b8ad-1a1b05b87bf9 admin admin] 10.222.0.37 "DELETE /v2.0/security-groups/9920d491-f798-4997-b4a8-3cc69ac9febb HTTP/1.1" status: 204 len: 168 time: 0.6221924
Sep 09 06:44:12.484903 dv-cinder-733062-23-iscsi neutron-server[100948]: DEBUG neutron.api.rpc.handlers.resources_rpc [None req-dc90845a-e123-45bb-b8ad-1a1b05b87bf9 admin admin] Pushing event deleted for resources: {'SecurityGroup': ['ID=9920d491-f798-4997-b4a8-3cc69ac9febb,revision_number=None']} {{(pid=100948) push /opt/stack/neutron/neutron/api/rpc/handlers/resources_rpc.py:237}}
Sep 09 06:44:12.494381 dv-cinder-733062-23-iscsi neutron-server[100949]: DEBUG neutron_lib.callbacks.manager [None req-f56da01e-4f07-4560-a27c-3504b842e44c admin admin] Notify callbacks ['neutron.plugins.ml2.plugin.SecurityGroupServerNotifierRpcMixin._notify_sg_on_port_change-1448291', 'neutron.plugins.ml2.ovo_rpc._ObjectChangeHandler.handle_event-2016165', 'neutron.api.rpc.agentnotifiers.dhcp_rpc_agent_api.DhcpAgentNotifyAPI._native_event_send_dhcp_notification-1636153', 'neutron.db.l3_dvrscheduler_db._notify_l3_agent_new_port-8729387397569'] for port, after_create {{(pid=100949) _notify_loop /usr/local/lib/python3.8/dist-packages/neutron_lib/callbacks/manager.py:192}}
Sep 09 06:44:12.496870 dv-cinder-733062-23-iscsi neutron-server[100948]: DEBUG neutron.pecan_wsgi.hooks.policy_enforcement [req-bf7832fe-630a-4861-8027-ada34297a062 req-68472456-cb60-4064-abf7-c78fd2ddea21 tempest-DeleteServersTestJSON-1052019469 tempest-DeleteServersTestJSON-1052019469-project] Attributes excluded by policy engine: ['standard_attr_id', 'vlan_transparent', 'provider:network_type', 'provider:physical_network', 'provider:segmentation_id'] {{(pid=100948) _exclude_attributes_by_policy /opt/stack/neutron/neutron/pecan_wsgi/hooks/policy_enforcement.py:255}}
Sep 09 06:44:12.496870 dv-cinder-733062-23-iscsi neutron-server[100948]: INFO neutron.wsgi [req-bf7832fe-630a-4861-8027-ada34297a062 req-68472456-cb60-4064-abf7-c78fd2ddea21 tempest-DeleteServersTestJSON-1052019469 tempest-DeleteServersTestJSON-1052019469-project] 10.222.0.35 "GET /v2.0/networks?id=8b52e1da-9127-4638-a52a-4b9460e15b26 HTTP/1.1" status: 200 len: 812 time: 0.4076979
Sep 09 06:44:12.510897 dv-cinder-733062-23-iscsi neutron-server[100948]: DEBUG neutron.api.v2.base [req-bf7832fe-630a-4861-8027-ada34297a062 req-c87b7c9f-fd24-4f89-8532-1315ef61e7bb tempest-DeleteServersTestJSON-1052019469 tempest-DeleteServersTestJSON-1052019469-project] Request body: {'port': {'device_id': 'df292889-3db1-414c-ab0a-61f7c3bd3980', 'network_id': '8b52e1da-9127-4638-a52a-4b9460e15b26', 'admin_state_up': True, 'tenant_id': 'a0b5a71236c84d5980c25c4deeecac31'}} {{(pid=100948) prepare_request_body /opt/stack/neutron/neutron/api/v2/base.py:730}}
Sep 09 06:44:12.528039 dv-cinder-733062-23-iscsi neutron-server[100949]: DEBUG neutron.api.rpc.handlers.resources_rpc [None req-f56da01e-4f07-4560-a27c-3504b842e44c admin admin] Pushing event updated for resources: {'Port': ['ID=1e820f3e-9d82-4544-b958-b2a6bd1e22be,revision_number=1']} {{(pid=100949) push /opt/stack/neutron/neutron/api/rpc/handlers/resources_rpc.py:237}}
Sep 09 06:44:12.562092 dv-cinder-733062-23-iscsi neutron-server[100949]: DEBUG neutron.scheduler.dhcp_agent_scheduler [None req-f56da01e-4f07-4560-a27c-3504b842e44c admin admin] Network eb33b260-8b94-439e-9f2b-5038f7ad1dd5 is already hosted by enough agents. {{(pid=100949) _get_dhcp_agents_hosting_network /opt/stack/neutron/neutron/scheduler/dhcp_agent_scheduler.py:275}}
Sep 09 06:44:12.563998 dv-cinder-733062-23-iscsi neutron-server[100949]: DEBUG neutron.api.rpc.agentnotifiers.l3_rpc_agent_api [None req-5de5ccbd-270a-4d53-9227-de26c17ce379 admin admin] Notify agent at l3_agent.dv-cinder-733062-23-iscsi the message routers_updated {{(pid=100949) _agent_notification /opt/stack/neutron/neutron/api/rpc/agentnotifiers/l3_rpc_agent_api.py:65}}
Sep 09 06:44:12.579349 dv-cinder-733062-23-iscsi neutron-server[100949]: INFO neutron.wsgi [None req-5de5ccbd-270a-4d53-9227-de26c17ce379 admin admin] 10.222.0.37 "PUT /v2.0/routers/63e49982-bb02-4c16-b052-78d8b3816ca7/add_router_interface HTTP/1.1" status: 200 len: 503 time: 5.7166345
Sep 09 06:44:12.579655 dv-cinder-733062-23-iscsi neutron-server[100951]: DEBUG neutron.api.rpc.handlers.l3_rpc [None req-98b30511-db4f-4ed3-8223-8f53a424fbff None None] Sync routers for ids ['63e49982-bb02-4c16-b052-78d8b3816ca7'] in dv-cinder-733062-23-iscsi {{(pid=100951) sync_routers /opt/stack/neutron/neutron/api/rpc/handlers/l3_rpc.py:125}}
Sep 09 06:44:12.588363 dv-cinder-733062-23-iscsi neutron-server[100949]: DEBUG neutron.scheduler.base_scheduler [None req-f56da01e-4f07-4560-a27c-3504b842e44c admin admin] Resources bound (agent type, host, resource id): {{(pid=100949) schedule /opt/stack/neutron/neutron/scheduler/base_scheduler.py:57}}
Sep 09 06:44:12.591837 dv-cinder-733062-23-iscsi neutron-server[100949]: DEBUG neutron.db.l3_dvrscheduler_db [None req-f56da01e-4f07-4560-a27c-3504b842e44c admin admin] Received port after_create {{(pid=100949) _notify_l3_agent_new_port /opt/stack/neutron/neutron/db/l3_dvrscheduler_db.py:535}}
Sep 09 06:44:12.592325 dv-cinder-733062-23-iscsi neutron-server[100949]: DEBUG neutron_lib.callbacks.manager [None req-f56da01e-4f07-4560-a27c-3504b842e44c admin admin] Notify callbacks ['neutron.services.l3_router.l3_router_plugin.DVRResourceOperationHandler._add_csnat_on_interface_create-1693589'] for router_interface, before_create {{(pid=100949) _notify_loop /usr/local/lib/python3.8/dist-packages/neutron_lib/callbacks/manager.py:192}}
Sep 09 06:44:12.596315 dv-cinder-733062-23-iscsi neutron-server[100951]: DEBUG neutron.db.l3_dvrscheduler_db [None req-98b30511-db4f-4ed3-8223-8f53a424fbff None None] Routers {'63e49982-bb02-4c16-b052-78d8b3816ca7'} bound to L3 agent in host dv-cinder-733062-23-iscsi {{(pid=100951) _get_router_ids_for_agent /opt/stack/neutron/neutron/db/l3_dvrscheduler_db.py:420}}
Sep 09 06:44:12.596938 dv-cinder-733062-23-iscsi neutron-server[100951]: DEBUG neutron.db.l3_hamode_db [None req-98b30511-db4f-4ed3-8223-8f53a424fbff None None] neutron.services.l3_router.l3_router_plugin.L3RouterPlugin method get_ha_sync_data_for_host called with arguments (, 'dv-cinder-733062-23-iscsi', Agent(admin_state_up=True,agent_type='L3 agent',availability_zone='nova',binary='neutron-l3-agent',configurations={"agent_mode": "legacy", "ex_gw_ports": 3, "extensions": [], "floating_ips": 0, "handle_internal_only_routers": true, "interface_driver": "openvswitch", "interfaces": 1, "log_agent_heartbeats": false, "routers": 3},created_at=2021-09-09T06:36:09Z,description=,heartbeat_timestamp=2021-09-09T06:44:10Z,host='dv-cinder-733062-23-iscsi',id=a34167c9-5523-4c2f-978f-3cf7d6a65204,load=0,resource_versions=,resources_synced=,started_at=2021-09-09T06:36:10Z,topic='l3_agent')) {'router_ids': ['63e49982-bb02-4c16-b052-78d8b3816ca7'], 'active': True} {{(pid=100951) wrapper /usr/local/lib/python3.8/dist-packages/oslo_log/helpers.py:65}}
Sep 09 06:44:12.613824 dv-cinder-733062-23-iscsi neutron-server[100950]: DEBUG neutron.plugins.ml2.rpc [None req-d0f0bd77-f5f3-42fe-8bef-260008c41590 None None] Device 43ab4fc4-dbc6-483b-8a83-bec170d046f2 up at agent ovs-agent-dv-cinder-733062-23-iscsi {{(pid=100950) update_device_up /opt/stack/neutron/neutron/plugins/ml2/rpc.py:296}}
Sep 09 06:44:12.753630 dv-cinder-733062-23-iscsi neutron-server[100949]: INFO neutron.wsgi [req-8a05a9d4-6025-4161-b9bf-827d9396132b req-820f5965-a21c-4f2b-99b3-7a551bfaf861 tempest-DeleteServersTestJSON-1052019469 tempest-DeleteServersTestJSON-1052019469-project] 10.222.0.37 "GET /v2.0/ports?device_id=df292889-3db1-414c-ab0a-61f7c3bd3980 HTTP/1.1" status: 200 len: 210 time: 0.1145687
Sep 09 06:44:12.901052 dv-cinder-733062-23-iscsi neutron-server[100950]: DEBUG neutron_lib.callbacks.manager [None req-850ce3d8-c166-45d0-b2d5-1720969f9c65 None None] Notify callbacks ['neutron.services.segments.db._update_segment_host_mapping_for_agent-8729387697547', 'neutron.plugins.ml2.plugin.Ml2Plugin._retry_binding_revived_agents-1476405'] for agent, after_update {{(pid=100950) _notify_loop /usr/local/lib/python3.8/dist-packages/neutron_lib/callbacks/manager.py:192}}
Sep 09 06:44:12.964598 dv-cinder-733062-23-iscsi neutron-server[100951]: DEBUG neutron.db.l3_dvr_db [None req-98b30511-db4f-4ed3-8223-8f53a424fbff None None] Set router 63e49982-bb02-4c16-b052-78d8b3816ca7 gateway port host: dv-cinder-733062-23-iscsi {{(pid=100951) _build_routers_list /opt/stack/neutron/neutron/db/l3_dvr_db.py:906}}
Sep 09 06:44:13.026070 dv-cinder-733062-23-iscsi neutron-server[100949]: DEBUG neutron_lib.callbacks.manager [None req-f56da01e-4f07-4560-a27c-3504b842e44c admin admin] Notify callbacks ['neutron.plugins.ml2.plugin.SecurityGroupDbMixin._ensure_default_security_group_handler-1448236'] for port, before_update {{(pid=100949) _notify_loop /usr/local/lib/python3.8/dist-packages/neutron_lib/callbacks/manager.py:192}}
Sep 09 06:44:13.035038 dv-cinder-733062-23-iscsi neutron-server[100950]: DEBUG neutron.db.provisioning_blocks [None req-d0f0bd77-f5f3-42fe-8bef-260008c41590 None None] Provisioning for port 43ab4fc4-dbc6-483b-8a83-bec170d046f2 completed by entity L2. {{(pid=100950) provisioning_complete /opt/stack/neutron/neutron/db/provisioning_blocks.py:133}}
Sep 09 06:44:13.041426 dv-cinder-733062-23-iscsi neutron-server[100950]: DEBUG neutron.db.provisioning_blocks [None req-d0f0bd77-f5f3-42fe-8bef-260008c41590 None None] Provisioning complete for port 43ab4fc4-dbc6-483b-8a83-bec170d046f2 triggered by entity L2. {{(pid=100950) provisioning_complete /opt/stack/neutron/neutron/db/provisioning_blocks.py:139}}
Sep 09 06:44:13.041779 dv-cinder-733062-23-iscsi neutron-server[100950]: DEBUG neutron_lib.callbacks.manager [None req-d0f0bd77-f5f3-42fe-8bef-260008c41590 None None] Notify callbacks ['neutron.plugins.ml2.plugin.Ml2Plugin._port_provisioned-1505496'] for port, provisioning_complete {{(pid=100950) _notify_loop /usr/local/lib/python3.8/dist-packages/neutron_lib/callbacks/manager.py:192}}
Sep 09 06:44:13.094364 dv-cinder-733062-23-iscsi neutron-server[100950]: DEBUG neutron_lib.callbacks.manager [None req-5b1d1e43-f7f0-4f35-830f-f2f2084758a5 None None] Notify callbacks [] for port, precommit_update {{(pid=100950) _notify_loop /usr/local/lib/python3.8/dist-packages/neutron_lib/callbacks/manager.py:192}}
Sep 09 06:44:13.149694 dv-cinder-733062-23-iscsi neutron-server[100950]: DEBUG neutron.db.provisioning_blocks [None req-5b1d1e43-f7f0-4f35-830f-f2f2084758a5 None None] Transition to ACTIVE for port object 99b29230-b77e-4f50-bbe4-e9fc3b235d3a will not be triggered until provisioned by entity L2. {{(pid=100950) add_provisioning_component /opt/stack/neutron/neutron/db/provisioning_blocks.py:73}}
Sep 09 06:44:13.154140 dv-cinder-733062-23-iscsi neutron-server[100950]: DEBUG neutron.db.provisioning_blocks [None req-47158f6e-5333-4fd1-ae25-362702dd8e20 None None] Provisioning for port 1e820f3e-9d82-4544-b958-b2a6bd1e22be completed by entity DHCP. {{(pid=100950) provisioning_complete /opt/stack/neutron/neutron/db/provisioning_blocks.py:133}}
Sep 09 06:44:13.164569 dv-cinder-733062-23-iscsi neutron-server[100950]: DEBUG neutron.db.provisioning_blocks [None req-47158f6e-5333-4fd1-ae25-362702dd8e20 None None] Provisioning complete for port 1e820f3e-9d82-4544-b958-b2a6bd1e22be triggered by entity DHCP. {{(pid=100950) provisioning_complete /opt/stack/neutron/neutron/db/provisioning_blocks.py:139}}
Sep 09 06:44:13.165202 dv-cinder-733062-23-iscsi neutron-server[100950]: DEBUG neutron_lib.callbacks.manager [None req-47158f6e-5333-4fd1-ae25-362702dd8e20 None None] Notify callbacks ['neutron.plugins.ml2.plugin.Ml2Plugin._port_provisioned-1505496'] for port, provisioning_complete {{(pid=100950) _notify_loop /usr/local/lib/python3.8/dist-packages/neutron_lib/callbacks/manager.py:192}}
Sep 09 06:44:13.224943 dv-cinder-733062-23-iscsi neutron-server[100948]: DEBUG neutron.wsgi [-] (100948) accepted ('10.222.0.37', 52184) {{(pid=100948) server /usr/local/lib/python3.8/dist-packages/eventlet/wsgi.py:982}}
Sep 09 06:44:13.230543 dv-cinder-733062-23-iscsi neutron-server[100948]: DEBUG neutron.api.v2.base [None req-76c2f6e4-6c3e-4af3-9a99-e89721f9e6d9 tempest-AttachVolumeShelveTestJSON-1568339596 tempest-AttachVolumeShelveTestJSON-1568339596-project] Request body: {'security_group': {'name': 'tempest-securitygroup--1059215374', 'description': 'tempest-description--827413368'}} {{(pid=100948) prepare_request_body /opt/stack/neutron/neutron/api/v2/base.py:730}}
Sep 09 06:44:13.241583 dv-cinder-733062-23-iscsi neutron-server[100951]: DEBUG neutron.db.agents_db [None req-ca5589dd-e7a3-48df-8c7a-7245790a4612 None None] Agent healthcheck: found 6 active agents {{(pid=100951) agent_health_check /opt/stack/neutron/neutron/db/agents_db.py:317}}
Sep 09 06:44:13.264835 dv-cinder-733062-23-iscsi neutron-server[100950]: DEBUG neutron.plugins.ml2.plugin [None req-47158f6e-5333-4fd1-ae25-362702dd8e20 None None] Port 1e820f3e-9d82-4544-b958-b2a6bd1e22be cannot update to ACTIVE because it is not bound. {{(pid=100950) _port_provisioned /opt/stack/neutron/neutron/plugins/ml2/plugin.py:337}}
Sep 09 06:44:13.273355 dv-cinder-733062-23-iscsi neutron-server[100950]: DEBUG neutron_lib.callbacks.manager [None req-5b1d1e43-f7f0-4f35-830f-f2f2084758a5 None None] Notify callbacks ['neutron.plugins.ml2.plugin.SecurityGroupServerNotifierRpcMixin._notify_sg_on_port_change-1448291', 'neutron.plugins.ml2.ovo_rpc._ObjectChangeHandler.handle_event-2016165', 'neutron.api.rpc.agentnotifiers.dhcp_rpc_agent_api.DhcpAgentNotifyAPI._native_event_send_dhcp_notification-1636153', 'neutron.db.l3_db.L3RpcNotifierMixin._notify_gateway_port_ip_changed-8729387901206', 'neutron.db.l3_dvrscheduler_db._notify_l3_agent_port_update-8729387397587', 'neutron.db.l3_hascheduler_db._notify_l3_agent_ha_port_update-8729387397605'] for port, after_update {{(pid=100950) _notify_loop /usr/local/lib/python3.8/dist-packages/neutron_lib/callbacks/manager.py:192}}
Sep 09 06:44:13.284380 dv-cinder-733062-23-iscsi neutron-server[100948]: DEBUG neutron.pecan_wsgi.hooks.quota_enforcement [req-bf7832fe-630a-4861-8027-ada34297a062 req-c87b7c9f-fd24-4f89-8532-1315ef61e7bb tempest-DeleteServersTestJSON-1052019469 tempest-DeleteServersTestJSON-1052019469-project] Made reservation on behalf of a0b5a71236c84d5980c25c4deeecac31 for: {'port': 1} {{(pid=100948) before /opt/stack/neutron/neutron/pecan_wsgi/hooks/quota_enforcement.py:53}}
Sep 09 06:44:13.290090 dv-cinder-733062-23-iscsi neutron-server[100948]: DEBUG neutron_lib.callbacks.manager [req-bf7832fe-630a-4861-8027-ada34297a062 req-c87b7c9f-fd24-4f89-8532-1315ef61e7bb tempest-DeleteServersTestJSON-1052019469 tempest-DeleteServersTestJSON-1052019469-project] Notify callbacks ['neutron.plugins.ml2.plugin.SecurityGroupDbMixin._ensure_default_security_group_handler-1448236'] for port, before_create {{(pid=100948) _notify_loop /usr/local/lib/python3.8/dist-packages/neutron_lib/callbacks/manager.py:192}}
Sep 09 06:44:13.298280 dv-cinder-733062-23-iscsi neutron-server[100950]: DEBUG neutron_lib.callbacks.manager [None req-915c2764-6ded-4a84-a8bd-560de37a186b None None] Notify callbacks ['neutron.services.segments.db._update_segment_host_mapping_for_agent-8729387697547', 'neutron.plugins.ml2.plugin.Ml2Plugin._retry_binding_revived_agents-1476405'] for agent, after_update {{(pid=100950) _notify_loop /usr/local/lib/python3.8/dist-packages/neutron_lib/callbacks/manager.py:192}}
Sep 09 06:44:13.384581 dv-cinder-733062-23-iscsi neutron-server[100950]: DEBUG neutron_lib.callbacks.manager [None req-d0f0bd77-f5f3-42fe-8bef-260008c41590 None None] Notify callbacks ['neutron.plugins.ml2.plugin.SecurityGroupDbMixin._ensure_default_security_group_handler-1448236'] for port, before_update {{(pid=100950) _notify_loop /usr/local/lib/python3.8/dist-packages/neutron_lib/callbacks/manager.py:192}}
Sep 09 06:44:13.424649 dv-cinder-733062-23-iscsi neutron-server[100948]: DEBUG neutron_lib.callbacks.manager [None req-76c2f6e4-6c3e-4af3-9a99-e89721f9e6d9 tempest-AttachVolumeShelveTestJSON-1568339596 tempest-AttachVolumeShelveTestJSON-1568339596-project] Notify callbacks [] for security_group, before_create {{(pid=100948) _notify_loop /usr/local/lib/python3.8/dist-packages/neutron_lib/callbacks/manager.py:192}}
Sep 09 06:44:13.459870 dv-cinder-733062-23-iscsi neutron-server[100949]: DEBUG neutron_lib.callbacks.manager [None req-f56da01e-4f07-4560-a27c-3504b842e44c admin admin] Notify callbacks [] for port, precommit_update {{(pid=100949) _notify_loop /usr/local/lib/python3.8/dist-packages/neutron_lib/callbacks/manager.py:192}}
Sep 09 06:44:13.499684 dv-cinder-733062-23-iscsi neutron-server[100950]: DEBUG neutron.plugins.ml2.db [None req-d0f0bd77-f5f3-42fe-8bef-260008c41590 None None] For port 43ab4fc4-dbc6-483b-8a83-bec170d046f2, host dv-cinder-733062-23-iscsi, got binding levels [PortBindingLevel(driver='openvswitch',host='dv-cinder-733062-23-iscsi',level=0,port_id=43ab4fc4-dbc6-483b-8a83-bec170d046f2,segment=NetworkSegment(890d2c31-8dd0-4c43-995a-0b2bf76f63af),segment_id=890d2c31-8dd0-4c43-995a-0b2bf76f63af)] {{(pid=100950) get_binding_level_objs /opt/stack/neutron/neutron/plugins/ml2/db.py:74}}
Sep 09 06:44:13.500434 dv-cinder-733062-23-iscsi neutron-server[100949]: DEBUG neutron.wsgi [-] (100949) accepted ('10.222.0.37', 52200) {{(pid=100949) server /usr/local/lib/python3.8/dist-packages/eventlet/wsgi.py:982}}
Sep 09 06:44:13.526652 dv-cinder-733062-23-iscsi neutron-server[100949]: DEBUG neutron_lib.callbacks.manager [None req-f56da01e-4f07-4560-a27c-3504b842e44c admin admin] Notify callbacks ['neutron.plugins.ml2.plugin.SecurityGroupServerNotifierRpcMixin._notify_sg_on_port_change-1448291', 'neutron.plugins.ml2.ovo_rpc._ObjectChangeHandler.handle_event-2016165', 'neutron.api.rpc.agentnotifiers.dhcp_rpc_agent_api.DhcpAgentNotifyAPI._native_event_send_dhcp_notification-1636153', 'neutron.db.l3_db.L3RpcNotifierMixin._notify_gateway_port_ip_changed-8729387901206', 'neutron.db.l3_dvrscheduler_db._notify_l3_agent_port_update-8729387397587', 'neutron.db.l3_hascheduler_db._notify_l3_agent_ha_port_update-8729387397605'] for port, after_update {{(pid=100949) _notify_loop /usr/local/lib/python3.8/dist-packages/neutron_lib/callbacks/manager.py:192}}
Sep 09 06:44:13.527604 dv-cinder-733062-23-iscsi neutron-server[100949]: DEBUG neutron_lib.callbacks.manager [None req-f56da01e-4f07-4560-a27c-3504b842e44c admin admin] Notify callbacks ['neutron.api.rpc.agentnotifiers.dhcp_rpc_agent_api.DhcpAgentNotifyAPI._after_router_interface_created-1575875', 'neutron.services.l3_router.l3_router_plugin.DVRResourceOperationHandler._update_snat_v6_addrs_after_intf_update-1692165'] for router_interface, after_create {{(pid=100949) _notify_loop /usr/local/lib/python3.8/dist-packages/neutron_lib/callbacks/manager.py:192}}
Sep 09 06:44:13.529881 dv-cinder-733062-23-iscsi neutron-server[100951]: DEBUG neutron.db.l3_hamode_db [None req-98b30511-db4f-4ed3-8223-8f53a424fbff None None] neutron.services.l3_router.l3_router_plugin.L3RouterPlugin method _process_sync_ha_data called with arguments (, [{'id': '63e49982-bb02-4c16-b052-78d8b3816ca7', 'name': 'tempest-ServerRescueNegativeTestJSON-290232247-router', 'tenant_id': '65636dc8e6084a19aa10122089ea0905', 'admin_state_up': True, 'status': 'ACTIVE', 'external_gateway_info': {'network_id': '758a4400-b375-4fc0-bc0a-97bb0c7f3255', 'external_fixed_ips': [{'subnet_id': '8069be9b-3054-40da-ac1c-5c9a35251f6e', 'ip_address': '172.27.0.12'}], 'enable_snat': True}, 'gw_port_id': 'e77d1fbd-5cfa-4492-90f8-6d9691a5cf8f', 'description': '', 'availability_zones': ['nova'], 'distributed': False, 'ha': False, 'ha_vr_id': 0, 'availability_zone_hints': [], 'routes': [], 'flavor_id': None, 'tags': [], 'created_at': '2021-09-09T06:44:02Z', 'updated_at': '2021-09-09T06:44:09Z', 'revision_number': 4, 'project_id': '65636dc8e6084a19aa10122089ea0905', 'gw_port': {'id': 'e77d1fbd-5cfa-4492-90f8-6d9691a5cf8f', 'name': '', 'network_id': '758a4400-b375-4fc0-bc0a-97bb0c7f3255', 'tenant_id': '', 'mac_address': 'fa:16:3e:79:00:a8', 'admin_state_up': True, 'status': 'ACTIVE', 'device_id': '63e49982-bb02-4c16-b052-78d8b3816ca7', 'device_owner': 'network:router_gateway', 'standard_attr_id': 79, 'fixed_ips': [{'subnet_id': '8069be9b-3054-40da-ac1c-5c9a35251f6e', 'ip_address': '172.27.0.12', 'prefixlen': 24}], 'allowed_address_pairs': [], 'extra_dhcp_opts': [], 'security_groups': [], 'description': '', 'binding:vnic_type': 'normal', 'binding:profile': {}, 'binding:host_id': 'dv-cinder-733062-23-iscsi', 'binding:vif_type': 'ovs', 'binding:vif_details': {'connectivity': 'l2', 'port_filter': True, 'ovs_hybrid_plug': False, 'datapath_type': 'system', 'bridge_name': 'br-int'}, 'port_security_enabled': False, 'tags': [], 'created_at': '2021-09-09T06:44:04Z', 'updated_at': '2021-09-09T06:44:10Z', 'revision_number': 4, 'project_id': '', 'subnets': [{'id': '8069be9b-3054-40da-ac1c-5c9a35251f6e', 'cidr': '172.27.0.0/24', 'gateway_ip': '172.27.0.1', 'dns_nameservers': [], 'ipv6_ra_mode': None, 'subnetpool_id': None}], 'extra_subnets': [], 'address_scopes': {4: None, 6: None}, 'mtu': 1500}, 'enable_snat': True, 'gw_port_host': 'dv-cinder-733062-23-iscsi', '_interfaces': [{'id': 'c77bc37a-48db-485d-b7e1-22a87f17f140', 'name': '', 'network_id': '37a48731-a8f9-4aa5-b1f8-e2fd570aa3a3', 'tenant_id': '65636dc8e6084a19aa10122089ea0905', 'mac_address': 'fa:16:3e:60:c2:b3', 'admin_state_up': True, 'status': 'DOWN', 'device_id': '63e49982-bb02-4c16-b052-78d8b3816ca7', 'device_owner': 'network:router_interface', 'standard_attr_id': 91, 'fixed_ips': [{'subnet_id': '99ffa070-c585-4635-8b99-26f0fb1ec8b1', 'ip_address': '172.20.0.1', 'prefixlen': 28}], 'allowed_address_pairs': [], 'extra_dhcp_opts': [], 'security_groups': [], 'description': '', 'binding:vnic_type': 'normal', 'binding:profile': {}, 'binding:host_id': '', 'binding:vif_type': 'unbound', 'binding:vif_details': {}, 'port_security_enabled': False, 'tags': [], 'created_at': '2021-09-09T06:44:07Z', 'updated_at': '2021-09-09T06:44:09Z', 'revision_number': 2, 'project_id': '65636dc8e6084a19aa10122089ea0905', 'subnets': [{'id': '99ffa070-c585-4635-8b99-26f0fb1ec8b1', 'cidr': '172.20.0.0/28', 'gateway_ip': '172.20.0.1', 'dns_nameservers': [], 'ipv6_ra_mode': None, 'subnetpool_id': None}], 'extra_subnets': [], 'address_scopes': {4: None, 6: None}, 'mtu': 1500}]}], 'dv-cinder-733062-23-iscsi', False) {} {{(pid=100951) wrapper /usr/local/lib/python3.8/dist-packages/oslo_log/helpers.py:65}}
Sep 09 06:44:13.619481 dv-cinder-733062-23-iscsi neutron-server[100950]: DEBUG neutron_lib.callbacks.manager [None req-d0f0bd77-f5f3-42fe-8bef-260008c41590 None None] Notify callbacks ['neutron.plugins.ml2.plugin.SecurityGroupServerNotifierRpcMixin._notify_sg_on_port_change-1448291', 'neutron.plugins.ml2.ovo_rpc._ObjectChangeHandler.handle_event-2016165', 'neutron.api.rpc.agentnotifiers.dhcp_rpc_agent_api.DhcpAgentNotifyAPI._native_event_send_dhcp_notification-1636153', 'neutron.db.l3_db.L3RpcNotifierMixin._notify_gateway_port_ip_changed-8729387901206', 'neutron.db.l3_dvrscheduler_db._notify_l3_agent_port_update-8729387397587', 'neutron.db.l3_hascheduler_db._notify_l3_agent_ha_port_update-8729387397605'] for port, after_update {{(pid=100950) _notify_loop /usr/local/lib/python3.8/dist-packages/neutron_lib/callbacks/manager.py:192}}
Sep 09 06:44:13.619735 dv-cinder-733062-23-iscsi neutron-server[100951]: DEBUG neutron.api.rpc.handlers.l3_rpc [None req-98b30511-db4f-4ed3-8223-8f53a424fbff None None] Checking router: 63e49982-bb02-4c16-b052-78d8b3816ca7 for host: dv-cinder-733062-23-iscsi {{(pid=100951) _ensure_host_set_on_ports /opt/stack/neutron/neutron/api/rpc/handlers/l3_rpc.py:155}}
Sep 09 06:44:13.619735 dv-cinder-733062-23-iscsi neutron-server[100951]: DEBUG neutron.api.rpc.handlers.l3_rpc [None req-98b30511-db4f-4ed3-8223-8f53a424fbff None None] Updating router 63e49982-bb02-4c16-b052-78d8b3816ca7 port c77bc37a-48db-485d-b7e1-22a87f17f140 binding host dv-cinder-733062-23-iscsi {{(pid=100951) _ensure_host_set_on_port /opt/stack/neutron/neutron/api/rpc/handlers/l3_rpc.py:205}}
Sep 09 06:44:13.620259 dv-cinder-733062-23-iscsi neutron-server[100950]: DEBUG neutron.plugins.ml2.rpc [None req-d0f0bd77-f5f3-42fe-8bef-260008c41590 None None] Device e77d1fbd-5cfa-4492-90f8-6d9691a5cf8f up at agent ovs-agent-dv-cinder-733062-23-iscsi {{(pid=100950) update_device_up /opt/stack/neutron/neutron/plugins/ml2/rpc.py:296}}
Sep 09 06:44:13.639060 dv-cinder-733062-23-iscsi neutron-server[100950]: DEBUG neutron.api.rpc.handlers.resources_rpc [None req-073753fc-3757-4188-b8f0-528598311fe7 None None] Pushing event updated for resources: {'Port': ['ID=99b29230-b77e-4f50-bbe4-e9fc3b235d3a,revision_number=3']} {{(pid=100950) push /opt/stack/neutron/neutron/api/rpc/handlers/resources_rpc.py:237}}
Sep 09 06:44:13.695077 dv-cinder-733062-23-iscsi neutron-server[100951]: DEBUG neutron_lib.callbacks.manager [None req-98b30511-db4f-4ed3-8223-8f53a424fbff None None] Notify callbacks ['neutron.plugins.ml2.plugin.SecurityGroupDbMixin._ensure_default_security_group_handler-1448236'] for port, before_update {{(pid=100951) _notify_loop /usr/local/lib/python3.8/dist-packages/neutron_lib/callbacks/manager.py:192}}
Sep 09 06:44:13.889713 dv-cinder-733062-23-iscsi neutron-server[100950]: DEBUG neutron.api.rpc.handlers.resources_rpc [None req-d0f0bd77-f5f3-42fe-8bef-260008c41590 None None] Pushing event updated for resources: {'Port': ['ID=43ab4fc4-dbc6-483b-8a83-bec170d046f2,revision_number=4']} {{(pid=100950) push /opt/stack/neutron/neutron/api/rpc/handlers/resources_rpc.py:237}}
Sep 09 06:44:13.934817 dv-cinder-733062-23-iscsi neutron-server[100950]: DEBUG neutron.plugins.ml2.managers [None req-5b1d1e43-f7f0-4f35-830f-f2f2084758a5 None None] Attempting to bind port 99b29230-b77e-4f50-bbe4-e9fc3b235d3a on host dv-cinder-733062-23-iscsi for vnic_type normal with profile {{(pid=100950) bind_port /opt/stack/neutron/neutron/plugins/ml2/managers.py:790}}
Sep 09 06:44:13.935216 dv-cinder-733062-23-iscsi neutron-server[100950]: DEBUG neutron.plugins.ml2.managers [None req-5b1d1e43-f7f0-4f35-830f-f2f2084758a5 None None] Attempting to bind port 99b29230-b77e-4f50-bbe4-e9fc3b235d3a by drivers openvswitch,hyperv on host dv-cinder-733062-23-iscsi at level 0 using segments [{'id': 'e8f980e8-6471-44ca-8ef8-02519754ad77', 'network_type': 'vlan', 'physical_network': 'physnet1', 'segmentation_id': 83, 'network_id': 'c77217ea-2393-4c7d-9c72-d25c3a3f3cdc'}] {{(pid=100950) _bind_port_level /opt/stack/neutron/neutron/plugins/ml2/managers.py:815}}
Sep 09 06:44:13.935601 dv-cinder-733062-23-iscsi neutron-server[100950]: DEBUG neutron.plugins.ml2.drivers.mech_agent [None req-5b1d1e43-f7f0-4f35-830f-f2f2084758a5 None None] Attempting to bind port 99b29230-b77e-4f50-bbe4-e9fc3b235d3a on network c77217ea-2393-4c7d-9c72-d25c3a3f3cdc {{(pid=100950) bind_port /opt/stack/neutron/neutron/plugins/ml2/drivers/mech_agent.py:85}}
Sep 09 06:44:13.970697 dv-cinder-733062-23-iscsi neutron-server[100950]: DEBUG neutron.plugins.ml2.drivers.mech_agent [None req-5b1d1e43-f7f0-4f35-830f-f2f2084758a5 None None] Checking agent: {'id': '9b671f5a-b42e-46fe-b977-e6b067deb2ca', 'agent_type': 'Open vSwitch agent', 'binary': 'neutron-openvswitch-agent', 'topic': 'N/A', 'host': 'dv-cinder-733062-23-iscsi', 'admin_state_up': True, 'created_at': datetime.datetime(2021, 9, 9, 6, 36, 10), 'started_at': datetime.datetime(2021, 9, 9, 6, 36, 40), 'heartbeat_timestamp': datetime.datetime(2021, 9, 9, 6, 44, 10), 'description': None, 'resources_synced': None, 'availability_zone': None, 'alive': True, 'configurations': {'arp_responder_enabled': False, 'baremetal_smartnic': False, 'bridge_mappings': {'physnet1': 'br-data'}, 'datapath_type': 'system', 'devices': 0, 'enable_distributed_routing': False, 'extensions': [], 'in_distributed_mode': False, 'integration_bridge': 'br-int', 'l2_population': False, 'log_agent_heartbeats': False, 'ovs_capabilities': {'datapath_types': ['netdev', 'system'], 'iface_types': ['erspan', 'geneve', 'gre', 'internal', 'ip6erspan', 'ip6gre', 'lisp', 'patch', 'stt', 'system', 'tap', 'vxlan']}, 'ovs_hybrid_plug': False, 'resource_provider_bandwidths': {}, 'resource_provider_hypervisors': {'br-data': 'dv-cinder-733062-23-iscsi'}, 'resource_provider_inventory_defaults': {'allocation_ratio': 1.0, 'min_unit': 1, 'step_size': 1, 'reserved': 0}, 'tunnel_types': [], 'tunneling_ip': None, 'vhostuser_socket_dir': '/var/run/openvswitch'}, 'resource_versions': {'AddressGroup': '1.2', 'ConntrackHelper': '1.0', 'Log': '1.0', 'Network': '1.1', 'Port': '1.7', 'PortForwarding': '1.2', 'QosPolicy': '1.9', 'SecurityGroup': '1.4', 'SecurityGroupRule': '1.2', 'SubPort': '1.0', 'Subnet': '1.1', 'Trunk': '1.1'}} {{(pid=100950) bind_port /opt/stack/neutron/neutron/plugins/ml2/drivers/mech_agent.py:104}}
Sep 09 06:44:13.971531 dv-cinder-733062-23-iscsi neutron-server[100950]: DEBUG neutron.plugins.ml2.drivers.mech_agent [None req-5b1d1e43-f7f0-4f35-830f-f2f2084758a5 None None] Checking segment: {'id': 'e8f980e8-6471-44ca-8ef8-02519754ad77', 'network_type': 'vlan', 'physical_network': 'physnet1', 'segmentation_id': 83, 'network_id': 'c77217ea-2393-4c7d-9c72-d25c3a3f3cdc'} for mappings: {'physnet1': 'br-data'} with network types: ['local', 'flat', 'vlan'] {{(pid=100950) check_segment_for_agent /opt/stack/neutron/neutron/plugins/ml2/drivers/mech_agent.py:352}}
Sep 09 06:44:13.972266 dv-cinder-733062-23-iscsi neutron-server[100950]: DEBUG neutron_lib.callbacks.manager [None req-5b1d1e43-f7f0-4f35-830f-f2f2084758a5 None None] Notify callbacks [] for ovs_bridge_name, before_read {{(pid=100950) _notify_loop /usr/local/lib/python3.8/dist-packages/neutron_lib/callbacks/manager.py:192}}
Sep 09 06:44:13.972813 dv-cinder-733062-23-iscsi neutron-server[100950]: DEBUG neutron.plugins.ml2.drivers.mech_agent [None req-5b1d1e43-f7f0-4f35-830f-f2f2084758a5 None None] Bound using segment: {'id': 'e8f980e8-6471-44ca-8ef8-02519754ad77', 'network_type': 'vlan', 'physical_network': 'physnet1', 'segmentation_id': 83, 'network_id': 'c77217ea-2393-4c7d-9c72-d25c3a3f3cdc'} {{(pid=100950) bind_port /opt/stack/neutron/neutron/plugins/ml2/drivers/mech_agent.py:114}}
Sep 09 06:44:13.973451 dv-cinder-733062-23-iscsi neutron-server[100950]: DEBUG neutron.plugins.ml2.managers [None req-5b1d1e43-f7f0-4f35-830f-f2f2084758a5 None None] Bound port: 99b29230-b77e-4f50-bbe4-e9fc3b235d3a, host: dv-cinder-733062-23-iscsi, vif_type: ovs, vif_details: {"connectivity": "l2", "port_filter": true, "ovs_hybrid_plug": false, "datapath_type": "system", "bridge_name": "br-int"}, binding_levels: [{'bound_driver': 'openvswitch', 'bound_segment': {'id': 'e8f980e8-6471-44ca-8ef8-02519754ad77', 'network_type': 'vlan', 'physical_network': 'physnet1', 'segmentation_id': 83, 'network_id': 'c77217ea-2393-4c7d-9c72-d25c3a3f3cdc'}}] {{(pid=100950) _bind_port_level /opt/stack/neutron/neutron/plugins/ml2/managers.py:928}}
Sep 09 06:44:13.974175 dv-cinder-733062-23-iscsi neutron-server[100950]: DEBUG neutron_lib.callbacks.manager [None req-5b1d1e43-f7f0-4f35-830f-f2f2084758a5 None None] Notify callbacks ['neutron.plugins.ml2.plugin.SecurityGroupDbMixin._ensure_default_security_group_handler-1448236'] for port, before_update {{(pid=100950) _notify_loop /usr/local/lib/python3.8/dist-packages/neutron_lib/callbacks/manager.py:192}}
Sep 09 06:44:14.031798 dv-cinder-733062-23-iscsi neutron-server[100950]: DEBUG neutron.db.provisioning_blocks [None req-d0f0bd77-f5f3-42fe-8bef-260008c41590 None None] Provisioning complete for port e77d1fbd-5cfa-4492-90f8-6d9691a5cf8f triggered by entity L2. {{(pid=100950) provisioning_complete /opt/stack/neutron/neutron/db/provisioning_blocks.py:139}}
Sep 09 06:44:14.036318 dv-cinder-733062-23-iscsi neutron-server[100950]: DEBUG neutron_lib.callbacks.manager [None req-d0f0bd77-f5f3-42fe-8bef-260008c41590 None None] Notify callbacks ['neutron.plugins.ml2.plugin.Ml2Plugin._port_provisioned-1505496'] for port, provisioning_complete {{(pid=100950) _notify_loop /usr/local/lib/python3.8/dist-packages/neutron_lib/callbacks/manager.py:192}}
Sep 09 06:44:14.122470 dv-cinder-733062-23-iscsi neutron-server[100950]: DEBUG neutron.plugins.ml2.db [None req-5b1d1e43-f7f0-4f35-830f-f2f2084758a5 None None] For port 99b29230-b77e-4f50-bbe4-e9fc3b235d3a, host dv-cinder-733062-23-iscsi, cleared binding levels {{(pid=100950) clear_binding_levels /opt/stack/neutron/neutron/plugins/ml2/db.py:87}}
Sep 09 06:44:14.127809 dv-cinder-733062-23-iscsi neutron-server[100950]: DEBUG neutron.plugins.ml2.db [None req-5b1d1e43-f7f0-4f35-830f-f2f2084758a5 None None] For port 99b29230-b77e-4f50-bbe4-e9fc3b235d3a, host dv-cinder-733062-23-iscsi, set binding levels [PortBindingLevel(driver='openvswitch',host='dv-cinder-733062-23-iscsi',level=0,port_id=99b29230-b77e-4f50-bbe4-e9fc3b235d3a,segment=NetworkSegment(e8f980e8-6471-44ca-8ef8-02519754ad77),segment_id=e8f980e8-6471-44ca-8ef8-02519754ad77)] {{(pid=100950) set_binding_levels /opt/stack/neutron/neutron/plugins/ml2/db.py:59}}
Sep 09 06:44:14.225696 dv-cinder-733062-23-iscsi neutron-server[100950]: DEBUG neutron_lib.callbacks.manager [None req-5b1d1e43-f7f0-4f35-830f-f2f2084758a5 None None] Notify callbacks ['neutron.plugins.ml2.plugin.SecurityGroupServerNotifierRpcMixin._notify_sg_on_port_change-1448291', 'neutron.plugins.ml2.ovo_rpc._ObjectChangeHandler.handle_event-2016165', 'neutron.api.rpc.agentnotifiers.dhcp_rpc_agent_api.DhcpAgentNotifyAPI._native_event_send_dhcp_notification-1636153', 'neutron.db.l3_db.L3RpcNotifierMixin._notify_gateway_port_ip_changed-8729387901206', 'neutron.db.l3_dvrscheduler_db._notify_l3_agent_port_update-8729387397587', 'neutron.db.l3_hascheduler_db._notify_l3_agent_ha_port_update-8729387397605'] for port, after_update {{(pid=100950) _notify_loop /usr/local/lib/python3.8/dist-packages/neutron_lib/callbacks/manager.py:192}}
Sep 09 06:44:14.355592 dv-cinder-733062-23-iscsi neutron-server[100948]: DEBUG neutron.db.db_base_plugin_common [req-bf7832fe-630a-4861-8027-ada34297a062 req-c87b7c9f-fd24-4f89-8532-1315ef61e7bb tempest-DeleteServersTestJSON-1052019469 tempest-DeleteServersTestJSON-1052019469-project] Allocated IP 172.20.0.13 (8b52e1da-9127-4638-a52a-4b9460e15b26/7f6f020b-e4fc-4142-8fbd-979e97733bf4/f4d99e2b-3fc4-47b4-b2d3-53a0f8a19ad8) {{(pid=100948) _store_ip_allocation /opt/stack/neutron/neutron/db/db_base_plugin_common.py:131}}
Sep 09 06:44:14.527193 dv-cinder-733062-23-iscsi neutron-server[100949]: DEBUG neutron_lib.callbacks.manager [None req-2dbc65ec-15cb-4c0b-a83e-3574194fc315 admin admin] Notify callbacks [] for security_group, before_create {{(pid=100949) _notify_loop /usr/local/lib/python3.8/dist-packages/neutron_lib/callbacks/manager.py:192}}
Sep 09 06:44:14.572176 dv-cinder-733062-23-iscsi neutron-server[100948]: DEBUG neutron_lib.callbacks.manager [None req-76c2f6e4-6c3e-4af3-9a99-e89721f9e6d9 tempest-AttachVolumeShelveTestJSON-1568339596 tempest-AttachVolumeShelveTestJSON-1568339596-project] Notify callbacks [] for security_group, precommit_create {{(pid=100948) _notify_loop /usr/local/lib/python3.8/dist-packages/neutron_lib/callbacks/manager.py:192}}
Sep 09 06:44:14.596281 dv-cinder-733062-23-iscsi neutron-server[100951]: DEBUG neutron_lib.callbacks.manager [None req-98b30511-db4f-4ed3-8223-8f53a424fbff None None] Notify callbacks [] for port, precommit_update {{(pid=100951) _notify_loop /usr/local/lib/python3.8/dist-packages/neutron_lib/callbacks/manager.py:192}}
Sep 09 06:44:14.638918 dv-cinder-733062-23-iscsi neutron-server[100951]: DEBUG neutron.db.provisioning_blocks [None req-98b30511-db4f-4ed3-8223-8f53a424fbff None None] Transition to ACTIVE for port object c77bc37a-48db-485d-b7e1-22a87f17f140 will not be triggered until provisioned by entity L2. {{(pid=100951) add_provisioning_component /opt/stack/neutron/neutron/db/provisioning_blocks.py:73}}
Sep 09 06:44:14.661482 dv-cinder-733062-23-iscsi neutron-server[100950]: DEBUG neutron.api.rpc.handlers.resources_rpc [None req-073753fc-3757-4188-b8f0-528598311fe7 None None] Pushing event updated for resources: {'Port': ['ID=99b29230-b77e-4f50-bbe4-e9fc3b235d3a,revision_number=4']} {{(pid=100950) push /opt/stack/neutron/neutron/api/rpc/handlers/resources_rpc.py:237}}
Sep 09 06:44:14.670020 dv-cinder-733062-23-iscsi neutron-server[100948]: DEBUG neutron_lib.callbacks.manager [None req-76c2f6e4-6c3e-4af3-9a99-e89721f9e6d9 tempest-AttachVolumeShelveTestJSON-1568339596 tempest-AttachVolumeShelveTestJSON-1568339596-project] Notify callbacks ['neutron.plugins.ml2.ovo_rpc._ObjectChangeHandler.handle_event-1581529'] for security_group, after_create {{(pid=100948) _notify_loop /usr/local/lib/python3.8/dist-packages/neutron_lib/callbacks/manager.py:192}}
Sep 09 06:44:14.680750 dv-cinder-733062-23-iscsi neutron-server[100950]: DEBUG neutron.plugins.ml2.rpc [None req-d0f0bd77-f5f3-42fe-8bef-260008c41590 None None] Device 43ab4fc4-dbc6-483b-8a83-bec170d046f2 up at agent ovs-agent-dv-cinder-733062-23-iscsi {{(pid=100950) update_device_up /opt/stack/neutron/neutron/plugins/ml2/rpc.py:296}}
Sep 09 06:44:14.691706 dv-cinder-733062-23-iscsi neutron-server[100949]: INFO neutron.wsgi [req-39553a48-cc91-4edb-9c82-e120971bc1e6 req-e0885c7c-94fb-40f7-b7a7-eea5631631d5 tempest-DeleteServersTestJSON-1052019469 tempest-DeleteServersTestJSON-1052019469-project] 10.222.0.37 "GET /v2.0/ports?device_id=df292889-3db1-414c-ab0a-61f7c3bd3980 HTTP/1.1" status: 200 len: 210 time: 0.3646398
Sep 09 06:44:14.692346 dv-cinder-733062-23-iscsi neutron-server[100949]: DEBUG neutron.api.rpc.handlers.resources_rpc [None req-f56da01e-4f07-4560-a27c-3504b842e44c admin admin] Pushing event updated for resources: {'Port': ['ID=1e820f3e-9d82-4544-b958-b2a6bd1e22be,revision_number=2']} {{(pid=100949) push /opt/stack/neutron/neutron/api/rpc/handlers/resources_rpc.py:237}}
Sep 09 06:44:14.732798 dv-cinder-733062-23-iscsi neutron-server[100948]: DEBUG neutron.api.rpc.handlers.resources_rpc [None req-76c2f6e4-6c3e-4af3-9a99-e89721f9e6d9 tempest-AttachVolumeShelveTestJSON-1568339596 tempest-AttachVolumeShelveTestJSON-1568339596-project] Pushing event updated for resources: {'SecurityGroup': ['ID=f80e5474-0a46-47f1-9457-69842ad6a5b7,revision_number=1']} {{(pid=100948) push /opt/stack/neutron/neutron/api/rpc/handlers/resources_rpc.py:237}}
Sep 09 06:44:14.733021 dv-cinder-733062-23-iscsi neutron-server[100951]: DEBUG neutron_lib.callbacks.manager [None req-98b30511-db4f-4ed3-8223-8f53a424fbff None None] Notify callbacks ['neutron.plugins.ml2.plugin.SecurityGroupServerNotifierRpcMixin._notify_sg_on_port_change-1448291', 'neutron.plugins.ml2.ovo_rpc._ObjectChangeHandler.handle_event-2016165', 'neutron.api.rpc.agentnotifiers.dhcp_rpc_agent_api.DhcpAgentNotifyAPI._native_event_send_dhcp_notification-1636153', 'neutron.db.l3_db.L3RpcNotifierMixin._notify_gateway_port_ip_changed-8729387901206', 'neutron.db.l3_dvrscheduler_db._notify_l3_agent_port_update-8729387397587', 'neutron.db.l3_hascheduler_db._notify_l3_agent_ha_port_update-8729387397605'] for port, after_update {{(pid=100951) _notify_loop /usr/local/lib/python3.8/dist-packages/neutron_lib/callbacks/manager.py:192}}
Sep 09 06:44:14.807289 dv-cinder-733062-23-iscsi neutron-server[100950]: DEBUG neutron.db.l3_dvrscheduler_db [None req-5b1d1e43-f7f0-4f35-830f-f2f2084758a5 None None] Routers {'5c0bd847-9d05-4a6f-b9ef-15cd4e525a45'} bound to L3 agent in host dv-cinder-733062-23-iscsi {{(pid=100950) _get_router_ids_for_agent /opt/stack/neutron/neutron/db/l3_dvrscheduler_db.py:420}}
Sep 09 06:44:14.808556 dv-cinder-733062-23-iscsi neutron-server[100950]: DEBUG neutron.db.l3_hamode_db [None req-5b1d1e43-f7f0-4f35-830f-f2f2084758a5 None None] neutron.services.l3_router.l3_router_plugin.L3RouterPlugin method get_ha_sync_data_for_host called with arguments (, 'dv-cinder-733062-23-iscsi', Agent(admin_state_up=True,agent_type='L3 agent',availability_zone='nova',binary='neutron-l3-agent',configurations={"agent_mode": "legacy", "ex_gw_ports": 3, "extensions": [], "floating_ips": 0, "handle_internal_only_routers": true, "interface_driver": "openvswitch", "interfaces": 1, "log_agent_heartbeats": false, "routers": 3},created_at=2021-09-09T06:36:09Z,description=,heartbeat_timestamp=2021-09-09T06:44:10Z,host='dv-cinder-733062-23-iscsi',id=a34167c9-5523-4c2f-978f-3cf7d6a65204,load=0,resource_versions=,resources_synced=,started_at=2021-09-09T06:36:10Z,topic='l3_agent')) {'router_ids': ['5c0bd847-9d05-4a6f-b9ef-15cd4e525a45'], 'active': True} {{(pid=100950) wrapper /usr/local/lib/python3.8/dist-packages/oslo_log/helpers.py:65}}
Sep 09 06:44:14.847292 dv-cinder-733062-23-iscsi neutron-server[100948]: DEBUG neutron_lib.callbacks.manager [req-bf7832fe-630a-4861-8027-ada34297a062 req-c87b7c9f-fd24-4f89-8532-1315ef61e7bb tempest-DeleteServersTestJSON-1052019469 tempest-DeleteServersTestJSON-1052019469-project] Notify callbacks [] for port, precommit_create {{(pid=100948) _notify_loop /usr/local/lib/python3.8/dist-packages/neutron_lib/callbacks/manager.py:192}}
Sep 09 06:44:14.884067 dv-cinder-733062-23-iscsi neutron-server[100951]: DEBUG neutron.api.rpc.handlers.resources_rpc [None req-45b0d634-27e4-4fce-a1e4-628950b2862e None None] Pushing event updated for resources: {'Port': ['ID=c77bc37a-48db-485d-b7e1-22a87f17f140,revision_number=3']} {{(pid=100951) push /opt/stack/neutron/neutron/api/rpc/handlers/resources_rpc.py:237}}
Sep 09 06:44:14.912215 dv-cinder-733062-23-iscsi neutron-server[100950]: DEBUG neutron.db.provisioning_blocks [None req-d0f0bd77-f5f3-42fe-8bef-260008c41590 None None] Provisioning complete for port 43ab4fc4-dbc6-483b-8a83-bec170d046f2 triggered by entity L2. {{(pid=100950) provisioning_complete /opt/stack/neutron/neutron/db/provisioning_blocks.py:139}}
Sep 09 06:44:14.912689 dv-cinder-733062-23-iscsi neutron-server[100950]: DEBUG neutron_lib.callbacks.manager [None req-d0f0bd77-f5f3-42fe-8bef-260008c41590 None None] Notify callbacks ['neutron.plugins.ml2.plugin.Ml2Plugin._port_provisioned-1505496'] for port, provisioning_complete {{(pid=100950) _notify_loop /usr/local/lib/python3.8/dist-packages/neutron_lib/callbacks/manager.py:192}}
Sep 09 06:44:14.941870 dv-cinder-733062-23-iscsi neutron-server[100948]: DEBUG neutron.wsgi [-] (100948) accepted ('10.222.0.37', 52268) {{(pid=100948) server /usr/local/lib/python3.8/dist-packages/eventlet/wsgi.py:982}}
Sep 09 06:44:14.982065 dv-cinder-733062-23-iscsi neutron-server[100948]: DEBUG neutron_lib.callbacks.manager [req-bf7832fe-630a-4861-8027-ada34297a062 req-c87b7c9f-fd24-4f89-8532-1315ef61e7bb tempest-DeleteServersTestJSON-1052019469 tempest-DeleteServersTestJSON-1052019469-project] Notify callbacks ['neutron.plugins.ml2.plugin.SecurityGroupServerNotifierRpcMixin._notify_sg_on_port_change-1448291', 'neutron.plugins.ml2.ovo_rpc._ObjectChangeHandler.handle_event-2016165', 'neutron.api.rpc.agentnotifiers.dhcp_rpc_agent_api.DhcpAgentNotifyAPI._native_event_send_dhcp_notification-1636153', 'neutron.db.l3_dvrscheduler_db._notify_l3_agent_new_port-8729387397569'] for port, after_create {{(pid=100948) _notify_loop /usr/local/lib/python3.8/dist-packages/neutron_lib/callbacks/manager.py:192}}
Sep 09 06:44:15.028339 dv-cinder-733062-23-iscsi neutron-server[100949]: DEBUG neutron.scheduler.dhcp_agent_scheduler [None req-f56da01e-4f07-4560-a27c-3504b842e44c admin admin] Network eb33b260-8b94-439e-9f2b-5038f7ad1dd5 is already hosted by enough agents. {{(pid=100949) _get_dhcp_agents_hosting_network /opt/stack/neutron/neutron/scheduler/dhcp_agent_scheduler.py:275}}
Sep 09 06:44:15.033450 dv-cinder-733062-23-iscsi neutron-server[100950]: DEBUG neutron.plugins.ml2.rpc [None req-d0f0bd77-f5f3-42fe-8bef-260008c41590 None None] Device c1be3b36-1c9d-44ba-a85b-77aef0e49ab4 up at agent ovs-agent-dv-cinder-733062-23-iscsi {{(pid=100950) update_device_up /opt/stack/neutron/neutron/plugins/ml2/rpc.py:296}}
Sep 09 06:44:15.076270 dv-cinder-733062-23-iscsi neutron-server[100949]: DEBUG neutron.scheduler.base_scheduler [None req-f56da01e-4f07-4560-a27c-3504b842e44c admin admin] Resources bound (agent type, host, resource id): {{(pid=100949) schedule /opt/stack/neutron/neutron/scheduler/base_scheduler.py:57}}
Sep 09 06:44:15.077671 dv-cinder-733062-23-iscsi neutron-server[100951]: DEBUG neutron.plugins.ml2.managers [None req-98b30511-db4f-4ed3-8223-8f53a424fbff None None] Attempting to bind port c77bc37a-48db-485d-b7e1-22a87f17f140 on host dv-cinder-733062-23-iscsi for vnic_type normal with profile {{(pid=100951) bind_port /opt/stack/neutron/neutron/plugins/ml2/managers.py:790}}
Sep 09 06:44:15.078193 dv-cinder-733062-23-iscsi neutron-server[100951]: DEBUG neutron.plugins.ml2.managers [None req-98b30511-db4f-4ed3-8223-8f53a424fbff None None] Attempting to bind port c77bc37a-48db-485d-b7e1-22a87f17f140 by drivers openvswitch,hyperv on host dv-cinder-733062-23-iscsi at level 0 using segments [{'id': 'cf8bf842-a5ee-4428-859c-f28ab662b96e', 'network_type': 'vlan', 'physical_network': 'physnet1', 'segmentation_id': 63, 'network_id': '37a48731-a8f9-4aa5-b1f8-e2fd570aa3a3'}] {{(pid=100951) _bind_port_level /opt/stack/neutron/neutron/plugins/ml2/managers.py:815}}
Sep 09 06:44:15.079773 dv-cinder-733062-23-iscsi neutron-server[100951]: DEBUG neutron.plugins.ml2.drivers.mech_agent [None req-98b30511-db4f-4ed3-8223-8f53a424fbff None None] Attempting to bind port c77bc37a-48db-485d-b7e1-22a87f17f140 on network 37a48731-a8f9-4aa5-b1f8-e2fd570aa3a3 {{(pid=100951) bind_port /opt/stack/neutron/neutron/plugins/ml2/drivers/mech_agent.py:85}}
