Sep 09 06:44:57.187692 dv-cinder-733062-23-iscsi devstack@c-api.service[107825]: [pid: 107825|app: 0|req: 155/332] 10.222.0.37 () {58 vars in 1325 bytes} [Thu Sep 9 06:44:57 2021] GET /volume/v3/a0b5a71236c84d5980c25c4deeecac31/volumes/1a0c30c7-793f-4541-9ccc-cf0e5ca38352 => generated 913 bytes in 48 msecs (HTTP/1.1 200) 7 headers in 285 bytes (1 switches on core 0)
Sep 09 06:44:57.188632 dv-cinder-733062-23-iscsi devstack@c-api.service[107824]: INFO cinder.api.openstack.wsgi [None req-495d23cf-b101-4591-8e17-610bd514607f tempest-VolumesMetadataTest-1529806900 tempest-VolumesMetadataTest-1529806900-project] GET http://10.222.0.37/volume/v3/a1bce1fc4c744f769d3038f688255afa/volumes/5c7cf87e-2dbc-4ba6-8e3c-310ae405f0ca
Sep 09 06:44:57.189074 dv-cinder-733062-23-iscsi devstack@c-api.service[107824]: DEBUG cinder.api.openstack.wsgi [None req-495d23cf-b101-4591-8e17-610bd514607f tempest-VolumesMetadataTest-1529806900 tempest-VolumesMetadataTest-1529806900-project] Empty body provided in request {{(pid=107824) get_body /opt/stack/cinder/cinder/api/openstack/wsgi.py:703}}
Sep 09 06:44:57.189248 dv-cinder-733062-23-iscsi devstack@c-api.service[107824]: /usr/local/lib/python3.8/dist-packages/webob/acceptparse.py:1047: DeprecationWarning: The behavior of AcceptValidHeader.best_match is currently being maintained for backward compatibility, but it will be deprecated in the future, as it does not conform to the RFC.
Sep 09 06:44:57.189248 dv-cinder-733062-23-iscsi devstack@c-api.service[107824]: warnings.warn(
Sep 09 06:44:57.189711 dv-cinder-733062-23-iscsi devstack@c-api.service[107824]: DEBUG cinder.api.openstack.wsgi [None req-495d23cf-b101-4591-8e17-610bd514607f tempest-VolumesMetadataTest-1529806900 tempest-VolumesMetadataTest-1529806900-project] Calling method 'show' {{(pid=107824) _process_stack /opt/stack/cinder/cinder/api/openstack/wsgi.py:856}}
Sep 09 06:44:57.203346 dv-cinder-733062-23-iscsi devstack@c-api.service[107824]: /usr/local/lib/python3.8/dist-packages/oslo_context/context.py:105: DeprecationWarning: Policy enforcement is depending on the value of is_admin. This key is deprecated. Please update your policy file to use the standard policy values.
Sep 09 06:44:57.203346 dv-cinder-733062-23-iscsi devstack@c-api.service[107824]: warnings.warn('Policy enforcement is depending on the value of '
Sep 09 06:44:57.210443 dv-cinder-733062-23-iscsi devstack@c-api.service[107824]: INFO cinder.volume.api [None req-495d23cf-b101-4591-8e17-610bd514607f tempest-VolumesMetadataTest-1529806900 tempest-VolumesMetadataTest-1529806900-project] Volume info retrieved successfully.
Sep 09 06:44:57.225068 dv-cinder-733062-23-iscsi devstack@c-api.service[107824]: INFO cinder.api.openstack.wsgi [None req-495d23cf-b101-4591-8e17-610bd514607f tempest-VolumesMetadataTest-1529806900 tempest-VolumesMetadataTest-1529806900-project] http://10.222.0.37/volume/v3/a1bce1fc4c744f769d3038f688255afa/volumes/5c7cf87e-2dbc-4ba6-8e3c-310ae405f0ca returned with HTTP 200
Sep 09 06:44:57.225992 dv-cinder-733062-23-iscsi devstack@c-api.service[107824]: [pid: 107824|app: 0|req: 178/333] 10.222.0.37 () {58 vars in 1325 bytes} [Thu Sep 9 06:44:57 2021] GET /volume/v3/a1bce1fc4c744f769d3038f688255afa/volumes/5c7cf87e-2dbc-4ba6-8e3c-310ae405f0ca => generated 911 bytes in 41 msecs (HTTP/1.1 200) 7 headers in 285 bytes (2 switches on core 0)
Sep 09 06:44:57.367196 dv-cinder-733062-23-iscsi devstack@c-api.service[107825]: INFO cinder.api.openstack.wsgi [None req-7a8690dc-b313-40fb-aa53-e880db20dfe5 tempest-GroupSnapshotsTest-469139260 tempest-GroupSnapshotsTest-469139260-project] GET http://10.222.0.37/volume/v3/1b669e18ae66421e9a26b6657a88b3c1/group_snapshots/a0dd2ce5-74f9-4afe-a357-f47884db86d0
Sep 09 06:44:57.367827 dv-cinder-733062-23-iscsi devstack@c-api.service[107825]: DEBUG cinder.api.openstack.wsgi [None req-7a8690dc-b313-40fb-aa53-e880db20dfe5 tempest-GroupSnapshotsTest-469139260 tempest-GroupSnapshotsTest-469139260-project] Empty body provided in request {{(pid=107825) get_body /opt/stack/cinder/cinder/api/openstack/wsgi.py:703}}
Sep 09 06:44:57.368238 dv-cinder-733062-23-iscsi devstack@c-api.service[107825]: /usr/local/lib/python3.8/dist-packages/webob/acceptparse.py:1047: DeprecationWarning: The behavior of AcceptValidHeader.best_match is currently being maintained for backward compatibility, but it will be deprecated in the future, as it does not conform to the RFC.
Sep 09 06:44:57.368238 dv-cinder-733062-23-iscsi devstack@c-api.service[107825]: warnings.warn(
Sep 09 06:44:57.368699 dv-cinder-733062-23-iscsi devstack@c-api.service[107825]: DEBUG cinder.api.openstack.wsgi [None req-7a8690dc-b313-40fb-aa53-e880db20dfe5 tempest-GroupSnapshotsTest-469139260 tempest-GroupSnapshotsTest-469139260-project] Calling method 'version_select' {{(pid=107825) _process_stack /opt/stack/cinder/cinder/api/openstack/wsgi.py:856}}
Sep 09 06:44:57.369143 dv-cinder-733062-23-iscsi devstack@c-api.service[107825]: DEBUG cinder.api.v3.group_snapshots [None req-7a8690dc-b313-40fb-aa53-e880db20dfe5 tempest-GroupSnapshotsTest-469139260 tempest-GroupSnapshotsTest-469139260-project] show called for member a0dd2ce5-74f9-4afe-a357-f47884db86d0 {{(pid=107825) show /opt/stack/cinder/cinder/api/v3/group_snapshots.py:58}}
Sep 09 06:44:57.374219 dv-cinder-733062-23-iscsi devstack@c-api.service[107825]: /usr/local/lib/python3.8/dist-packages/oslo_context/context.py:105: DeprecationWarning: Policy enforcement is depending on the value of is_admin. This key is deprecated. Please update your policy file to use the standard policy values.
Sep 09 06:44:57.374219 dv-cinder-733062-23-iscsi devstack@c-api.service[107825]: warnings.warn('Policy enforcement is depending on the value of '
Sep 09 06:44:57.379938 dv-cinder-733062-23-iscsi devstack@c-api.service[107825]: INFO cinder.api.openstack.wsgi [None req-7a8690dc-b313-40fb-aa53-e880db20dfe5 tempest-GroupSnapshotsTest-469139260 tempest-GroupSnapshotsTest-469139260-project] http://10.222.0.37/volume/v3/1b669e18ae66421e9a26b6657a88b3c1/group_snapshots/a0dd2ce5-74f9-4afe-a357-f47884db86d0 returned with HTTP 200
Sep 09 06:44:57.384387 dv-cinder-733062-23-iscsi devstack@c-api.service[107825]: [pid: 107825|app: 0|req: 156/334] 10.222.0.37 () {60 vars in 1390 bytes} [Thu Sep 9 06:44:57 2021] GET /volume/v3/1b669e18ae66421e9a26b6657a88b3c1/group_snapshots/a0dd2ce5-74f9-4afe-a357-f47884db86d0 => generated 307 bytes in 21 msecs (HTTP/1.1 200) 7 headers in 286 bytes (1 switches on core 0)
Sep 09 06:44:57.507305 dv-cinder-733062-23-iscsi devstack@c-api.service[107824]: INFO cinder.api.openstack.wsgi [None req-7c27fcfd-1d47-41bf-b322-48e2f0b53d9b tempest-VolumesListAdminTestJSON-1018530780 tempest-VolumesListAdminTestJSON-1018530780-project] GET http://10.222.0.37/volume/v3/f8c65d20fbfe4e64a48253a82174e201/volumes/dfb8b747-afa0-4b62-a41d-b62ce84e314c
Sep 09 06:44:57.507895 dv-cinder-733062-23-iscsi devstack@c-api.service[107824]: DEBUG cinder.api.openstack.wsgi [None req-7c27fcfd-1d47-41bf-b322-48e2f0b53d9b tempest-VolumesListAdminTestJSON-1018530780 tempest-VolumesListAdminTestJSON-1018530780-project] Empty body provided in request {{(pid=107824) get_body /opt/stack/cinder/cinder/api/openstack/wsgi.py:703}}
Sep 09 06:44:57.508160 dv-cinder-733062-23-iscsi devstack@c-api.service[107824]: /usr/local/lib/python3.8/dist-packages/webob/acceptparse.py:1047: DeprecationWarning: The behavior of AcceptValidHeader.best_match is currently being maintained for backward compatibility, but it will be deprecated in the future, as it does not conform to the RFC.
Sep 09 06:44:57.508160 dv-cinder-733062-23-iscsi devstack@c-api.service[107824]: warnings.warn(
Sep 09 06:44:57.509065 dv-cinder-733062-23-iscsi devstack@c-api.service[107824]: DEBUG cinder.api.openstack.wsgi [None req-7c27fcfd-1d47-41bf-b322-48e2f0b53d9b tempest-VolumesListAdminTestJSON-1018530780 tempest-VolumesListAdminTestJSON-1018530780-project] Calling method 'show' {{(pid=107824) _process_stack /opt/stack/cinder/cinder/api/openstack/wsgi.py:856}}
Sep 09 06:44:57.526312 dv-cinder-733062-23-iscsi devstack@c-api.service[107824]: /usr/local/lib/python3.8/dist-packages/oslo_context/context.py:105: DeprecationWarning: Policy enforcement is depending on the value of is_admin. This key is deprecated. Please update your policy file to use the standard policy values.
Sep 09 06:44:57.526312 dv-cinder-733062-23-iscsi devstack@c-api.service[107824]: warnings.warn('Policy enforcement is depending on the value of '
Sep 09 06:44:57.536330 dv-cinder-733062-23-iscsi devstack@c-api.service[107824]: INFO cinder.volume.api [None req-7c27fcfd-1d47-41bf-b322-48e2f0b53d9b tempest-VolumesListAdminTestJSON-1018530780 tempest-VolumesListAdminTestJSON-1018530780-project] Volume info retrieved successfully.
Sep 09 06:44:57.555109 dv-cinder-733062-23-iscsi devstack@c-api.service[107824]: INFO cinder.api.openstack.wsgi [None req-7c27fcfd-1d47-41bf-b322-48e2f0b53d9b tempest-VolumesListAdminTestJSON-1018530780 tempest-VolumesListAdminTestJSON-1018530780-project] http://10.222.0.37/volume/v3/f8c65d20fbfe4e64a48253a82174e201/volumes/dfb8b747-afa0-4b62-a41d-b62ce84e314c returned with HTTP 200
Sep 09 06:44:57.556016 dv-cinder-733062-23-iscsi devstack@c-api.service[107824]: [pid: 107824|app: 0|req: 179/335] 10.222.0.37 () {58 vars in 1325 bytes} [Thu Sep 9 06:44:57 2021] GET /volume/v3/f8c65d20fbfe4e64a48253a82174e201/volumes/dfb8b747-afa0-4b62-a41d-b62ce84e314c => generated 915 bytes in 58 msecs (HTTP/1.1 200) 7 headers in 285 bytes (1 switches on core 0)
Sep 09 06:44:57.612603 dv-cinder-733062-23-iscsi devstack@c-api.service[107825]: INFO cinder.api.openstack.wsgi [None req-85956fb2-6e9e-4236-a2b6-36ed40caf7a5 tempest-GroupsTest-691371882 tempest-GroupsTest-691371882-project] GET http://10.222.0.37/volume/v3/c8fbb1e3067844fd95d7f0819440acef/volumes/2dc970cf-9a43-4c63-9d2e-ebdfa06fdad7
Sep 09 06:44:57.613988 dv-cinder-733062-23-iscsi devstack@c-api.service[107825]: DEBUG cinder.api.openstack.wsgi [None req-85956fb2-6e9e-4236-a2b6-36ed40caf7a5 tempest-GroupsTest-691371882 tempest-GroupsTest-691371882-project] Empty body provided in request {{(pid=107825) get_body /opt/stack/cinder/cinder/api/openstack/wsgi.py:703}}
Sep 09 06:44:57.613988 dv-cinder-733062-23-iscsi devstack@c-api.service[107825]: /usr/local/lib/python3.8/dist-packages/webob/acceptparse.py:1047: DeprecationWarning: The behavior of AcceptValidHeader.best_match is currently being maintained for backward compatibility, but it will be deprecated in the future, as it does not conform to the RFC.
Sep 09 06:44:57.613988 dv-cinder-733062-23-iscsi devstack@c-api.service[107825]: warnings.warn(
Sep 09 06:44:57.613988 dv-cinder-733062-23-iscsi devstack@c-api.service[107825]: DEBUG cinder.api.openstack.wsgi [None req-85956fb2-6e9e-4236-a2b6-36ed40caf7a5 tempest-GroupsTest-691371882 tempest-GroupsTest-691371882-project] Calling method 'show' {{(pid=107825) _process_stack /opt/stack/cinder/cinder/api/openstack/wsgi.py:856}}
Sep 09 06:44:57.627729 dv-cinder-733062-23-iscsi devstack@c-api.service[107825]: /usr/local/lib/python3.8/dist-packages/oslo_context/context.py:105: DeprecationWarning: Policy enforcement is depending on the value of is_admin. This key is deprecated. Please update your policy file to use the standard policy values.
Sep 09 06:44:57.627729 dv-cinder-733062-23-iscsi devstack@c-api.service[107825]: warnings.warn('Policy enforcement is depending on the value of '
Sep 09 06:44:57.634929 dv-cinder-733062-23-iscsi devstack@c-api.service[107825]: INFO cinder.volume.api [None req-85956fb2-6e9e-4236-a2b6-36ed40caf7a5 tempest-GroupsTest-691371882 tempest-GroupsTest-691371882-project] Volume info retrieved successfully.
Sep 09 06:44:57.641431 dv-cinder-733062-23-iscsi devstack@c-api.service[107825]: WARNING stevedore.named [None req-85956fb2-6e9e-4236-a2b6-36ed40caf7a5 tempest-GroupsTest-691371882 tempest-GroupsTest-691371882-project] Could not load cinder.keymgr.conf_key_mgr.ConfKeyManager
Sep 09 06:44:57.641807 dv-cinder-733062-23-iscsi devstack@c-api.service[107825]: WARNING castellan.key_manager [None req-85956fb2-6e9e-4236-a2b6-36ed40caf7a5 tempest-GroupsTest-691371882 tempest-GroupsTest-691371882-project] Deprecation Warning : cinder.keymgr.conf_key_mgr.ConfKeyManager is not a stevedore based driver, trying to load it as a class: stevedore.exception.NoMatches: No 'castellan.drivers' driver found, looking for 'cinder.keymgr.conf_key_mgr.ConfKeyManager'
Sep 09 06:44:57.648399 dv-cinder-733062-23-iscsi devstack@c-api.service[107825]: DEBUG oslo_db.sqlalchemy.engines [None req-85956fb2-6e9e-4236-a2b6-36ed40caf7a5 tempest-GroupsTest-691371882 tempest-GroupsTest-691371882-project] MySQL server mode set to STRICT_TRANS_TABLES,STRICT_ALL_TABLES,NO_ZERO_IN_DATE,NO_ZERO_DATE,ERROR_FOR_DIVISION_BY_ZERO,TRADITIONAL,NO_ENGINE_SUBSTITUTION {{(pid=107825) _check_effective_sql_mode /usr/local/lib/python3.8/dist-packages/oslo_db/sqlalchemy/engines.py:314}}
Sep 09 06:44:57.653649 dv-cinder-733062-23-iscsi devstack@c-api.service[107825]: /usr/local/lib/python3.8/dist-packages/oslo_context/context.py:105: DeprecationWarning: Policy enforcement is depending on the value of is_admin. This key is deprecated. Please update your policy file to use the standard policy values.
Sep 09 06:44:57.653649 dv-cinder-733062-23-iscsi devstack@c-api.service[107825]: warnings.warn('Policy enforcement is depending on the value of '
Sep 09 06:44:57.668035 dv-cinder-733062-23-iscsi devstack@c-api.service[107825]: INFO cinder.api.openstack.wsgi [None req-85956fb2-6e9e-4236-a2b6-36ed40caf7a5 tempest-GroupsTest-691371882 tempest-GroupsTest-691371882-project] http://10.222.0.37/volume/v3/c8fbb1e3067844fd95d7f0819440acef/volumes/2dc970cf-9a43-4c63-9d2e-ebdfa06fdad7 returned with HTTP 200
Sep 09 06:44:57.668764 dv-cinder-733062-23-iscsi devstack@c-api.service[107825]: [pid: 107825|app: 0|req: 157/336] 10.222.0.37 () {60 vars in 1366 bytes} [Thu Sep 9 06:44:57 2021] GET /volume/v3/c8fbb1e3067844fd95d7f0819440acef/volumes/2dc970cf-9a43-4c63-9d2e-ebdfa06fdad7 => generated 982 bytes in 60 msecs (HTTP/1.1 200) 7 headers in 286 bytes (2 switches on core 0)
Sep 09 06:44:58.202403 dv-cinder-733062-23-iscsi devstack@c-api.service[107824]: INFO cinder.api.openstack.wsgi [None req-445f2cd7-91e4-4690-9317-705659e2feca tempest-DeleteServersTestJSON-1052019469 tempest-DeleteServersTestJSON-1052019469-project] GET http://10.222.0.37/volume/v3/a0b5a71236c84d5980c25c4deeecac31/volumes/1a0c30c7-793f-4541-9ccc-cf0e5ca38352
Sep 09 06:44:58.202919 dv-cinder-733062-23-iscsi devstack@c-api.service[107824]: DEBUG cinder.api.openstack.wsgi [None req-445f2cd7-91e4-4690-9317-705659e2feca tempest-DeleteServersTestJSON-1052019469 tempest-DeleteServersTestJSON-1052019469-project] Empty body provided in request {{(pid=107824) get_body /opt/stack/cinder/cinder/api/openstack/wsgi.py:703}}
Sep 09 06:44:58.202919 dv-cinder-733062-23-iscsi devstack@c-api.service[107824]: /usr/local/lib/python3.8/dist-packages/webob/acceptparse.py:1047: DeprecationWarning: The behavior of AcceptValidHeader.best_match is currently being maintained for backward compatibility, but it will be deprecated in the future, as it does not conform to the RFC.
Sep 09 06:44:58.202919 dv-cinder-733062-23-iscsi devstack@c-api.service[107824]: warnings.warn(
Sep 09 06:44:58.203288 dv-cinder-733062-23-iscsi devstack@c-api.service[107824]: DEBUG cinder.api.openstack.wsgi [None req-445f2cd7-91e4-4690-9317-705659e2feca tempest-DeleteServersTestJSON-1052019469 tempest-DeleteServersTestJSON-1052019469-project] Calling method 'show' {{(pid=107824) _process_stack /opt/stack/cinder/cinder/api/openstack/wsgi.py:856}}
Sep 09 06:44:58.216945 dv-cinder-733062-23-iscsi devstack@c-api.service[107824]: /usr/local/lib/python3.8/dist-packages/oslo_context/context.py:105: DeprecationWarning: Policy enforcement is depending on the value of is_admin. This key is deprecated. Please update your policy file to use the standard policy values.
Sep 09 06:44:58.216945 dv-cinder-733062-23-iscsi devstack@c-api.service[107824]: warnings.warn('Policy enforcement is depending on the value of '
Sep 09 06:44:58.223524 dv-cinder-733062-23-iscsi devstack@c-api.service[107824]: INFO cinder.volume.api [None req-445f2cd7-91e4-4690-9317-705659e2feca tempest-DeleteServersTestJSON-1052019469 tempest-DeleteServersTestJSON-1052019469-project] Volume info retrieved successfully.
Sep 09 06:44:58.235879 dv-cinder-733062-23-iscsi devstack@c-api.service[107824]: /usr/local/lib/python3.8/dist-packages/oslo_context/context.py:105: DeprecationWarning: Policy enforcement is depending on the value of is_admin. This key is deprecated. Please update your policy file to use the standard policy values.
Sep 09 06:44:58.235879 dv-cinder-733062-23-iscsi devstack@c-api.service[107824]: warnings.warn('Policy enforcement is depending on the value of '
Sep 09 06:44:58.240512 dv-cinder-733062-23-iscsi devstack@c-api.service[107825]: INFO cinder.api.openstack.wsgi [None req-90311b0b-4998-4fcb-b335-f8d8f0534c82 tempest-VolumesMetadataTest-1529806900 tempest-VolumesMetadataTest-1529806900-project] GET http://10.222.0.37/volume/v3/a1bce1fc4c744f769d3038f688255afa/volumes/5c7cf87e-2dbc-4ba6-8e3c-310ae405f0ca
Sep 09 06:44:58.240964 dv-cinder-733062-23-iscsi devstack@c-api.service[107825]: DEBUG cinder.api.openstack.wsgi [None req-90311b0b-4998-4fcb-b335-f8d8f0534c82 tempest-VolumesMetadataTest-1529806900 tempest-VolumesMetadataTest-1529806900-project] Empty body provided in request {{(pid=107825) get_body /opt/stack/cinder/cinder/api/openstack/wsgi.py:703}}
Sep 09 06:44:58.241127 dv-cinder-733062-23-iscsi devstack@c-api.service[107825]: /usr/local/lib/python3.8/dist-packages/webob/acceptparse.py:1047: DeprecationWarning: The behavior of AcceptValidHeader.best_match is currently being maintained for backward compatibility, but it will be deprecated in the future, as it does not conform to the RFC.
Sep 09 06:44:58.241127 dv-cinder-733062-23-iscsi devstack@c-api.service[107825]: warnings.warn(
Sep 09 06:44:58.241433 dv-cinder-733062-23-iscsi devstack@c-api.service[107825]: DEBUG cinder.api.openstack.wsgi [None req-90311b0b-4998-4fcb-b335-f8d8f0534c82 tempest-VolumesMetadataTest-1529806900 tempest-VolumesMetadataTest-1529806900-project] Calling method 'show' {{(pid=107825) _process_stack /opt/stack/cinder/cinder/api/openstack/wsgi.py:856}}
Sep 09 06:44:58.241973 dv-cinder-733062-23-iscsi devstack@c-api.service[107824]: INFO cinder.api.openstack.wsgi [None req-445f2cd7-91e4-4690-9317-705659e2feca tempest-DeleteServersTestJSON-1052019469 tempest-DeleteServersTestJSON-1052019469-project] http://10.222.0.37/volume/v3/a0b5a71236c84d5980c25c4deeecac31/volumes/1a0c30c7-793f-4541-9ccc-cf0e5ca38352 returned with HTTP 200
Sep 09 06:44:58.242709 dv-cinder-733062-23-iscsi devstack@c-api.service[107824]: [pid: 107824|app: 0|req: 180/337] 10.222.0.37 () {58 vars in 1325 bytes} [Thu Sep 9 06:44:58 2021] GET /volume/v3/a0b5a71236c84d5980c25c4deeecac31/volumes/1a0c30c7-793f-4541-9ccc-cf0e5ca38352 => generated 913 bytes in 44 msecs (HTTP/1.1 200) 7 headers in 285 bytes (1 switches on core 0)
Sep 09 06:44:58.254227 dv-cinder-733062-23-iscsi devstack@c-api.service[107825]: /usr/local/lib/python3.8/dist-packages/oslo_context/context.py:105: DeprecationWarning: Policy enforcement is depending on the value of is_admin. This key is deprecated. Please update your policy file to use the standard policy values.
Sep 09 06:44:58.254227 dv-cinder-733062-23-iscsi devstack@c-api.service[107825]: warnings.warn('Policy enforcement is depending on the value of '
Sep 09 06:44:58.260798 dv-cinder-733062-23-iscsi devstack@c-api.service[107825]: INFO cinder.volume.api [None req-90311b0b-4998-4fcb-b335-f8d8f0534c82 tempest-VolumesMetadataTest-1529806900 tempest-VolumesMetadataTest-1529806900-project] Volume info retrieved successfully.
Sep 09 06:44:58.274357 dv-cinder-733062-23-iscsi devstack@c-api.service[107825]: INFO cinder.api.openstack.wsgi [None req-90311b0b-4998-4fcb-b335-f8d8f0534c82 tempest-VolumesMetadataTest-1529806900 tempest-VolumesMetadataTest-1529806900-project] http://10.222.0.37/volume/v3/a1bce1fc4c744f769d3038f688255afa/volumes/5c7cf87e-2dbc-4ba6-8e3c-310ae405f0ca returned with HTTP 200
Sep 09 06:44:58.275213 dv-cinder-733062-23-iscsi devstack@c-api.service[107825]: [pid: 107825|app: 0|req: 158/338] 10.222.0.37 () {58 vars in 1325 bytes} [Thu Sep 9 06:44:58 2021] GET /volume/v3/a1bce1fc4c744f769d3038f688255afa/volumes/5c7cf87e-2dbc-4ba6-8e3c-310ae405f0ca => generated 912 bytes in 38 msecs (HTTP/1.1 200) 7 headers in 285 bytes (1 switches on core 0)
Sep 09 06:44:58.290918 dv-cinder-733062-23-iscsi devstack@c-api.service[107824]: INFO cinder.api.openstack.wsgi [None req-8e3bc55e-d982-40b8-9021-5c25a63284a5 tempest-VolumesMetadataTest-1529806900 tempest-VolumesMetadataTest-1529806900-project] POST http://10.222.0.37/volume/v3/a1bce1fc4c744f769d3038f688255afa/volumes/5c7cf87e-2dbc-4ba6-8e3c-310ae405f0ca/metadata
Sep 09 06:44:58.291336 dv-cinder-733062-23-iscsi devstack@c-api.service[107824]: /usr/local/lib/python3.8/dist-packages/webob/acceptparse.py:1047: DeprecationWarning: The behavior of AcceptValidHeader.best_match is currently being maintained for backward compatibility, but it will be deprecated in the future, as it does not conform to the RFC.
Sep 09 06:44:58.291336 dv-cinder-733062-23-iscsi devstack@c-api.service[107824]: warnings.warn(
Sep 09 06:44:58.291710 dv-cinder-733062-23-iscsi devstack@c-api.service[107824]: DEBUG cinder.api.openstack.wsgi [None req-8e3bc55e-d982-40b8-9021-5c25a63284a5 tempest-VolumesMetadataTest-1529806900 tempest-VolumesMetadataTest-1529806900-project] Action: 'create', calling method: create, body: {"metadata": {"key1": "value1", "key2": "value2", "key3": "value3", "key4": ""}} {{(pid=107824) _process_stack /opt/stack/cinder/cinder/api/openstack/wsgi.py:854}}
Sep 09 06:44:58.306405 dv-cinder-733062-23-iscsi devstack@c-api.service[107824]: /usr/local/lib/python3.8/dist-packages/oslo_context/context.py:105: DeprecationWarning: Policy enforcement is depending on the value of is_admin. This key is deprecated. Please update your policy file to use the standard policy values.
Sep 09 06:44:58.306405 dv-cinder-733062-23-iscsi devstack@c-api.service[107824]: warnings.warn('Policy enforcement is depending on the value of '
Sep 09 06:44:58.307442 dv-cinder-733062-23-iscsi devstack@c-api.service[107824]: INFO cinder.volume.api [None req-8e3bc55e-d982-40b8-9021-5c25a63284a5 tempest-VolumesMetadataTest-1529806900 tempest-VolumesMetadataTest-1529806900-project] Volume info retrieved successfully.
Sep 09 06:44:58.390517 dv-cinder-733062-23-iscsi devstack@c-api.service[107825]: INFO cinder.api.openstack.wsgi [None req-5b518546-c490-4ec9-8428-76ea5d332e5c tempest-GroupSnapshotsTest-469139260 tempest-GroupSnapshotsTest-469139260-project] GET http://10.222.0.37/volume/v3/1b669e18ae66421e9a26b6657a88b3c1/group_snapshots/a0dd2ce5-74f9-4afe-a357-f47884db86d0
Sep 09 06:44:58.391065 dv-cinder-733062-23-iscsi devstack@c-api.service[107825]: DEBUG cinder.api.openstack.wsgi [None req-5b518546-c490-4ec9-8428-76ea5d332e5c tempest-GroupSnapshotsTest-469139260 tempest-GroupSnapshotsTest-469139260-project] Empty body provided in request {{(pid=107825) get_body /opt/stack/cinder/cinder/api/openstack/wsgi.py:703}}
Sep 09 06:44:58.391236 dv-cinder-733062-23-iscsi devstack@c-api.service[107825]: /usr/local/lib/python3.8/dist-packages/webob/acceptparse.py:1047: DeprecationWarning: The behavior of AcceptValidHeader.best_match is currently being maintained for backward compatibility, but it will be deprecated in the future, as it does not conform to the RFC.
Sep 09 06:44:58.391236 dv-cinder-733062-23-iscsi devstack@c-api.service[107825]: warnings.warn(
Sep 09 06:44:58.391543 dv-cinder-733062-23-iscsi devstack@c-api.service[107825]: DEBUG cinder.api.openstack.wsgi [None req-5b518546-c490-4ec9-8428-76ea5d332e5c tempest-GroupSnapshotsTest-469139260 tempest-GroupSnapshotsTest-469139260-project] Calling method 'version_select' {{(pid=107825) _process_stack /opt/stack/cinder/cinder/api/openstack/wsgi.py:856}}
Sep 09 06:44:58.391888 dv-cinder-733062-23-iscsi devstack@c-api.service[107825]: DEBUG cinder.api.v3.group_snapshots [None req-5b518546-c490-4ec9-8428-76ea5d332e5c tempest-GroupSnapshotsTest-469139260 tempest-GroupSnapshotsTest-469139260-project] show called for member a0dd2ce5-74f9-4afe-a357-f47884db86d0 {{(pid=107825) show /opt/stack/cinder/cinder/api/v3/group_snapshots.py:58}}
Sep 09 06:44:58.397613 dv-cinder-733062-23-iscsi devstack@c-api.service[107825]: /usr/local/lib/python3.8/dist-packages/oslo_context/context.py:105: DeprecationWarning: Policy enforcement is depending on the value of is_admin. This key is deprecated. Please update your policy file to use the standard policy values.
Sep 09 06:44:58.397613 dv-cinder-733062-23-iscsi devstack@c-api.service[107825]: warnings.warn('Policy enforcement is depending on the value of '
Sep 09 06:44:58.398390 dv-cinder-733062-23-iscsi devstack@c-api.service[107824]: INFO cinder.volume.api [None req-8e3bc55e-d982-40b8-9021-5c25a63284a5 tempest-VolumesMetadataTest-1529806900 tempest-VolumesMetadataTest-1529806900-project] Create volume metadata completed successfully.
Sep 09 06:44:58.398930 dv-cinder-733062-23-iscsi devstack@c-api.service[107824]: INFO cinder.api.openstack.wsgi [None req-8e3bc55e-d982-40b8-9021-5c25a63284a5 tempest-VolumesMetadataTest-1529806900 tempest-VolumesMetadataTest-1529806900-project] http://10.222.0.37/volume/v3/a1bce1fc4c744f769d3038f688255afa/volumes/5c7cf87e-2dbc-4ba6-8e3c-310ae405f0ca/metadata returned with HTTP 200
Sep 09 06:44:58.400435 dv-cinder-733062-23-iscsi devstack@c-api.service[107824]: [pid: 107824|app: 0|req: 181/339] 10.222.0.37 () {60 vars in 1374 bytes} [Thu Sep 9 06:44:58 2021] POST /volume/v3/a1bce1fc4c744f769d3038f688255afa/volumes/5c7cf87e-2dbc-4ba6-8e3c-310ae405f0ca/metadata => generated 101 bytes in 114 msecs (HTTP/1.1 200) 7 headers in 285 bytes (2 switches on core 0)
Sep 09 06:44:58.403093 dv-cinder-733062-23-iscsi devstack@c-api.service[107825]: INFO cinder.api.openstack.wsgi [None req-5b518546-c490-4ec9-8428-76ea5d332e5c tempest-GroupSnapshotsTest-469139260 tempest-GroupSnapshotsTest-469139260-project] http://10.222.0.37/volume/v3/1b669e18ae66421e9a26b6657a88b3c1/group_snapshots/a0dd2ce5-74f9-4afe-a357-f47884db86d0 returned with HTTP 200
Sep 09 06:44:58.404028 dv-cinder-733062-23-iscsi devstack@c-api.service[107825]: [pid: 107825|app: 0|req: 159/340] 10.222.0.37 () {60 vars in 1390 bytes} [Thu Sep 9 06:44:58 2021] GET /volume/v3/1b669e18ae66421e9a26b6657a88b3c1/group_snapshots/a0dd2ce5-74f9-4afe-a357-f47884db86d0 => generated 308 bytes in 17 msecs (HTTP/1.1 200) 7 headers in 286 bytes (2 switches on core 0)
Sep 09 06:44:58.408481 dv-cinder-733062-23-iscsi devstack@c-api.service[107824]: INFO cinder.api.openstack.wsgi [None req-b443f4a9-07b1-4471-9268-8ec723b2bf2c tempest-VolumesMetadataTest-1529806900 tempest-VolumesMetadataTest-1529806900-project] GET http://10.222.0.37/volume/v3/a1bce1fc4c744f769d3038f688255afa/volumes/5c7cf87e-2dbc-4ba6-8e3c-310ae405f0ca/metadata
Sep 09 06:44:58.408946 dv-cinder-733062-23-iscsi devstack@c-api.service[107824]: DEBUG cinder.api.openstack.wsgi [None req-b443f4a9-07b1-4471-9268-8ec723b2bf2c tempest-VolumesMetadataTest-1529806900 tempest-VolumesMetadataTest-1529806900-project] Empty body provided in request {{(pid=107824) get_body /opt/stack/cinder/cinder/api/openstack/wsgi.py:703}}
Sep 09 06:44:58.409121 dv-cinder-733062-23-iscsi devstack@c-api.service[107824]: /usr/local/lib/python3.8/dist-packages/webob/acceptparse.py:1047: DeprecationWarning: The behavior of AcceptValidHeader.best_match is currently being maintained for backward compatibility, but it will be deprecated in the future, as it does not conform to the RFC.
Sep 09 06:44:58.409121 dv-cinder-733062-23-iscsi devstack@c-api.service[107824]: warnings.warn(
Sep 09 06:44:58.409398 dv-cinder-733062-23-iscsi devstack@c-api.service[107824]: DEBUG cinder.api.openstack.wsgi [None req-b443f4a9-07b1-4471-9268-8ec723b2bf2c tempest-VolumesMetadataTest-1529806900 tempest-VolumesMetadataTest-1529806900-project] Calling method 'index' {{(pid=107824) _process_stack /opt/stack/cinder/cinder/api/openstack/wsgi.py:856}}
Sep 09 06:44:58.413418 dv-cinder-733062-23-iscsi devstack@c-api.service[107825]: INFO cinder.api.openstack.wsgi [None req-10ca6d8a-dc23-41f3-b8d5-2ee4418a5aba tempest-GroupSnapshotsTest-469139260 tempest-GroupSnapshotsTest-469139260-project] GET http://10.222.0.37/volume/v3/1b669e18ae66421e9a26b6657a88b3c1/snapshots/detail
Sep 09 06:44:58.413859 dv-cinder-733062-23-iscsi devstack@c-api.service[107825]: DEBUG cinder.api.openstack.wsgi [None req-10ca6d8a-dc23-41f3-b8d5-2ee4418a5aba tempest-GroupSnapshotsTest-469139260 tempest-GroupSnapshotsTest-469139260-project] Empty body provided in request {{(pid=107825) get_body /opt/stack/cinder/cinder/api/openstack/wsgi.py:703}}
Sep 09 06:44:58.414018 dv-cinder-733062-23-iscsi devstack@c-api.service[107825]: /usr/local/lib/python3.8/dist-packages/webob/acceptparse.py:1047: DeprecationWarning: The behavior of AcceptValidHeader.best_match is currently being maintained for backward compatibility, but it will be deprecated in the future, as it does not conform to the RFC.
Sep 09 06:44:58.414018 dv-cinder-733062-23-iscsi devstack@c-api.service[107825]: warnings.warn(
Sep 09 06:44:58.414328 dv-cinder-733062-23-iscsi devstack@c-api.service[107825]: DEBUG cinder.api.openstack.wsgi [None req-10ca6d8a-dc23-41f3-b8d5-2ee4418a5aba tempest-GroupSnapshotsTest-469139260 tempest-GroupSnapshotsTest-469139260-project] Calling method 'detail' {{(pid=107825) _process_stack /opt/stack/cinder/cinder/api/openstack/wsgi.py:856}}
Sep 09 06:44:58.414936 dv-cinder-733062-23-iscsi devstack@c-api.service[107825]: DEBUG cinder.api.api_utils [None req-10ca6d8a-dc23-41f3-b8d5-2ee4418a5aba tempest-GroupSnapshotsTest-469139260 tempest-GroupSnapshotsTest-469139260-project] Removing options '' from query. {{(pid=107825) remove_invalid_filter_options /opt/stack/cinder/cinder/api/api_utils.py:73}}
Sep 09 06:44:58.416970 dv-cinder-733062-23-iscsi devstack@c-api.service[107825]: DEBUG cinder.db.sqlalchemy.api [None req-10ca6d8a-dc23-41f3-b8d5-2ee4418a5aba tempest-GroupSnapshotsTest-469139260 tempest-GroupSnapshotsTest-469139260-project] Building query based on filter {{(pid=107825) _process_snaps_filters /opt/stack/cinder/cinder/db/sqlalchemy/api.py:3156}}
Sep 09 06:44:58.422896 dv-cinder-733062-23-iscsi devstack@c-api.service[107825]: INFO cinder.volume.api [None req-10ca6d8a-dc23-41f3-b8d5-2ee4418a5aba tempest-GroupSnapshotsTest-469139260 tempest-GroupSnapshotsTest-469139260-project] Get all snapshots completed successfully.
Sep 09 06:44:58.423705 dv-cinder-733062-23-iscsi devstack@c-api.service[107825]: /usr/local/lib/python3.8/dist-packages/oslo_context/context.py:105: DeprecationWarning: Policy enforcement is depending on the value of is_admin. This key is deprecated. Please update your policy file to use the standard policy values.
Sep 09 06:44:58.423705 dv-cinder-733062-23-iscsi devstack@c-api.service[107825]: warnings.warn('Policy enforcement is depending on the value of '
Sep 09 06:44:58.424348 dv-cinder-733062-23-iscsi devstack@c-api.service[107824]: /usr/local/lib/python3.8/dist-packages/oslo_context/context.py:105: DeprecationWarning: Policy enforcement is depending on the value of is_admin. This key is deprecated. Please update your policy file to use the standard policy values.
Sep 09 06:44:58.424348 dv-cinder-733062-23-iscsi devstack@c-api.service[107824]: warnings.warn('Policy enforcement is depending on the value of '
Sep 09 06:44:58.424822 dv-cinder-733062-23-iscsi devstack@c-api.service[107825]: INFO cinder.api.openstack.wsgi [None req-10ca6d8a-dc23-41f3-b8d5-2ee4418a5aba tempest-GroupSnapshotsTest-469139260 tempest-GroupSnapshotsTest-469139260-project] http://10.222.0.37/volume/v3/1b669e18ae66421e9a26b6657a88b3c1/snapshots/detail returned with HTTP 200
Sep 09 06:44:58.425337 dv-cinder-733062-23-iscsi devstack@c-api.service[107824]: INFO cinder.volume.api [None req-b443f4a9-07b1-4471-9268-8ec723b2bf2c tempest-VolumesMetadataTest-1529806900 tempest-VolumesMetadataTest-1529806900-project] Volume info retrieved successfully.
Sep 09 06:44:58.425521 dv-cinder-733062-23-iscsi devstack@c-api.service[107825]: [pid: 107825|app: 0|req: 160/341] 10.222.0.37 () {58 vars in 1241 bytes} [Thu Sep 9 06:44:58 2021] GET /volume/v3/1b669e18ae66421e9a26b6657a88b3c1/snapshots/detail => generated 454 bytes in 16 msecs (HTTP/1.1 200) 7 headers in 285 bytes (2 switches on core 0)
Sep 09 06:44:58.433784 dv-cinder-733062-23-iscsi devstack@c-api.service[107824]: INFO cinder.volume.api [None req-b443f4a9-07b1-4471-9268-8ec723b2bf2c tempest-VolumesMetadataTest-1529806900 tempest-VolumesMetadataTest-1529806900-project] Get volume metadata completed successfully.
Sep 09 06:44:58.434315 dv-cinder-733062-23-iscsi devstack@c-api.service[107824]: INFO cinder.api.openstack.wsgi [None req-b443f4a9-07b1-4471-9268-8ec723b2bf2c tempest-VolumesMetadataTest-1529806900 tempest-VolumesMetadataTest-1529806900-project] http://10.222.0.37/volume/v3/a1bce1fc4c744f769d3038f688255afa/volumes/5c7cf87e-2dbc-4ba6-8e3c-310ae405f0ca/metadata returned with HTTP 200
Sep 09 06:44:58.435046 dv-cinder-733062-23-iscsi devstack@c-api.service[107824]: [pid: 107824|app: 0|req: 182/342] 10.222.0.37 () {58 vars in 1352 bytes} [Thu Sep 9 06:44:58 2021] GET /volume/v3/a1bce1fc4c744f769d3038f688255afa/volumes/5c7cf87e-2dbc-4ba6-8e3c-310ae405f0ca/metadata => generated 101 bytes in 31 msecs (HTTP/1.1 200) 7 headers in 285 bytes (2 switches on core 0)
Sep 09 06:44:58.438900 dv-cinder-733062-23-iscsi devstack@c-api.service[107825]: INFO cinder.api.openstack.wsgi [None req-14fa83aa-ea44-4e40-baa3-fca9541864f3 tempest-GroupSnapshotsTest-469139260 tempest-GroupSnapshotsTest-469139260-project] GET http://10.222.0.37/volume/v3/1b669e18ae66421e9a26b6657a88b3c1/snapshots/4d692be4-22c4-4042-9c1b-cfb99a26f7b3
Sep 09 06:44:58.438900 dv-cinder-733062-23-iscsi devstack@c-api.service[107825]: DEBUG cinder.api.openstack.wsgi [None req-14fa83aa-ea44-4e40-baa3-fca9541864f3 tempest-GroupSnapshotsTest-469139260 tempest-GroupSnapshotsTest-469139260-project] Empty body provided in request {{(pid=107825) get_body /opt/stack/cinder/cinder/api/openstack/wsgi.py:703}}
Sep 09 06:44:58.438900 dv-cinder-733062-23-iscsi devstack@c-api.service[107825]: /usr/local/lib/python3.8/dist-packages/webob/acceptparse.py:1047: DeprecationWarning: The behavior of AcceptValidHeader.best_match is currently being maintained for backward compatibility, but it will be deprecated in the future, as it does not conform to the RFC.
Sep 09 06:44:58.438900 dv-cinder-733062-23-iscsi devstack@c-api.service[107825]: warnings.warn(
Sep 09 06:44:58.438900 dv-cinder-733062-23-iscsi devstack@c-api.service[107825]: DEBUG cinder.api.openstack.wsgi [None req-14fa83aa-ea44-4e40-baa3-fca9541864f3 tempest-GroupSnapshotsTest-469139260 tempest-GroupSnapshotsTest-469139260-project] Calling method 'show' {{(pid=107825) _process_stack /opt/stack/cinder/cinder/api/openstack/wsgi.py:856}}
Sep 09 06:44:58.443815 dv-cinder-733062-23-iscsi devstack@c-api.service[107824]: INFO cinder.api.openstack.wsgi [None req-c933bc64-d699-4fee-8154-e43fc5e91187 tempest-VolumesMetadataTest-1529806900 tempest-VolumesMetadataTest-1529806900-project] PUT http://10.222.0.37/volume/v3/a1bce1fc4c744f769d3038f688255afa/volumes/5c7cf87e-2dbc-4ba6-8e3c-310ae405f0ca/metadata
Sep 09 06:44:58.445408 dv-cinder-733062-23-iscsi devstack@c-api.service[107824]: /usr/local/lib/python3.8/dist-packages/webob/acceptparse.py:1047: DeprecationWarning: The behavior of AcceptValidHeader.best_match is currently being maintained for backward compatibility, but it will be deprecated in the future, as it does not conform to the RFC.
Sep 09 06:44:58.445408 dv-cinder-733062-23-iscsi devstack@c-api.service[107824]: warnings.warn(
Sep 09 06:44:58.445408 dv-cinder-733062-23-iscsi devstack@c-api.service[107824]: DEBUG cinder.api.openstack.wsgi [None req-c933bc64-d699-4fee-8154-e43fc5e91187 tempest-VolumesMetadataTest-1529806900 tempest-VolumesMetadataTest-1529806900-project] Action: 'update_all', calling method: update_all, body: {"metadata": {"key4": "value4", "key1": "value1_update"}} {{(pid=107824) _process_stack /opt/stack/cinder/cinder/api/openstack/wsgi.py:854}}
Sep 09 06:44:58.445846 dv-cinder-733062-23-iscsi devstack@c-api.service[107825]: /usr/local/lib/python3.8/dist-packages/oslo_context/context.py:105: DeprecationWarning: Policy enforcement is depending on the value of is_admin. This key is deprecated. Please update your policy file to use the standard policy values.
Sep 09 06:44:58.445846 dv-cinder-733062-23-iscsi devstack@c-api.service[107825]: warnings.warn('Policy enforcement is depending on the value of '
Sep 09 06:44:58.446763 dv-cinder-733062-23-iscsi devstack@c-api.service[107825]: INFO cinder.volume.api [None req-14fa83aa-ea44-4e40-baa3-fca9541864f3 tempest-GroupSnapshotsTest-469139260 tempest-GroupSnapshotsTest-469139260-project] Snapshot retrieved successfully.
Sep 09 06:44:58.448541 dv-cinder-733062-23-iscsi devstack@c-api.service[107825]: INFO cinder.api.openstack.wsgi [None req-14fa83aa-ea44-4e40-baa3-fca9541864f3 tempest-GroupSnapshotsTest-469139260 tempest-GroupSnapshotsTest-469139260-project] http://10.222.0.37/volume/v3/1b669e18ae66421e9a26b6657a88b3c1/snapshots/4d692be4-22c4-4042-9c1b-cfb99a26f7b3 returned with HTTP 200
Sep 09 06:44:58.451000 dv-cinder-733062-23-iscsi devstack@c-api.service[107825]: [pid: 107825|app: 0|req: 161/343] 10.222.0.37 () {58 vars in 1331 bytes} [Thu Sep 9 06:44:58 2021] GET /volume/v3/1b669e18ae66421e9a26b6657a88b3c1/snapshots/4d692be4-22c4-4042-9c1b-cfb99a26f7b3 => generated 451 bytes in 17 msecs (HTTP/1.1 200) 7 headers in 285 bytes (1 switches on core 0)
Sep 09 06:44:58.461087 dv-cinder-733062-23-iscsi devstack@c-api.service[107825]: INFO cinder.api.openstack.wsgi [None req-1b57c3a4-0d2d-45e1-bcea-5e1d682280f8 tempest-GroupSnapshotsTest-469139260 tempest-GroupSnapshotsTest-469139260-project] GET http://10.222.0.37/volume/v3/1b669e18ae66421e9a26b6657a88b3c1/group_snapshots/a0dd2ce5-74f9-4afe-a357-f47884db86d0
Sep 09 06:44:58.461734 dv-cinder-733062-23-iscsi devstack@c-api.service[107825]: DEBUG cinder.api.openstack.wsgi [None req-1b57c3a4-0d2d-45e1-bcea-5e1d682280f8 tempest-GroupSnapshotsTest-469139260 tempest-GroupSnapshotsTest-469139260-project] Empty body provided in request {{(pid=107825) get_body /opt/stack/cinder/cinder/api/openstack/wsgi.py:703}}
Sep 09 06:44:58.461847 dv-cinder-733062-23-iscsi devstack@c-api.service[107824]: /usr/local/lib/python3.8/dist-packages/oslo_context/context.py:105: DeprecationWarning: Policy enforcement is depending on the value of is_admin. This key is deprecated. Please update your policy file to use the standard policy values.
Sep 09 06:44:58.461847 dv-cinder-733062-23-iscsi devstack@c-api.service[107824]: warnings.warn('Policy enforcement is depending on the value of '
Sep 09 06:44:58.462006 dv-cinder-733062-23-iscsi devstack@c-api.service[107825]: /usr/local/lib/python3.8/dist-packages/webob/acceptparse.py:1047: DeprecationWarning: The behavior of AcceptValidHeader.best_match is currently being maintained for backward compatibility, but it will be deprecated in the future, as it does not conform to the RFC.
Sep 09 06:44:58.462006 dv-cinder-733062-23-iscsi devstack@c-api.service[107825]: warnings.warn(
Sep 09 06:44:58.462387 dv-cinder-733062-23-iscsi devstack@c-api.service[107825]: DEBUG cinder.api.openstack.wsgi [None req-1b57c3a4-0d2d-45e1-bcea-5e1d682280f8 tempest-GroupSnapshotsTest-469139260 tempest-GroupSnapshotsTest-469139260-project] Calling method 'version_select' {{(pid=107825) _process_stack /opt/stack/cinder/cinder/api/openstack/wsgi.py:856}}
Sep 09 06:44:58.462739 dv-cinder-733062-23-iscsi devstack@c-api.service[107825]: DEBUG cinder.api.v3.group_snapshots [None req-1b57c3a4-0d2d-45e1-bcea-5e1d682280f8 tempest-GroupSnapshotsTest-469139260 tempest-GroupSnapshotsTest-469139260-project] show called for member a0dd2ce5-74f9-4afe-a357-f47884db86d0 {{(pid=107825) show /opt/stack/cinder/cinder/api/v3/group_snapshots.py:58}}
Sep 09 06:44:58.462845 dv-cinder-733062-23-iscsi devstack@c-api.service[107824]: INFO cinder.volume.api [None req-c933bc64-d699-4fee-8154-e43fc5e91187 tempest-VolumesMetadataTest-1529806900 tempest-VolumesMetadataTest-1529806900-project] Volume info retrieved successfully.
Sep 09 06:44:58.467743 dv-cinder-733062-23-iscsi devstack@c-api.service[107825]: /usr/local/lib/python3.8/dist-packages/oslo_context/context.py:105: DeprecationWarning: Policy enforcement is depending on the value of is_admin. This key is deprecated. Please update your policy file to use the standard policy values.
Sep 09 06:44:58.467743 dv-cinder-733062-23-iscsi devstack@c-api.service[107825]: warnings.warn('Policy enforcement is depending on the value of '
Sep 09 06:44:58.473222 dv-cinder-733062-23-iscsi devstack@c-api.service[107825]: INFO cinder.api.openstack.wsgi [None req-1b57c3a4-0d2d-45e1-bcea-5e1d682280f8 tempest-GroupSnapshotsTest-469139260 tempest-GroupSnapshotsTest-469139260-project] http://10.222.0.37/volume/v3/1b669e18ae66421e9a26b6657a88b3c1/group_snapshots/a0dd2ce5-74f9-4afe-a357-f47884db86d0 returned with HTTP 200
Sep 09 06:44:58.474196 dv-cinder-733062-23-iscsi devstack@c-api.service[107825]: [pid: 107825|app: 0|req: 162/344] 10.222.0.37 () {60 vars in 1390 bytes} [Thu Sep 9 06:44:58 2021] GET /volume/v3/1b669e18ae66421e9a26b6657a88b3c1/group_snapshots/a0dd2ce5-74f9-4afe-a357-f47884db86d0 => generated 308 bytes in 19 msecs (HTTP/1.1 200) 7 headers in 286 bytes (2 switches on core 0)
Sep 09 06:44:58.482563 dv-cinder-733062-23-iscsi devstack@c-api.service[107825]: INFO cinder.api.openstack.wsgi [None req-2ed261da-6b93-4043-9325-804eec9b9f9b tempest-GroupSnapshotsTest-469139260 tempest-GroupSnapshotsTest-469139260-project] GET http://10.222.0.37/volume/v3/1b669e18ae66421e9a26b6657a88b3c1/group_snapshots/detail
Sep 09 06:44:58.485556 dv-cinder-733062-23-iscsi devstack@c-api.service[107825]: DEBUG cinder.api.openstack.wsgi [None req-2ed261da-6b93-4043-9325-804eec9b9f9b tempest-GroupSnapshotsTest-469139260 tempest-GroupSnapshotsTest-469139260-project] Empty body provided in request {{(pid=107825) get_body /opt/stack/cinder/cinder/api/openstack/wsgi.py:703}}
Sep 09 06:44:58.485556 dv-cinder-733062-23-iscsi devstack@c-api.service[107825]: /usr/local/lib/python3.8/dist-packages/webob/acceptparse.py:1047: DeprecationWarning: The behavior of AcceptValidHeader.best_match is currently being maintained for backward compatibility, but it will be deprecated in the future, as it does not conform to the RFC.
Sep 09 06:44:58.485556 dv-cinder-733062-23-iscsi devstack@c-api.service[107825]: warnings.warn(
Sep 09 06:44:58.485556 dv-cinder-733062-23-iscsi devstack@c-api.service[107825]: DEBUG cinder.api.openstack.wsgi [None req-2ed261da-6b93-4043-9325-804eec9b9f9b tempest-GroupSnapshotsTest-469139260 tempest-GroupSnapshotsTest-469139260-project] Calling method 'version_select' {{(pid=107825) _process_stack /opt/stack/cinder/cinder/api/openstack/wsgi.py:856}}
Sep 09 06:44:58.497252 dv-cinder-733062-23-iscsi devstack@c-api.service[107825]: INFO cinder.api.openstack.wsgi [None req-2ed261da-6b93-4043-9325-804eec9b9f9b tempest-GroupSnapshotsTest-469139260 tempest-GroupSnapshotsTest-469139260-project] http://10.222.0.37/volume/v3/1b669e18ae66421e9a26b6657a88b3c1/group_snapshots/detail returned with HTTP 200
Sep 09 06:44:58.498004 dv-cinder-733062-23-iscsi devstack@c-api.service[107825]: [pid: 107825|app: 0|req: 163/345] 10.222.0.37 () {60 vars in 1300 bytes} [Thu Sep 9 06:44:58 2021] GET /volume/v3/1b669e18ae66421e9a26b6657a88b3c1/group_snapshots/detail => generated 311 bytes in 19 msecs (HTTP/1.1 200) 7 headers in 286 bytes (2 switches on core 0)
Sep 09 06:44:58.508000 dv-cinder-733062-23-iscsi devstack@c-api.service[107825]: INFO cinder.api.openstack.wsgi [None req-34f536f4-e308-4566-adb0-d55b50a02aa5 tempest-GroupSnapshotsTest-469139260 tempest-GroupSnapshotsTest-469139260-project] DELETE http://10.222.0.37/volume/v3/1b669e18ae66421e9a26b6657a88b3c1/group_snapshots/a0dd2ce5-74f9-4afe-a357-f47884db86d0
Sep 09 06:44:58.508769 dv-cinder-733062-23-iscsi devstack@c-api.service[107825]: DEBUG cinder.api.openstack.wsgi [None req-34f536f4-e308-4566-adb0-d55b50a02aa5 tempest-GroupSnapshotsTest-469139260 tempest-GroupSnapshotsTest-469139260-project] Empty body provided in request {{(pid=107825) get_body /opt/stack/cinder/cinder/api/openstack/wsgi.py:703}}
Sep 09 06:44:58.508769 dv-cinder-733062-23-iscsi devstack@c-api.service[107825]: /usr/local/lib/python3.8/dist-packages/webob/acceptparse.py:1047: DeprecationWarning: The behavior of AcceptValidHeader.best_match is currently being maintained for backward compatibility, but it will be deprecated in the future, as it does not conform to the RFC.
Sep 09 06:44:58.508769 dv-cinder-733062-23-iscsi devstack@c-api.service[107825]: warnings.warn(
Sep 09 06:44:58.509030 dv-cinder-733062-23-iscsi devstack@c-api.service[107825]: DEBUG cinder.api.openstack.wsgi [None req-34f536f4-e308-4566-adb0-d55b50a02aa5 tempest-GroupSnapshotsTest-469139260 tempest-GroupSnapshotsTest-469139260-project] Calling method 'version_select' {{(pid=107825) _process_stack /opt/stack/cinder/cinder/api/openstack/wsgi.py:856}}
Sep 09 06:44:58.509260 dv-cinder-733062-23-iscsi devstack@c-api.service[107825]: DEBUG cinder.api.v3.group_snapshots [None req-34f536f4-e308-4566-adb0-d55b50a02aa5 tempest-GroupSnapshotsTest-469139260 tempest-GroupSnapshotsTest-469139260-project] delete called for member a0dd2ce5-74f9-4afe-a357-f47884db86d0 {{(pid=107825) delete /opt/stack/cinder/cinder/api/v3/group_snapshots.py:72}}
Sep 09 06:44:58.509539 dv-cinder-733062-23-iscsi devstack@c-api.service[107825]: INFO cinder.api.v3.group_snapshots [None req-34f536f4-e308-4566-adb0-d55b50a02aa5 tempest-GroupSnapshotsTest-469139260 tempest-GroupSnapshotsTest-469139260-project] Delete group_snapshot with id: a0dd2ce5-74f9-4afe-a357-f47884db86d0
Sep 09 06:44:58.514380 dv-cinder-733062-23-iscsi devstack@c-api.service[107825]: /usr/local/lib/python3.8/dist-packages/oslo_context/context.py:105: DeprecationWarning: Policy enforcement is depending on the value of is_admin. This key is deprecated. Please update your policy file to use the standard policy values.
Sep 09 06:44:58.514380 dv-cinder-733062-23-iscsi devstack@c-api.service[107825]: warnings.warn('Policy enforcement is depending on the value of '
Sep 09 06:44:58.615210 dv-cinder-733062-23-iscsi devstack@c-api.service[107824]: INFO cinder.volume.api [None req-c933bc64-d699-4fee-8154-e43fc5e91187 tempest-VolumesMetadataTest-1529806900 tempest-VolumesMetadataTest-1529806900-project] Update volume metadata completed successfully.
Sep 09 06:44:58.615773 dv-cinder-733062-23-iscsi devstack@c-api.service[107824]: INFO cinder.api.openstack.wsgi [None req-c933bc64-d699-4fee-8154-e43fc5e91187 tempest-VolumesMetadataTest-1529806900 tempest-VolumesMetadataTest-1529806900-project] http://10.222.0.37/volume/v3/a1bce1fc4c744f769d3038f688255afa/volumes/5c7cf87e-2dbc-4ba6-8e3c-310ae405f0ca/metadata returned with HTTP 200
Sep 09 06:44:58.616547 dv-cinder-733062-23-iscsi devstack@c-api.service[107824]: [pid: 107824|app: 0|req: 183/346] 10.222.0.37 () {60 vars in 1372 bytes} [Thu Sep 9 06:44:58 2021] PUT /volume/v3/a1bce1fc4c744f769d3038f688255afa/volumes/5c7cf87e-2dbc-4ba6-8e3c-310ae405f0ca/metadata => generated 57 bytes in 177 msecs (HTTP/1.1 200) 7 headers in 284 bytes (1 switches on core 0)
Sep 09 06:44:58.620467 dv-cinder-733062-23-iscsi devstack@c-api.service[107824]: INFO cinder.api.openstack.wsgi [None req-6d0c9c9f-2d75-4ac4-b80c-445266d1476b tempest-VolumesListAdminTestJSON-1018530780 tempest-VolumesListAdminTestJSON-1018530780-project] GET http://10.222.0.37/volume/v3/f8c65d20fbfe4e64a48253a82174e201/volumes/dfb8b747-afa0-4b62-a41d-b62ce84e314c
Sep 09 06:44:58.620902 dv-cinder-733062-23-iscsi devstack@c-api.service[107824]: DEBUG cinder.api.openstack.wsgi [None req-6d0c9c9f-2d75-4ac4-b80c-445266d1476b tempest-VolumesListAdminTestJSON-1018530780 tempest-VolumesListAdminTestJSON-1018530780-project] Empty body provided in request {{(pid=107824) get_body /opt/stack/cinder/cinder/api/openstack/wsgi.py:703}}
Sep 09 06:44:58.621070 dv-cinder-733062-23-iscsi devstack@c-api.service[107824]: /usr/local/lib/python3.8/dist-packages/webob/acceptparse.py:1047: DeprecationWarning: The behavior of AcceptValidHeader.best_match is currently being maintained for backward compatibility, but it will be deprecated in the future, as it does not conform to the RFC.
Sep 09 06:44:58.621070 dv-cinder-733062-23-iscsi devstack@c-api.service[107824]: warnings.warn(
Sep 09 06:44:58.621379 dv-cinder-733062-23-iscsi devstack@c-api.service[107824]: DEBUG cinder.api.openstack.wsgi [None req-6d0c9c9f-2d75-4ac4-b80c-445266d1476b tempest-VolumesListAdminTestJSON-1018530780 tempest-VolumesListAdminTestJSON-1018530780-project] Calling method 'show' {{(pid=107824) _process_stack /opt/stack/cinder/cinder/api/openstack/wsgi.py:856}}
Sep 09 06:44:58.635480 dv-cinder-733062-23-iscsi devstack@c-api.service[107824]: /usr/local/lib/python3.8/dist-packages/oslo_context/context.py:105: DeprecationWarning: Policy enforcement is depending on the value of is_admin. This key is deprecated. Please update your policy file to use the standard policy values.
Sep 09 06:44:58.635480 dv-cinder-733062-23-iscsi devstack@c-api.service[107824]: warnings.warn('Policy enforcement is depending on the value of '
Sep 09 06:44:58.642419 dv-cinder-733062-23-iscsi devstack@c-api.service[107824]: INFO cinder.volume.api [None req-6d0c9c9f-2d75-4ac4-b80c-445266d1476b tempest-VolumesListAdminTestJSON-1018530780 tempest-VolumesListAdminTestJSON-1018530780-project] Volume info retrieved successfully.
