Sep 09 01:42:31.364909 dv-cinder-733062-22-iscsi devstack@c-api.service[112386]: DEBUG cinder.api.openstack [None req-dce82183-b6d1-486d-8e9e-b70e51a572b4 None None] Extension VolumeHostAttribute extending resource: volumes {{(pid=112386) _setup_extensions /opt/stack/cinder/cinder/api/openstack/__init__.py:120}}
Sep 09 01:42:31.368465 dv-cinder-733062-22-iscsi devstack@c-api.service[112387]: WSGI app 0 (mountpoint='') ready in 4 seconds on interpreter 0x55d25a9b69c0 pid: 112387 (default app)
Sep 09 01:42:31.370648 dv-cinder-733062-22-iscsi devstack@c-api.service[112386]: WARNING keystonemiddleware.auth_token [None req-dce82183-b6d1-486d-8e9e-b70e51a572b4 None None] AuthToken middleware is set with keystone_authtoken.service_token_roles_required set to False. This is backwards compatible but deprecated behaviour. Please set this to True.
Sep 09 01:42:31.374972 dv-cinder-733062-22-iscsi devstack@c-api.service[112387]: [pid: 112387|app: 0|req: 1/1] 10.222.0.18 () {50 vars in 776 bytes} [Thu Sep 9 01:42:31 2021] GET /volume/v3 => generated 114 bytes in 5 msecs (HTTP/1.1 401) 5 headers in 229 bytes (1 switches on core 0)
Sep 09 01:42:31.377569 dv-cinder-733062-22-iscsi devstack@c-api.service[112386]: WARNING keystonemiddleware.auth_token [None req-dce82183-b6d1-486d-8e9e-b70e51a572b4 None None] Configuring www_authenticate_uri to point to the public identity endpoint is required; clients may not be able to authenticate against an admin endpoint
Sep 09 01:42:31.382655 dv-cinder-733062-22-iscsi devstack@c-api.service[112386]: WSGI app 0 (mountpoint='') ready in 4 seconds on interpreter 0x55d25a9b69c0 pid: 112386 (default app)
Sep 09 01:42:35.873132 dv-cinder-733062-22-iscsi devstack@c-api.service[112387]: INFO cinder.api.openstack.wsgi [None req-25fc46f9-63d0-441c-b861-4628c9bdca7f admin admin] POST http://10.222.0.18/volume/v3/33b59251af2e439ba9180f75ad09d60d/types
Sep 09 01:42:35.874802 dv-cinder-733062-22-iscsi devstack@c-api.service[112387]: /usr/local/lib/python3.8/dist-packages/webob/acceptparse.py:1047: DeprecationWarning: The behavior of AcceptValidHeader.best_match is currently being maintained for backward compatibility, but it will be deprecated in the future, as it does not conform to the RFC.
Sep 09 01:42:35.874802 dv-cinder-733062-22-iscsi devstack@c-api.service[112387]: warnings.warn(
Sep 09 01:42:35.875284 dv-cinder-733062-22-iscsi devstack@c-api.service[112387]: DEBUG cinder.api.openstack.wsgi [None req-25fc46f9-63d0-441c-b861-4628c9bdca7f admin admin] Action: 'create', calling method: _create, body: {"volume_type": {"name": "lvmdriver-1", "description": null, "os-volume-type-access:is_public": true}} {{(pid=112387) _process_stack /opt/stack/cinder/cinder/api/openstack/wsgi.py:854}}
Sep 09 01:42:35.877323 dv-cinder-733062-22-iscsi devstack@c-api.service[112387]: /usr/local/lib/python3.8/dist-packages/oslo_context/context.py:105: DeprecationWarning: Policy enforcement is depending on the value of is_admin. This key is deprecated. Please update your policy file to use the standard policy values.
Sep 09 01:42:35.877323 dv-cinder-733062-22-iscsi devstack@c-api.service[112387]: warnings.warn('Policy enforcement is depending on the value of '
Sep 09 01:42:35.883280 dv-cinder-733062-22-iscsi devstack@c-api.service[112387]: DEBUG oslo_db.sqlalchemy.engines [None req-25fc46f9-63d0-441c-b861-4628c9bdca7f admin admin] MySQL server mode set to STRICT_TRANS_TABLES,STRICT_ALL_TABLES,NO_ZERO_IN_DATE,NO_ZERO_DATE,ERROR_FOR_DIVISION_BY_ZERO,TRADITIONAL,NO_ENGINE_SUBSTITUTION {{(pid=112387) _check_effective_sql_mode /usr/local/lib/python3.8/dist-packages/oslo_db/sqlalchemy/engines.py:314}}
Sep 09 01:42:35.931002 dv-cinder-733062-22-iscsi devstack@c-api.service[112387]: INFO cinder.api.openstack.wsgi [None req-25fc46f9-63d0-441c-b861-4628c9bdca7f admin admin] http://10.222.0.18/volume/v3/33b59251af2e439ba9180f75ad09d60d/types returned with HTTP 200
Sep 09 01:42:35.931950 dv-cinder-733062-22-iscsi devstack@c-api.service[112387]: [pid: 112387|app: 0|req: 2/2] 10.222.0.18 () {60 vars in 1238 bytes} [Thu Sep 9 01:42:35 2021] POST /volume/v3/33b59251af2e439ba9180f75ad09d60d/types => generated 186 bytes in 707 msecs (HTTP/1.1 200) 7 headers in 285 bytes (1 switches on core 0)
Sep 09 01:42:36.390646 dv-cinder-733062-22-iscsi devstack@c-api.service[112386]: INFO cinder.api.openstack.wsgi [req-25fc46f9-63d0-441c-b861-4628c9bdca7f req-f63491c1-2e80-4925-bdd9-7d92c2a9dff7 admin admin] POST http://10.222.0.18/volume/v3/33b59251af2e439ba9180f75ad09d60d/types/88325326-f79d-42ee-aaaa-496e8522252e/extra_specs
Sep 09 01:42:36.393016 dv-cinder-733062-22-iscsi devstack@c-api.service[112386]: /usr/local/lib/python3.8/dist-packages/webob/acceptparse.py:1047: DeprecationWarning: The behavior of AcceptValidHeader.best_match is currently being maintained for backward compatibility, but it will be deprecated in the future, as it does not conform to the RFC.
Sep 09 01:42:36.393016 dv-cinder-733062-22-iscsi devstack@c-api.service[112386]: warnings.warn(
Sep 09 01:42:36.393970 dv-cinder-733062-22-iscsi devstack@c-api.service[112386]: DEBUG cinder.api.openstack.wsgi [req-25fc46f9-63d0-441c-b861-4628c9bdca7f req-f63491c1-2e80-4925-bdd9-7d92c2a9dff7 admin admin] Action: 'create', calling method: create, body: {"extra_specs": {"volume_backend_name": "lvmdriver-1"}} {{(pid=112386) _process_stack /opt/stack/cinder/cinder/api/openstack/wsgi.py:854}}
Sep 09 01:42:36.397109 dv-cinder-733062-22-iscsi devstack@c-api.service[112386]: /usr/local/lib/python3.8/dist-packages/oslo_context/context.py:105: DeprecationWarning: Policy enforcement is depending on the value of is_admin. This key is deprecated. Please update your policy file to use the standard policy values.
Sep 09 01:42:36.397109 dv-cinder-733062-22-iscsi devstack@c-api.service[112386]: warnings.warn('Policy enforcement is depending on the value of '
Sep 09 01:42:36.408509 dv-cinder-733062-22-iscsi devstack@c-api.service[112386]: DEBUG oslo_db.sqlalchemy.engines [req-25fc46f9-63d0-441c-b861-4628c9bdca7f req-f63491c1-2e80-4925-bdd9-7d92c2a9dff7 admin admin] MySQL server mode set to STRICT_TRANS_TABLES,STRICT_ALL_TABLES,NO_ZERO_IN_DATE,NO_ZERO_DATE,ERROR_FOR_DIVISION_BY_ZERO,TRADITIONAL,NO_ENGINE_SUBSTITUTION {{(pid=112386) _check_effective_sql_mode /usr/local/lib/python3.8/dist-packages/oslo_db/sqlalchemy/engines.py:314}}
Sep 09 01:42:36.538456 dv-cinder-733062-22-iscsi devstack@c-api.service[112386]: INFO cinder.api.openstack.wsgi [req-25fc46f9-63d0-441c-b861-4628c9bdca7f req-f63491c1-2e80-4925-bdd9-7d92c2a9dff7 admin admin] http://10.222.0.18/volume/v3/33b59251af2e439ba9180f75ad09d60d/types/88325326-f79d-42ee-aaaa-496e8522252e/extra_specs returned with HTTP 200
Sep 09 01:42:36.539254 dv-cinder-733062-22-iscsi devstack@c-api.service[112386]: [pid: 112386|app: 0|req: 1/3] 10.222.0.18 () {62 vars in 1455 bytes} [Thu Sep 9 01:42:35 2021] POST /volume/v3/33b59251af2e439ba9180f75ad09d60d/types/88325326-f79d-42ee-aaaa-496e8522252e/extra_specs => generated 55 bytes in 601 msecs (HTTP/1.1 200) 7 headers in 284 bytes (2 switches on core 0)
Sep 09 01:43:30.031822 dv-cinder-733062-22-iscsi devstack@c-api.service[112387]: INFO cinder.api.openstack.wsgi [None req-25fc46f9-63d0-441c-b861-4628c9bdca7f admin admin] GET http://10.222.0.18/volume//
Sep 09 01:43:30.032306 dv-cinder-733062-22-iscsi devstack@c-api.service[112387]: DEBUG cinder.api.openstack.wsgi [None req-25fc46f9-63d0-441c-b861-4628c9bdca7f admin admin] Empty body provided in request {{(pid=112387) get_body /opt/stack/cinder/cinder/api/openstack/wsgi.py:703}}
Sep 09 01:43:30.032633 dv-cinder-733062-22-iscsi devstack@c-api.service[112387]: DEBUG cinder.api.openstack.wsgi [None req-25fc46f9-63d0-441c-b861-4628c9bdca7f admin admin] Calling method 'all' {{(pid=112387) _process_stack /opt/stack/cinder/cinder/api/openstack/wsgi.py:856}}
Sep 09 01:43:30.033745 dv-cinder-733062-22-iscsi devstack@c-api.service[112387]: INFO cinder.api.openstack.wsgi [None req-25fc46f9-63d0-441c-b861-4628c9bdca7f admin admin] http://10.222.0.18/volume// returned with HTTP 300
Sep 09 01:43:30.034261 dv-cinder-733062-22-iscsi devstack@c-api.service[112387]: [pid: 112387|app: 0|req: 3/4] 10.222.0.18 () {56 vars in 1099 bytes} [Thu Sep 9 01:43:30 2021] GET /volume/ => generated 386 bytes in 4 msecs (HTTP/1.1 300) 5 headers in 169 bytes (1 switches on core 0)
Sep 09 01:45:54.077280 dv-cinder-733062-22-iscsi devstack@c-api.service[112386]: INFO cinder.api.openstack.wsgi [None req-dd244e08-3b1e-4ce2-bcd1-66b4e57f3c00 tempest-verify_tempest_config-596096280 tempest-verify_tempest_config-596096280-project] GET http://10.222.0.18/volume/v3/8a8366d2a83548208f9cf395cd77ef3a/extensions
Sep 09 01:45:54.077736 dv-cinder-733062-22-iscsi devstack@c-api.service[112386]: DEBUG cinder.api.openstack.wsgi [None req-dd244e08-3b1e-4ce2-bcd1-66b4e57f3c00 tempest-verify_tempest_config-596096280 tempest-verify_tempest_config-596096280-project] Empty body provided in request {{(pid=112386) get_body /opt/stack/cinder/cinder/api/openstack/wsgi.py:703}}
Sep 09 01:45:54.078120 dv-cinder-733062-22-iscsi devstack@c-api.service[112386]: DEBUG cinder.api.openstack.wsgi [None req-dd244e08-3b1e-4ce2-bcd1-66b4e57f3c00 tempest-verify_tempest_config-596096280 tempest-verify_tempest_config-596096280-project] Calling method 'index' {{(pid=112386) _process_stack /opt/stack/cinder/cinder/api/openstack/wsgi.py:856}}
Sep 09 01:45:54.078840 dv-cinder-733062-22-iscsi devstack@c-api.service[112386]: INFO cinder.api.openstack.wsgi [None req-dd244e08-3b1e-4ce2-bcd1-66b4e57f3c00 tempest-verify_tempest_config-596096280 tempest-verify_tempest_config-596096280-project] http://10.222.0.18/volume/v3/8a8366d2a83548208f9cf395cd77ef3a/extensions returned with HTTP 200
Sep 09 01:45:54.079629 dv-cinder-733062-22-iscsi devstack@c-api.service[112386]: [pid: 112386|app: 0|req: 2/5] 10.222.0.18 () {58 vars in 1223 bytes} [Thu Sep 9 01:45:54 2021] GET /volume/v3/8a8366d2a83548208f9cf395cd77ef3a/extensions => generated 5245 bytes in 8 msecs (HTTP/1.1 200) 7 headers in 286 bytes (1 switches on core 0)
Sep 09 01:47:46.957685 dv-cinder-733062-22-iscsi devstack@c-api.service[112387]: INFO cinder.api.openstack.wsgi [None req-70aa84a7-60b2-47f2-8947-0b012a1eae42 admin admin] GET http://10.222.0.18/volume/v3/33b59251af2e439ba9180f75ad09d60d/os-services
Sep 09 01:47:46.958190 dv-cinder-733062-22-iscsi devstack@c-api.service[112387]: DEBUG cinder.api.openstack.wsgi [None req-70aa84a7-60b2-47f2-8947-0b012a1eae42 admin admin] Empty body provided in request {{(pid=112387) get_body /opt/stack/cinder/cinder/api/openstack/wsgi.py:703}}
Sep 09 01:47:46.958560 dv-cinder-733062-22-iscsi devstack@c-api.service[112387]: DEBUG cinder.api.openstack.wsgi [None req-70aa84a7-60b2-47f2-8947-0b012a1eae42 admin admin] Calling method 'index' {{(pid=112387) _process_stack /opt/stack/cinder/cinder/api/openstack/wsgi.py:856}}
Sep 09 01:47:46.966960 dv-cinder-733062-22-iscsi devstack@c-api.service[112387]: INFO cinder.api.openstack.wsgi [None req-70aa84a7-60b2-47f2-8947-0b012a1eae42 admin admin] http://10.222.0.18/volume/v3/33b59251af2e439ba9180f75ad09d60d/os-services returned with HTTP 200
Sep 09 01:47:46.967657 dv-cinder-733062-22-iscsi devstack@c-api.service[112387]: [pid: 112387|app: 0|req: 4/6] 10.222.0.18 () {56 vars in 1202 bytes} [Thu Sep 9 01:47:46 2021] GET /volume/v3/33b59251af2e439ba9180f75ad09d60d/os-services => generated 643 bytes in 102 msecs (HTTP/1.1 200) 7 headers in 285 bytes (1 switches on core 0)
Sep 09 01:47:49.257624 dv-cinder-733062-22-iscsi devstack@c-api.service[112386]: INFO cinder.api.openstack.wsgi [None req-a1c51f9e-761f-4edb-bbe5-2e306fc78f53 admin admin] GET http://10.222.0.18/volume/v3/33b59251af2e439ba9180f75ad09d60d/os-services
Sep 09 01:47:49.258098 dv-cinder-733062-22-iscsi devstack@c-api.service[112386]: DEBUG cinder.api.openstack.wsgi [None req-a1c51f9e-761f-4edb-bbe5-2e306fc78f53 admin admin] Empty body provided in request {{(pid=112386) get_body /opt/stack/cinder/cinder/api/openstack/wsgi.py:703}}
Sep 09 01:47:49.258526 dv-cinder-733062-22-iscsi devstack@c-api.service[112386]: DEBUG cinder.api.openstack.wsgi [None req-a1c51f9e-761f-4edb-bbe5-2e306fc78f53 admin admin] Calling method 'index' {{(pid=112386) _process_stack /opt/stack/cinder/cinder/api/openstack/wsgi.py:856}}
Sep 09 01:47:49.266967 dv-cinder-733062-22-iscsi devstack@c-api.service[112386]: INFO cinder.api.openstack.wsgi [None req-a1c51f9e-761f-4edb-bbe5-2e306fc78f53 admin admin] http://10.222.0.18/volume/v3/33b59251af2e439ba9180f75ad09d60d/os-services returned with HTTP 200
Sep 09 01:47:49.267669 dv-cinder-733062-22-iscsi devstack@c-api.service[112386]: [pid: 112386|app: 0|req: 3/7] 10.222.0.18 () {56 vars in 1202 bytes} [Thu Sep 9 01:47:49 2021] GET /volume/v3/33b59251af2e439ba9180f75ad09d60d/os-services => generated 643 bytes in 99 msecs (HTTP/1.1 200) 7 headers in 285 bytes (1 switches on core 0)
Sep 09 01:49:11.538206 dv-cinder-733062-22-iscsi devstack@c-api.service[112387]: INFO cinder.api.openstack.wsgi [None req-eb60505d-68c0-494f-9907-790ec1a8c2f5 tempest-VolumesTestJSON-974262465 tempest-VolumesTestJSON-974262465-project] POST http://10.222.0.18/volume/v3/802d0c9b81b64da9a0f3838b6c2fd978/volumes
Sep 09 01:49:11.539830 dv-cinder-733062-22-iscsi devstack@c-api.service[112387]: DEBUG cinder.api.openstack.wsgi [None req-eb60505d-68c0-494f-9907-790ec1a8c2f5 tempest-VolumesTestJSON-974262465 tempest-VolumesTestJSON-974262465-project] Action: 'create', calling method: create, body: {"volume": {"metadata": {"Type": "work"}, "size": 1, "display_name": "tempest-VolumesTestJSON-volume-938038120"}} {{(pid=112387) _process_stack /opt/stack/cinder/cinder/api/openstack/wsgi.py:854}}
Sep 09 01:49:11.541441 dv-cinder-733062-22-iscsi devstack@c-api.service[112387]: DEBUG cinder.api.v3.volumes [None req-eb60505d-68c0-494f-9907-790ec1a8c2f5 tempest-VolumesTestJSON-974262465 tempest-VolumesTestJSON-974262465-project] Create volume request body: {'volume': {'metadata': {'Type': 'work'}, 'size': 1, 'display_name': 'tempest-VolumesTestJSON-volume-938038120'}} {{(pid=112387) create /opt/stack/cinder/cinder/api/v3/volumes.py:267}}
Sep 09 01:49:11.542867 dv-cinder-733062-22-iscsi devstack@c-api.service[112387]: INFO cinder.api.v3.volumes [None req-eb60505d-68c0-494f-9907-790ec1a8c2f5 tempest-VolumesTestJSON-974262465 tempest-VolumesTestJSON-974262465-project] Create volume of 1 GB
Sep 09 01:49:11.561344 dv-cinder-733062-22-iscsi devstack@c-api.service[112387]: DEBUG cinder.volume.api [None req-eb60505d-68c0-494f-9907-790ec1a8c2f5 tempest-VolumesTestJSON-974262465 tempest-VolumesTestJSON-974262465-project] Availability zone cache updated, next update will occur around 2021-09-09 02:49:11.560489. {{(pid=112387) list_availability_zones /opt/stack/cinder/cinder/volume/api.py:148}}
Sep 09 01:49:11.562596 dv-cinder-733062-22-iscsi devstack@c-api.service[112387]: INFO cinder.volume.api [None req-eb60505d-68c0-494f-9907-790ec1a8c2f5 tempest-VolumesTestJSON-974262465 tempest-VolumesTestJSON-974262465-project] Availability Zones retrieved successfully.
Sep 09 01:49:11.651406 dv-cinder-733062-22-iscsi devstack@c-api.service[112387]: DEBUG cinder.volume.api [None req-eb60505d-68c0-494f-9907-790ec1a8c2f5 tempest-VolumesTestJSON-974262465 tempest-VolumesTestJSON-974262465-project] Flow 'volume_create_api' (868d6b18-1209-49c7-a107-71b96a4bc41e) transitioned into state 'RUNNING' from state 'PENDING' {{(pid=112387) _flow_receiver /usr/local/lib/python3.8/dist-packages/taskflow/listeners/logging.py:141}}
Sep 09 01:49:11.661545 dv-cinder-733062-22-iscsi devstack@c-api.service[112387]: DEBUG cinder.volume.api [None req-eb60505d-68c0-494f-9907-790ec1a8c2f5 tempest-VolumesTestJSON-974262465 tempest-VolumesTestJSON-974262465-project] Task 'cinder.volume.flows.api.create_volume.ExtractVolumeRequestTask;volume:create' (adc16706-013e-4bd3-896c-a0eda2130963) transitioned into state 'RUNNING' from state 'PENDING' {{(pid=112387) _task_receiver /usr/local/lib/python3.8/dist-packages/taskflow/listeners/logging.py:190}}
Sep 09 01:49:11.665968 dv-cinder-733062-22-iscsi devstack@c-api.service[112387]: DEBUG cinder.volume.flows.api.create_volume [None req-eb60505d-68c0-494f-9907-790ec1a8c2f5 tempest-VolumesTestJSON-974262465 tempest-VolumesTestJSON-974262465-project] Validating volume size '1' using validate_int {{(pid=112387) _extract_size /opt/stack/cinder/cinder/volume/flows/api/create_volume.py:225}}
Sep 09 01:49:11.805838 dv-cinder-733062-22-iscsi devstack@c-api.service[112387]: DEBUG cinder.volume.api [None req-eb60505d-68c0-494f-9907-790ec1a8c2f5 tempest-VolumesTestJSON-974262465 tempest-VolumesTestJSON-974262465-project] Task 'cinder.volume.flows.api.create_volume.ExtractVolumeRequestTask;volume:create' (adc16706-013e-4bd3-896c-a0eda2130963) transitioned into state 'SUCCESS' from state 'RUNNING' with result '{'size': 1, 'snapshot_id': None, 'source_volid': None, 'volume_type': VolumeType(created_at=2021-09-09T01:40:00Z,deleted=False,deleted_at=None,description='Default Volume Type',extra_specs={},id=944316e3-ff50-4f27-b9ee-3d2e6436d3bf,is_public=True,name='__DEFAULT__',projects=[],qos_specs=,qos_specs_id=None,updated_at=2021-09-09T01:40:00Z), 'volume_type_id': '944316e3-ff50-4f27-b9ee-3d2e6436d3bf', 'encryption_key_id': None, 'qos_specs': None, 'consistencygroup_id': None, 'cgsnapshot_id': None, 'group_id': None, 'replication_status': 'disabled', 'refresh_az': False, 'backup_id': None, 'multiattach': False, 'availability_zones': ['nova']}' {{(pid=112387) _task_receiver /usr/local/lib/python3.8/dist-packages/taskflow/listeners/logging.py:178}}
Sep 09 01:49:11.811936 dv-cinder-733062-22-iscsi devstack@c-api.service[112387]: DEBUG cinder.volume.api [None req-eb60505d-68c0-494f-9907-790ec1a8c2f5 tempest-VolumesTestJSON-974262465 tempest-VolumesTestJSON-974262465-project] Task 'cinder.volume.flows.api.create_volume.QuotaReserveTask;volume:create' (54007304-f9b3-4539-bb48-5b48d42e6584) transitioned into state 'RUNNING' from state 'PENDING' {{(pid=112387) _task_receiver /usr/local/lib/python3.8/dist-packages/taskflow/listeners/logging.py:190}}
Sep 09 01:49:11.934423 dv-cinder-733062-22-iscsi devstack@c-api.service[112387]: WARNING cinder.quota [None req-eb60505d-68c0-494f-9907-790ec1a8c2f5 tempest-VolumesTestJSON-974262465 tempest-VolumesTestJSON-974262465-project] Deprecated: Default quota for resource: volumes___DEFAULT__ is set by the default quota flag: quota_volumes___DEFAULT__, it is now deprecated. Please use the default quota class for default quota.
Sep 09 01:49:11.935184 dv-cinder-733062-22-iscsi devstack@c-api.service[112387]: WARNING cinder.quota [None req-eb60505d-68c0-494f-9907-790ec1a8c2f5 tempest-VolumesTestJSON-974262465 tempest-VolumesTestJSON-974262465-project] Deprecated: Default quota for resource: gigabytes___DEFAULT__ is set by the default quota flag: quota_gigabytes___DEFAULT__, it is now deprecated. Please use the default quota class for default quota.
Sep 09 01:49:12.144000 dv-cinder-733062-22-iscsi devstack@c-api.service[112387]: DEBUG cinder.quota [None req-eb60505d-68c0-494f-9907-790ec1a8c2f5 tempest-VolumesTestJSON-974262465 tempest-VolumesTestJSON-974262465-project] Created reservations ['49403779-d61e-4c7a-a746-765091a68af4', 'c378e412-ad6b-488f-a97e-7c34eba649c3', '355a7c06-f9a2-4ee4-86b2-eb6920422919', 'aadf06a9-2347-4e82-8088-2c0e645354ff'] {{(pid=112387) reserve /opt/stack/cinder/cinder/quota.py:755}}
Sep 09 01:49:12.146069 dv-cinder-733062-22-iscsi devstack@c-api.service[112387]: DEBUG cinder.volume.api [None req-eb60505d-68c0-494f-9907-790ec1a8c2f5 tempest-VolumesTestJSON-974262465 tempest-VolumesTestJSON-974262465-project] Task 'cinder.volume.flows.api.create_volume.QuotaReserveTask;volume:create' (54007304-f9b3-4539-bb48-5b48d42e6584) transitioned into state 'SUCCESS' from state 'RUNNING' with result '{'reservations': ['49403779-d61e-4c7a-a746-765091a68af4', 'c378e412-ad6b-488f-a97e-7c34eba649c3', '355a7c06-f9a2-4ee4-86b2-eb6920422919', 'aadf06a9-2347-4e82-8088-2c0e645354ff']}' {{(pid=112387) _task_receiver /usr/local/lib/python3.8/dist-packages/taskflow/listeners/logging.py:178}}
Sep 09 01:49:12.148239 dv-cinder-733062-22-iscsi devstack@c-api.service[112387]: DEBUG cinder.volume.api [None req-eb60505d-68c0-494f-9907-790ec1a8c2f5 tempest-VolumesTestJSON-974262465 tempest-VolumesTestJSON-974262465-project] Task 'cinder.volume.flows.api.create_volume.EntryCreateTask;volume:create' (8e321248-7a93-4700-8759-98dc14976868) transitioned into state 'RUNNING' from state 'PENDING' {{(pid=112387) _task_receiver /usr/local/lib/python3.8/dist-packages/taskflow/listeners/logging.py:190}}
Sep 09 01:49:12.355483 dv-cinder-733062-22-iscsi devstack@c-api.service[112387]: DEBUG cinder.volume.api [None req-eb60505d-68c0-494f-9907-790ec1a8c2f5 tempest-VolumesTestJSON-974262465 tempest-VolumesTestJSON-974262465-project] Task 'cinder.volume.flows.api.create_volume.EntryCreateTask;volume:create' (8e321248-7a93-4700-8759-98dc14976868) transitioned into state 'SUCCESS' from state 'RUNNING' with result '{'volume_id': 'e63a6009-5a6f-478b-957a-22b510c316d6', 'volume_properties': VolumeProperties(attach_status='detached',availability_zone='nova',cgsnapshot_id=None,consistencygroup_id=None,display_description=None,display_name='tempest-VolumesTestJSON-volume-938038120',encryption_key_id=None,group_id=None,group_type_id=,metadata={Type='work'},multiattach=False,project_id='802d0c9b81b64da9a0f3838b6c2fd978',qos_specs=None,replication_status=,reservations=['49403779-d61e-4c7a-a746-765091a68af4','c378e412-ad6b-488f-a97e-7c34eba649c3','355a7c06-f9a2-4ee4-86b2-eb6920422919','aadf06a9-2347-4e82-8088-2c0e645354ff'],size=1,snapshot_id=None,source_replicaid=,source_volid=None,status='creating',user_id='a5144f5d113842059aff595dec69c3ae',volume_type_id=944316e3-ff50-4f27-b9ee-3d2e6436d3bf), 'volume': Volume(_name_id=None,admin_metadata=,attach_status='detached',availability_zone='nova',bootable=False,cluster=,cluster_name=None,consistencygroup=,consistencygroup_id=None,created_at=2021-09-09T01:49:12Z,deleted=False,deleted_at=None,display_description=None,display_name='tempest-VolumesTestJSON-volume-938038120',ec2_id=None,encryption_key_id=None,glance_metadata=,group=,group_id=None,host=None,id=e63a6009-5a6f-478b-957a-22b510c316d6,launched_at=None,metadata={Type='work'},migration_status=None,multiattach=False,previous_status=None,project_id='802d0c9b81b64da9a0f3838b6c2fd978',provider_auth=None,provider_geometry=None,provider_id=None,provider_location=None,replication_driver_data=None,replication_extended_status=None,replication_status=None,scheduled_at=None,service_uuid=None,shared_targets=True,size=1,snapshot_id=None,snapshots=,source_volid=None,status='creating',terminated_at=None,updated_at=None,use_quota=True,user_id='a5144f5d113842059aff595dec69c3ae',volume_attachment=,volume_type=VolumeType(944316e3-ff50-4f27-b9ee-3d2e6436d3bf),volume_type_id=944316e3-ff50-4f27-b9ee-3d2e6436d3bf)}' {{(pid=112387) _task_receiver /usr/local/lib/python3.8/dist-packages/taskflow/listeners/logging.py:178}}
Sep 09 01:49:12.357520 dv-cinder-733062-22-iscsi devstack@c-api.service[112387]: DEBUG cinder.volume.api [None req-eb60505d-68c0-494f-9907-790ec1a8c2f5 tempest-VolumesTestJSON-974262465 tempest-VolumesTestJSON-974262465-project] Task 'cinder.volume.flows.api.create_volume.QuotaCommitTask;volume:create' (95f37904-20ea-4afd-bd13-5b4a2747dd77) transitioned into state 'RUNNING' from state 'PENDING' {{(pid=112387) _task_receiver /usr/local/lib/python3.8/dist-packages/taskflow/listeners/logging.py:190}}
Sep 09 01:49:12.421713 dv-cinder-733062-22-iscsi devstack@c-api.service[112387]: DEBUG cinder.volume.api [None req-eb60505d-68c0-494f-9907-790ec1a8c2f5 tempest-VolumesTestJSON-974262465 tempest-VolumesTestJSON-974262465-project] Task 'cinder.volume.flows.api.create_volume.QuotaCommitTask;volume:create' (95f37904-20ea-4afd-bd13-5b4a2747dd77) transitioned into state 'SUCCESS' from state 'RUNNING' with result '{'volume_properties': VolumeProperties(attach_status='detached',availability_zone='nova',cgsnapshot_id=None,consistencygroup_id=None,display_description=None,display_name='tempest-VolumesTestJSON-volume-938038120',encryption_key_id=None,group_id=None,group_type_id=,metadata={Type='work'},multiattach=False,project_id='802d0c9b81b64da9a0f3838b6c2fd978',qos_specs=None,replication_status=,reservations=['49403779-d61e-4c7a-a746-765091a68af4','c378e412-ad6b-488f-a97e-7c34eba649c3','355a7c06-f9a2-4ee4-86b2-eb6920422919','aadf06a9-2347-4e82-8088-2c0e645354ff'],size=1,snapshot_id=None,source_replicaid=,source_volid=None,status='creating',user_id='a5144f5d113842059aff595dec69c3ae',volume_type_id=944316e3-ff50-4f27-b9ee-3d2e6436d3bf)}' {{(pid=112387) _task_receiver /usr/local/lib/python3.8/dist-packages/taskflow/listeners/logging.py:178}}
Sep 09 01:49:12.424310 dv-cinder-733062-22-iscsi devstack@c-api.service[112387]: DEBUG cinder.volume.api [None req-eb60505d-68c0-494f-9907-790ec1a8c2f5 tempest-VolumesTestJSON-974262465 tempest-VolumesTestJSON-974262465-project] Task 'cinder.volume.flows.api.create_volume.VolumeCastTask;volume:create' (ec9d8284-2a0e-4383-9085-5222057556e5) transitioned into state 'RUNNING' from state 'PENDING' {{(pid=112387) _task_receiver /usr/local/lib/python3.8/dist-packages/taskflow/listeners/logging.py:190}}
Sep 09 01:49:12.529557 dv-cinder-733062-22-iscsi devstack@c-api.service[112387]: DEBUG cinder.volume.api [None req-eb60505d-68c0-494f-9907-790ec1a8c2f5 tempest-VolumesTestJSON-974262465 tempest-VolumesTestJSON-974262465-project] Task 'cinder.volume.flows.api.create_volume.VolumeCastTask;volume:create' (ec9d8284-2a0e-4383-9085-5222057556e5) transitioned into state 'SUCCESS' from state 'RUNNING' with result 'None' {{(pid=112387) _task_receiver /usr/local/lib/python3.8/dist-packages/taskflow/listeners/logging.py:178}}
Sep 09 01:49:12.532247 dv-cinder-733062-22-iscsi devstack@c-api.service[112387]: DEBUG cinder.volume.api [None req-eb60505d-68c0-494f-9907-790ec1a8c2f5 tempest-VolumesTestJSON-974262465 tempest-VolumesTestJSON-974262465-project] Flow 'volume_create_api' (868d6b18-1209-49c7-a107-71b96a4bc41e) transitioned into state 'SUCCESS' from state 'RUNNING' {{(pid=112387) _flow_receiver /usr/local/lib/python3.8/dist-packages/taskflow/listeners/logging.py:141}}
Sep 09 01:49:12.533303 dv-cinder-733062-22-iscsi devstack@c-api.service[112387]: INFO cinder.volume.api [None req-eb60505d-68c0-494f-9907-790ec1a8c2f5 tempest-VolumesTestJSON-974262465 tempest-VolumesTestJSON-974262465-project] Create volume request issued successfully.
Sep 09 01:49:12.594363 dv-cinder-733062-22-iscsi devstack@c-api.service[112387]: INFO cinder.api.openstack.wsgi [None req-eb60505d-68c0-494f-9907-790ec1a8c2f5 tempest-VolumesTestJSON-974262465 tempest-VolumesTestJSON-974262465-project] http://10.222.0.18/volume/v3/802d0c9b81b64da9a0f3838b6c2fd978/volumes returned with HTTP 202
Sep 09 01:49:12.600937 dv-cinder-733062-22-iscsi devstack@c-api.service[112387]: [pid: 112387|app: 0|req: 5/8] 10.222.0.18 () {60 vars in 1236 bytes} [Thu Sep 9 01:49:11 2021] POST /volume/v3/802d0c9b81b64da9a0f3838b6c2fd978/volumes => generated 828 bytes in 1596 msecs (HTTP/1.1 202) 7 headers in 291 bytes (1 switches on core 0)
Sep 09 01:49:12.612738 dv-cinder-733062-22-iscsi devstack@c-api.service[112387]: INFO cinder.api.openstack.wsgi [None req-75352b89-e3e4-4b61-ad5b-27bd30005681 tempest-VolumesTestJSON-974262465 tempest-VolumesTestJSON-974262465-project] GET http://10.222.0.18/volume/v3/802d0c9b81b64da9a0f3838b6c2fd978/volumes/e63a6009-5a6f-478b-957a-22b510c316d6
Sep 09 01:49:12.613510 dv-cinder-733062-22-iscsi devstack@c-api.service[112387]: DEBUG cinder.api.openstack.wsgi [None req-75352b89-e3e4-4b61-ad5b-27bd30005681 tempest-VolumesTestJSON-974262465 tempest-VolumesTestJSON-974262465-project] Empty body provided in request {{(pid=112387) get_body /opt/stack/cinder/cinder/api/openstack/wsgi.py:703}}
Sep 09 01:49:12.613860 dv-cinder-733062-22-iscsi devstack@c-api.service[112387]: /usr/local/lib/python3.8/dist-packages/webob/acceptparse.py:1047: DeprecationWarning: The behavior of AcceptValidHeader.best_match is currently being maintained for backward compatibility, but it will be deprecated in the future, as it does not conform to the RFC.
Sep 09 01:49:12.613860 dv-cinder-733062-22-iscsi devstack@c-api.service[112387]: warnings.warn(
Sep 09 01:49:12.614460 dv-cinder-733062-22-iscsi devstack@c-api.service[112387]: DEBUG cinder.api.openstack.wsgi [None req-75352b89-e3e4-4b61-ad5b-27bd30005681 tempest-VolumesTestJSON-974262465 tempest-VolumesTestJSON-974262465-project] Calling method 'show' {{(pid=112387) _process_stack /opt/stack/cinder/cinder/api/openstack/wsgi.py:856}}
Sep 09 01:49:12.645345 dv-cinder-733062-22-iscsi devstack@c-api.service[112387]: /usr/local/lib/python3.8/dist-packages/oslo_context/context.py:105: DeprecationWarning: Policy enforcement is depending on the value of is_admin. This key is deprecated. Please update your policy file to use the standard policy values.
Sep 09 01:49:12.645345 dv-cinder-733062-22-iscsi devstack@c-api.service[112387]: warnings.warn('Policy enforcement is depending on the value of '
Sep 09 01:49:12.664640 dv-cinder-733062-22-iscsi devstack@c-api.service[112386]: INFO cinder.api.openstack.wsgi [None req-1260f974-ffac-4659-b9a0-e2e0d7b98866 tempest-GroupSnapshotsTest-607202484 tempest-GroupSnapshotsTest-607202484-project-admin] POST http://10.222.0.18/volume/v3/6cd8ae8715b941699c316acfd69f1f3e/types
Sep 09 01:49:12.665353 dv-cinder-733062-22-iscsi devstack@c-api.service[112386]: DEBUG cinder.api.openstack.wsgi [None req-1260f974-ffac-4659-b9a0-e2e0d7b98866 tempest-GroupSnapshotsTest-607202484 tempest-GroupSnapshotsTest-607202484-project-admin] Action: 'create', calling method: _create, body: {"volume_type": {"name": "tempest-GroupSnapshotsTest-volume-type-1847145910"}} {{(pid=112386) _process_stack /opt/stack/cinder/cinder/api/openstack/wsgi.py:854}}
Sep 09 01:49:12.686712 dv-cinder-733062-22-iscsi devstack@c-api.service[112387]: INFO cinder.volume.api [None req-75352b89-e3e4-4b61-ad5b-27bd30005681 tempest-VolumesTestJSON-974262465 tempest-VolumesTestJSON-974262465-project] Volume info retrieved successfully.
Sep 09 01:49:12.736407 dv-cinder-733062-22-iscsi devstack@c-api.service[112387]: INFO cinder.api.openstack.wsgi [None req-75352b89-e3e4-4b61-ad5b-27bd30005681 tempest-VolumesTestJSON-974262465 tempest-VolumesTestJSON-974262465-project] http://10.222.0.18/volume/v3/802d0c9b81b64da9a0f3838b6c2fd978/volumes/e63a6009-5a6f-478b-957a-22b510c316d6 returned with HTTP 200
Sep 09 01:49:12.737572 dv-cinder-733062-22-iscsi devstack@c-api.service[112387]: [pid: 112387|app: 0|req: 6/9] 10.222.0.18 () {58 vars in 1325 bytes} [Thu Sep 9 01:49:12 2021] GET /volume/v3/802d0c9b81b64da9a0f3838b6c2fd978/volumes/e63a6009-5a6f-478b-957a-22b510c316d6 => generated 896 bytes in 129 msecs (HTTP/1.1 200) 7 headers in 285 bytes (2 switches on core 0)
Sep 09 01:49:12.785541 dv-cinder-733062-22-iscsi devstack@c-api.service[112386]: INFO cinder.api.openstack.wsgi [None req-1260f974-ffac-4659-b9a0-e2e0d7b98866 tempest-GroupSnapshotsTest-607202484 tempest-GroupSnapshotsTest-607202484-project-admin] http://10.222.0.18/volume/v3/6cd8ae8715b941699c316acfd69f1f3e/types returned with HTTP 200
Sep 09 01:49:12.789492 dv-cinder-733062-22-iscsi devstack@c-api.service[112386]: [pid: 112386|app: 0|req: 4/10] 10.222.0.18 () {60 vars in 1229 bytes} [Thu Sep 9 01:49:12 2021] POST /volume/v3/6cd8ae8715b941699c316acfd69f1f3e/types => generated 224 bytes in 328 msecs (HTTP/1.1 200) 7 headers in 285 bytes (2 switches on core 0)
Sep 09 01:49:12.802408 dv-cinder-733062-22-iscsi devstack@c-api.service[112386]: INFO cinder.api.openstack.wsgi [None req-24061766-4985-498e-abba-eb1f22b09c2b tempest-GroupSnapshotsTest-607202484 tempest-GroupSnapshotsTest-607202484-project-admin] POST http://10.222.0.18/volume/v3/6cd8ae8715b941699c316acfd69f1f3e/group_types
Sep 09 01:49:12.804001 dv-cinder-733062-22-iscsi devstack@c-api.service[112386]: DEBUG cinder.api.openstack.wsgi [None req-24061766-4985-498e-abba-eb1f22b09c2b tempest-GroupSnapshotsTest-607202484 tempest-GroupSnapshotsTest-607202484-project-admin] Action: 'create', calling method: version_select, body: {"group_type": {"name": "tempest-GroupSnapshotsTest-group-type-1263278765"}} {{(pid=112386) _process_stack /opt/stack/cinder/cinder/api/openstack/wsgi.py:854}}
Sep 09 01:49:12.884064 dv-cinder-733062-22-iscsi devstack@c-api.service[112387]: WARNING keystonemiddleware.auth_token [None req-75352b89-e3e4-4b61-ad5b-27bd30005681 tempest-VolumesTestJSON-974262465 tempest-VolumesTestJSON-974262465-project] A valid token was submitted as a service token, but it was not a valid service token. This is incorrect but backwards compatible behaviour. This will be removed in future releases.
Sep 09 01:49:12.887949 dv-cinder-733062-22-iscsi devstack@c-api.service[112387]: INFO cinder.api.openstack.wsgi [req-c9770ea0-1932-454d-b0af-b704d2b971ec req-ce5da062-75fd-4595-b4b7-038b01e6cd84 tempest-VolumesGetTestJSON-591470071 tempest-VolumesGetTestJSON-591470071-project] POST http://10.222.0.18/volume/v3/dfe9471f1a1e4ac68d824fbd6c2024b9/volumes
Sep 09 01:49:12.888340 dv-cinder-733062-22-iscsi devstack@c-api.service[112387]: /usr/local/lib/python3.8/dist-packages/webob/acceptparse.py:1047: DeprecationWarning: The behavior of AcceptValidHeader.best_match is currently being maintained for backward compatibility, but it will be deprecated in the future, as it does not conform to the RFC.
Sep 09 01:49:12.888340 dv-cinder-733062-22-iscsi devstack@c-api.service[112387]: warnings.warn(
Sep 09 01:49:12.888720 dv-cinder-733062-22-iscsi devstack@c-api.service[112387]: DEBUG cinder.api.openstack.wsgi [req-c9770ea0-1932-454d-b0af-b704d2b971ec req-ce5da062-75fd-4595-b4b7-038b01e6cd84 tempest-VolumesGetTestJSON-591470071 tempest-VolumesGetTestJSON-591470071-project] Action: 'create', calling method: create, body: {"volume": {"size": 1, "consistencygroup_id": null, "snapshot_id": null, "name": "tempest-VolumesGetTestJSON-Volume-1161426941", "description": null, "volume_type": null, "availability_zone": null, "metadata": {"Type": "work"}, "imageRef": null, "source_volid": null, "backup_id": null}} {{(pid=112387) _process_stack /opt/stack/cinder/cinder/api/openstack/wsgi.py:854}}
Sep 09 01:49:12.890946 dv-cinder-733062-22-iscsi devstack@c-api.service[112387]: DEBUG cinder.api.v3.volumes [req-c9770ea0-1932-454d-b0af-b704d2b971ec req-ce5da062-75fd-4595-b4b7-038b01e6cd84 tempest-VolumesGetTestJSON-591470071 tempest-VolumesGetTestJSON-591470071-project] Create volume request body: {'volume': {'size': 1, 'consistencygroup_id': None, 'snapshot_id': None, 'name': 'tempest-VolumesGetTestJSON-Volume-1161426941', 'description': None, 'volume_type': None, 'availability_zone': None, 'metadata': {'Type': 'work'}, 'imageRef': None, 'source_volid': None, 'backup_id': None}} {{(pid=112387) create /opt/stack/cinder/cinder/api/v3/volumes.py:267}}
Sep 09 01:49:12.891257 dv-cinder-733062-22-iscsi devstack@c-api.service[112387]: INFO cinder.api.v3.volumes [req-c9770ea0-1932-454d-b0af-b704d2b971ec req-ce5da062-75fd-4595-b4b7-038b01e6cd84 tempest-VolumesGetTestJSON-591470071 tempest-VolumesGetTestJSON-591470071-project] Create volume of 1 GB
Sep 09 01:49:12.906448 dv-cinder-733062-22-iscsi devstack@c-api.service[112387]: INFO cinder.volume.api [req-c9770ea0-1932-454d-b0af-b704d2b971ec req-ce5da062-75fd-4595-b4b7-038b01e6cd84 tempest-VolumesGetTestJSON-591470071 tempest-VolumesGetTestJSON-591470071-project] Availability Zones retrieved successfully.
Sep 09 01:49:12.907414 dv-cinder-733062-22-iscsi devstack@c-api.service[112386]: INFO cinder.api.openstack.wsgi [None req-24061766-4985-498e-abba-eb1f22b09c2b tempest-GroupSnapshotsTest-607202484 tempest-GroupSnapshotsTest-607202484-project-admin] http://10.222.0.18/volume/v3/6cd8ae8715b941699c316acfd69f1f3e/group_types returned with HTTP 202
Sep 09 01:49:12.909657 dv-cinder-733062-22-iscsi devstack@c-api.service[112386]: [pid: 112386|app: 0|req: 5/11] 10.222.0.18 () {62 vars in 1288 bytes} [Thu Sep 9 01:49:12 2021] POST /volume/v3/6cd8ae8715b941699c316acfd69f1f3e/group_types => generated 181 bytes in 114 msecs (HTTP/1.1 202) 7 headers in 292 bytes (2 switches on core 0)
Sep 09 01:49:12.945207 dv-cinder-733062-22-iscsi devstack@c-api.service[112387]: DEBUG cinder.volume.api [req-c9770ea0-1932-454d-b0af-b704d2b971ec req-ce5da062-75fd-4595-b4b7-038b01e6cd84 tempest-VolumesGetTestJSON-591470071 tempest-VolumesGetTestJSON-591470071-project] Flow 'volume_create_api' (8459a2ee-3997-42cc-89c8-363a8609fecd) transitioned into state 'RUNNING' from state 'PENDING' {{(pid=112387) _flow_receiver /usr/local/lib/python3.8/dist-packages/taskflow/listeners/logging.py:141}}
Sep 09 01:49:12.949905 dv-cinder-733062-22-iscsi devstack@c-api.service[112387]: DEBUG cinder.volume.api [req-c9770ea0-1932-454d-b0af-b704d2b971ec req-ce5da062-75fd-4595-b4b7-038b01e6cd84 tempest-VolumesGetTestJSON-591470071 tempest-VolumesGetTestJSON-591470071-project] Task 'cinder.volume.flows.api.create_volume.ExtractVolumeRequestTask;volume:create' (72a09fb7-50f5-476c-a63c-54a6eacded04) transitioned into state 'RUNNING' from state 'PENDING' {{(pid=112387) _task_receiver /usr/local/lib/python3.8/dist-packages/taskflow/listeners/logging.py:190}}
Sep 09 01:49:12.956073 dv-cinder-733062-22-iscsi devstack@c-api.service[112387]: DEBUG cinder.volume.flows.api.create_volume [req-c9770ea0-1932-454d-b0af-b704d2b971ec req-ce5da062-75fd-4595-b4b7-038b01e6cd84 tempest-VolumesGetTestJSON-591470071 tempest-VolumesGetTestJSON-591470071-project] Validating volume size '1' using validate_int {{(pid=112387) _extract_size /opt/stack/cinder/cinder/volume/flows/api/create_volume.py:225}}
Sep 09 01:49:13.005910 dv-cinder-733062-22-iscsi devstack@c-api.service[112387]: DEBUG cinder.volume.api [req-c9770ea0-1932-454d-b0af-b704d2b971ec req-ce5da062-75fd-4595-b4b7-038b01e6cd84 tempest-VolumesGetTestJSON-591470071 tempest-VolumesGetTestJSON-591470071-project] Task 'cinder.volume.flows.api.create_volume.ExtractVolumeRequestTask;volume:create' (72a09fb7-50f5-476c-a63c-54a6eacded04) transitioned into state 'SUCCESS' from state 'RUNNING' with result '{'size': 1, 'snapshot_id': None, 'source_volid': None, 'volume_type': VolumeType(created_at=2021-09-09T01:40:00Z,deleted=False,deleted_at=None,description='Default Volume Type',extra_specs={},id=944316e3-ff50-4f27-b9ee-3d2e6436d3bf,is_public=True,name='__DEFAULT__',projects=[],qos_specs=,qos_specs_id=None,updated_at=2021-09-09T01:40:00Z), 'volume_type_id': '944316e3-ff50-4f27-b9ee-3d2e6436d3bf', 'encryption_key_id': None, 'qos_specs': None, 'consistencygroup_id': None, 'cgsnapshot_id': None, 'group_id': None, 'replication_status': 'disabled', 'refresh_az': False, 'backup_id': None, 'multiattach': False, 'availability_zones': ['nova']}' {{(pid=112387) _task_receiver /usr/local/lib/python3.8/dist-packages/taskflow/listeners/logging.py:178}}
Sep 09 01:49:13.008493 dv-cinder-733062-22-iscsi devstack@c-api.service[112387]: DEBUG cinder.volume.api [req-c9770ea0-1932-454d-b0af-b704d2b971ec req-ce5da062-75fd-4595-b4b7-038b01e6cd84 tempest-VolumesGetTestJSON-591470071 tempest-VolumesGetTestJSON-591470071-project] Task 'cinder.volume.flows.api.create_volume.QuotaReserveTask;volume:create' (71088771-741f-4a4b-9f8a-a5fded7337b6) transitioned into state 'RUNNING' from state 'PENDING' {{(pid=112387) _task_receiver /usr/local/lib/python3.8/dist-packages/taskflow/listeners/logging.py:190}}
Sep 09 01:49:13.104929 dv-cinder-733062-22-iscsi devstack@c-api.service[112386]: INFO cinder.api.openstack.wsgi [None req-2b1700bc-7953-4dd6-9869-074e10de0e9c tempest-GroupSnapshotsTest-1515232360 tempest-GroupSnapshotsTest-1515232360-project] POST http://10.222.0.18/volume/v3/d49e34c6536d4d0586ee841ec34dd098/groups
Sep 09 01:49:13.106073 dv-cinder-733062-22-iscsi devstack@c-api.service[112387]: DEBUG cinder.quota [req-c9770ea0-1932-454d-b0af-b704d2b971ec req-ce5da062-75fd-4595-b4b7-038b01e6cd84 tempest-VolumesGetTestJSON-591470071 tempest-VolumesGetTestJSON-591470071-project] Created reservations ['461d5be3-8ae1-4d1d-82e5-a7f6c525a453', '7837b893-9165-4e02-80c0-7e525d5d034e', '74ad9fcf-bfb8-4c26-80d7-fc12ef3831d7', '48c9e3c5-405f-41ae-9b2b-0a25907cd493'] {{(pid=112387) reserve /opt/stack/cinder/cinder/quota.py:755}}
Sep 09 01:49:13.106632 dv-cinder-733062-22-iscsi devstack@c-api.service[112386]: DEBUG cinder.api.openstack.wsgi [None req-2b1700bc-7953-4dd6-9869-074e10de0e9c tempest-GroupSnapshotsTest-1515232360 tempest-GroupSnapshotsTest-1515232360-project] Action: 'create', calling method: version_select, body: {"group": {"group_type": "6157a692-d0b3-4a16-bb19-8eedd63ae1b9", "volume_types": ["6d81103e-9844-4103-86be-9c634093a47a"], "name": "tempest-GroupSnapshotsTest-Group-1835228913"}} {{(pid=112386) _process_stack /opt/stack/cinder/cinder/api/openstack/wsgi.py:854}}
Sep 09 01:49:13.108036 dv-cinder-733062-22-iscsi devstack@c-api.service[112386]: DEBUG cinder.api.v3.groups [None req-2b1700bc-7953-4dd6-9869-074e10de0e9c tempest-GroupSnapshotsTest-1515232360 tempest-GroupSnapshotsTest-1515232360-project] Creating new group {'group': {'group_type': '6157a692-d0b3-4a16-bb19-8eedd63ae1b9', 'volume_types': ['6d81103e-9844-4103-86be-9c634093a47a'], 'name': 'tempest-GroupSnapshotsTest-Group-1835228913'}} {{(pid=112386) create /opt/stack/cinder/cinder/api/v3/groups.py:190}}
Sep 09 01:49:13.109155 dv-cinder-733062-22-iscsi devstack@c-api.service[112387]: DEBUG cinder.volume.api [req-c9770ea0-1932-454d-b0af-b704d2b971ec req-ce5da062-75fd-4595-b4b7-038b01e6cd84 tempest-VolumesGetTestJSON-591470071 tempest-VolumesGetTestJSON-591470071-project] Task 'cinder.volume.flows.api.create_volume.QuotaReserveTask;volume:create' (71088771-741f-4a4b-9f8a-a5fded7337b6) transitioned into state 'SUCCESS' from state 'RUNNING' with result '{'reservations': ['461d5be3-8ae1-4d1d-82e5-a7f6c525a453', '7837b893-9165-4e02-80c0-7e525d5d034e', '74ad9fcf-bfb8-4c26-80d7-fc12ef3831d7', '48c9e3c5-405f-41ae-9b2b-0a25907cd493']}' {{(pid=112387) _task_receiver /usr/local/lib/python3.8/dist-packages/taskflow/listeners/logging.py:178}}
Sep 09 01:49:13.114448 dv-cinder-733062-22-iscsi devstack@c-api.service[112387]: DEBUG cinder.volume.api [req-c9770ea0-1932-454d-b0af-b704d2b971ec req-ce5da062-75fd-4595-b4b7-038b01e6cd84 tempest-VolumesGetTestJSON-591470071 tempest-VolumesGetTestJSON-591470071-project] Task 'cinder.volume.flows.api.create_volume.EntryCreateTask;volume:create' (d32e5961-4edd-4341-a881-7a12e70cee62) transitioned into state 'RUNNING' from state 'PENDING' {{(pid=112387) _task_receiver /usr/local/lib/python3.8/dist-packages/taskflow/listeners/logging.py:190}}
Sep 09 01:49:13.118586 dv-cinder-733062-22-iscsi devstack@c-api.service[112386]: INFO cinder.api.v3.groups [None req-2b1700bc-7953-4dd6-9869-074e10de0e9c tempest-GroupSnapshotsTest-1515232360 tempest-GroupSnapshotsTest-1515232360-project] Creating group tempest-GroupSnapshotsTest-Group-1835228913.
Sep 09 01:49:13.172451 dv-cinder-733062-22-iscsi devstack@c-api.service[112387]: DEBUG cinder.volume.api [req-c9770ea0-1932-454d-b0af-b704d2b971ec req-ce5da062-75fd-4595-b4b7-038b01e6cd84 tempest-VolumesGetTestJSON-591470071 tempest-VolumesGetTestJSON-591470071-project] Task 'cinder.volume.flows.api.create_volume.EntryCreateTask;volume:create' (d32e5961-4edd-4341-a881-7a12e70cee62) transitioned into state 'SUCCESS' from state 'RUNNING' with result '{'volume_id': '54f9c55b-2f89-49b1-9abd-08a97135a443', 'volume_properties': VolumeProperties(attach_status='detached',availability_zone='nova',cgsnapshot_id=None,consistencygroup_id=None,display_description=None,display_name='tempest-VolumesGetTestJSON-Volume-1161426941',encryption_key_id=None,group_id=None,group_type_id=,metadata={Type='work'},multiattach=False,project_id='dfe9471f1a1e4ac68d824fbd6c2024b9',qos_specs=None,replication_status=,reservations=['461d5be3-8ae1-4d1d-82e5-a7f6c525a453','7837b893-9165-4e02-80c0-7e525d5d034e','74ad9fcf-bfb8-4c26-80d7-fc12ef3831d7','48c9e3c5-405f-41ae-9b2b-0a25907cd493'],size=1,snapshot_id=None,source_replicaid=,source_volid=None,status='creating',user_id='eeaf726a0d0b43ac857e369f9ce8e4cd',volume_type_id=944316e3-ff50-4f27-b9ee-3d2e6436d3bf), 'volume': Volume(_name_id=None,admin_metadata=,attach_status='detached',availability_zone='nova',bootable=False,cluster=,cluster_name=None,consistencygroup=,consistencygroup_id=None,created_at=2021-09-09T01:49:13Z,deleted=False,deleted_at=None,display_description=None,display_name='tempest-VolumesGetTestJSON-Volume-1161426941',ec2_id=None,encryption_key_id=None,glance_metadata=,group=,group_id=None,host=None,id=54f9c55b-2f89-49b1-9abd-08a97135a443,launched_at=None,metadata={Type='work'},migration_status=None,multiattach=False,previous_status=None,project_id='dfe9471f1a1e4ac68d824fbd6c2024b9',provider_auth=None,provider_geometry=None,provider_id=None,provider_location=None,replication_driver_data=None,replication_extended_status=None,replication_status=None,scheduled_at=None,service_uuid=None,shared_targets=True,size=1,snapshot_id=None,snapshots=,source_volid=None,status='creating',terminated_at=None,updated_at=None,use_quota=True,user_id='eeaf726a0d0b43ac857e369f9ce8e4cd',volume_attachment=,volume_type=VolumeType(944316e3-ff50-4f27-b9ee-3d2e6436d3bf),volume_type_id=944316e3-ff50-4f27-b9ee-3d2e6436d3bf)}' {{(pid=112387) _task_receiver /usr/local/lib/python3.8/dist-packages/taskflow/listeners/logging.py:178}}
Sep 09 01:49:13.175558 dv-cinder-733062-22-iscsi devstack@c-api.service[112387]: DEBUG cinder.volume.api [req-c9770ea0-1932-454d-b0af-b704d2b971ec req-ce5da062-75fd-4595-b4b7-038b01e6cd84 tempest-VolumesGetTestJSON-591470071 tempest-VolumesGetTestJSON-591470071-project] Task 'cinder.volume.flows.api.create_volume.QuotaCommitTask;volume:create' (16e222bc-3cfe-4109-b371-efcd86b625d4) transitioned into state 'RUNNING' from state 'PENDING' {{(pid=112387) _task_receiver /usr/local/lib/python3.8/dist-packages/taskflow/listeners/logging.py:190}}
Sep 09 01:49:13.177934 dv-cinder-733062-22-iscsi devstack@c-api.service[112386]: DEBUG cinder.volume.api [None req-2b1700bc-7953-4dd6-9869-074e10de0e9c tempest-GroupSnapshotsTest-1515232360 tempest-GroupSnapshotsTest-1515232360-project] Availability zone cache updated, next update will occur around 2021-09-09 02:49:13.176580. {{(pid=112386) list_availability_zones /opt/stack/cinder/cinder/volume/api.py:148}}
Sep 09 01:49:13.178811 dv-cinder-733062-22-iscsi devstack@c-api.service[112386]: INFO cinder.volume.api [None req-2b1700bc-7953-4dd6-9869-074e10de0e9c tempest-GroupSnapshotsTest-1515232360 tempest-GroupSnapshotsTest-1515232360-project] Availability Zones retrieved successfully.
Sep 09 01:49:13.233772 dv-cinder-733062-22-iscsi devstack@c-api.service[112387]: DEBUG cinder.volume.api [req-c9770ea0-1932-454d-b0af-b704d2b971ec req-ce5da062-75fd-4595-b4b7-038b01e6cd84 tempest-VolumesGetTestJSON-591470071 tempest-VolumesGetTestJSON-591470071-project] Task 'cinder.volume.flows.api.create_volume.QuotaCommitTask;volume:create' (16e222bc-3cfe-4109-b371-efcd86b625d4) transitioned into state 'SUCCESS' from state 'RUNNING' with result '{'volume_properties': VolumeProperties(attach_status='detached',availability_zone='nova',cgsnapshot_id=None,consistencygroup_id=None,display_description=None,display_name='tempest-VolumesGetTestJSON-Volume-1161426941',encryption_key_id=None,group_id=None,group_type_id=,metadata={Type='work'},multiattach=False,project_id='dfe9471f1a1e4ac68d824fbd6c2024b9',qos_specs=None,replication_status=,reservations=['461d5be3-8ae1-4d1d-82e5-a7f6c525a453','7837b893-9165-4e02-80c0-7e525d5d034e','74ad9fcf-bfb8-4c26-80d7-fc12ef3831d7','48c9e3c5-405f-41ae-9b2b-0a25907cd493'],size=1,snapshot_id=None,source_replicaid=,source_volid=None,status='creating',user_id='eeaf726a0d0b43ac857e369f9ce8e4cd',volume_type_id=944316e3-ff50-4f27-b9ee-3d2e6436d3bf)}' {{(pid=112387) _task_receiver /usr/local/lib/python3.8/dist-packages/taskflow/listeners/logging.py:178}}
Sep 09 01:49:13.237071 dv-cinder-733062-22-iscsi devstack@c-api.service[112387]: DEBUG cinder.volume.api [req-c9770ea0-1932-454d-b0af-b704d2b971ec req-ce5da062-75fd-4595-b4b7-038b01e6cd84 tempest-VolumesGetTestJSON-591470071 tempest-VolumesGetTestJSON-591470071-project] Task 'cinder.volume.flows.api.create_volume.VolumeCastTask;volume:create' (a11d2742-db69-4f37-9e9e-96e97536fcbc) transitioned into state 'RUNNING' from state 'PENDING' {{(pid=112387) _task_receiver /usr/local/lib/python3.8/dist-packages/taskflow/listeners/logging.py:190}}
Sep 09 01:49:13.260389 dv-cinder-733062-22-iscsi devstack@c-api.service[112387]: DEBUG cinder.volume.api [req-c9770ea0-1932-454d-b0af-b704d2b971ec req-ce5da062-75fd-4595-b4b7-038b01e6cd84 tempest-VolumesGetTestJSON-591470071 tempest-VolumesGetTestJSON-591470071-project] Task 'cinder.volume.flows.api.create_volume.VolumeCastTask;volume:create' (a11d2742-db69-4f37-9e9e-96e97536fcbc) transitioned into state 'SUCCESS' from state 'RUNNING' with result 'None' {{(pid=112387) _task_receiver /usr/local/lib/python3.8/dist-packages/taskflow/listeners/logging.py:178}}
Sep 09 01:49:13.273940 dv-cinder-733062-22-iscsi devstack@c-api.service[112387]: DEBUG cinder.volume.api [req-c9770ea0-1932-454d-b0af-b704d2b971ec req-ce5da062-75fd-4595-b4b7-038b01e6cd84 tempest-VolumesGetTestJSON-591470071 tempest-VolumesGetTestJSON-591470071-project] Flow 'volume_create_api' (8459a2ee-3997-42cc-89c8-363a8609fecd) transitioned into state 'SUCCESS' from state 'RUNNING' {{(pid=112387) _flow_receiver /usr/local/lib/python3.8/dist-packages/taskflow/listeners/logging.py:141}}
Sep 09 01:49:13.278639 dv-cinder-733062-22-iscsi devstack@c-api.service[112387]: INFO cinder.volume.api [req-c9770ea0-1932-454d-b0af-b704d2b971ec req-ce5da062-75fd-4595-b4b7-038b01e6cd84 tempest-VolumesGetTestJSON-591470071 tempest-VolumesGetTestJSON-591470071-project] Create volume request issued successfully.
