Jun 30 02:43:08.096017 dv-cinder-733062-20-iscsi neutron-server[99696]: INFO neutron.wsgi [None req-0d91ce32-67a2-48c8-afc2-4cf9b59be0b6 admin admin] 10.222.0.104 "DELETE /v2.0/security-groups/a91b8202-3d37-43ab-986c-4866e9801720 HTTP/1.1" status: 204 len: 168 time: 0.1987004
Jun 30 02:43:08.107391 dv-cinder-733062-20-iscsi neutron-server[99696]: DEBUG neutron.api.rpc.handlers.resources_rpc [None req-0d91ce32-67a2-48c8-afc2-4cf9b59be0b6 admin admin] Pushing event deleted for resources: {'SecurityGroup': ['ID=a91b8202-3d37-43ab-986c-4866e9801720,revision_number=None']} {{(pid=99696) push /opt/stack/neutron/neutron/api/rpc/handlers/resources_rpc.py:237}}
Jun 30 02:43:08.198861 dv-cinder-733062-20-iscsi neutron-server[99698]: DEBUG neutron.notifiers.nova [-] Sending events: [{'server_uuid': '519b6886-c2b6-41e3-bda9-48c0d5f9ad1e', 'name': 'network-vif-plugged', 'status': 'completed', 'tag': '29915648-ff48-4fa1-9add-2e872d0ea18a'}] {{(pid=99698) send_events /opt/stack/neutron/neutron/notifiers/nova.py:262}}
Jun 30 02:43:08.201684 dv-cinder-733062-20-iscsi neutron-server[99698]: DEBUG novaclient.v2.client [-] REQ: curl -g -i --cacert "/opt/stack/data/ca-bundle.pem" -X POST http://10.222.0.104/compute/v2.1/os-server-external-events -H "Accept: application/json" -H "Content-Type: application/json" -H "User-Agent: python-novaclient" -H "X-Auth-Token: {SHA256}5e380f412140b3eed0aed947e6830021f1f64bc59a5d7f1a5bedff4e1ee9c4d5" -H "X-OpenStack-Nova-API-Version: 2.1" -H "X-OpenStack-Request-ID: req-3e24bb39-281d-4c5f-a8cb-f75a389073a8" -d '{"events": [{"server_uuid": "519b6886-c2b6-41e3-bda9-48c0d5f9ad1e", "name": "network-vif-plugged", "status": "completed", "tag": "29915648-ff48-4fa1-9add-2e872d0ea18a"}]}' {{(pid=99698) _http_log_request /usr/local/lib/python3.8/dist-packages/keystoneauth1/session.py:519}}
Jun 30 02:43:08.241022 dv-cinder-733062-20-iscsi neutron-server[99698]: DEBUG novaclient.v2.client [-] RESP: [200] Connection: close Content-Length: 183 Content-Type: application/json Date: Wed, 30 Jun 2021 02:43:08 GMT OpenStack-API-Version: compute 2.1 Server: Apache/2.4.41 (Ubuntu) Vary: OpenStack-API-Version,X-OpenStack-Nova-API-Version X-OpenStack-Nova-API-Version: 2.1 x-compute-request-id: req-224fb1d1-9729-437d-b46a-387941112491 x-openstack-request-id: req-224fb1d1-9729-437d-b46a-387941112491 {{(pid=99698) _http_log_response /usr/local/lib/python3.8/dist-packages/keystoneauth1/session.py:550}}
Jun 30 02:43:08.241326 dv-cinder-733062-20-iscsi neutron-server[99698]: DEBUG novaclient.v2.client [-] RESP BODY: {"events": [{"server_uuid": "519b6886-c2b6-41e3-bda9-48c0d5f9ad1e", "name": "network-vif-plugged", "status": "completed", "tag": "29915648-ff48-4fa1-9add-2e872d0ea18a", "code": 200}]} {{(pid=99698) _http_log_response /usr/local/lib/python3.8/dist-packages/keystoneauth1/session.py:582}}
Jun 30 02:43:08.241704 dv-cinder-733062-20-iscsi neutron-server[99698]: DEBUG novaclient.v2.client [-] POST call to compute for http://10.222.0.104/compute/v2.1/os-server-external-events used request id req-224fb1d1-9729-437d-b46a-387941112491 {{(pid=99698) request /usr/local/lib/python3.8/dist-packages/keystoneauth1/session.py:954}}
Jun 30 02:43:08.242260 dv-cinder-733062-20-iscsi neutron-server[99698]: INFO neutron.notifiers.nova [-] Nova event response: {'server_uuid': '519b6886-c2b6-41e3-bda9-48c0d5f9ad1e', 'name': 'network-vif-plugged', 'status': 'completed', 'tag': '29915648-ff48-4fa1-9add-2e872d0ea18a', 'code': 200}
Jun 30 02:43:08.317964 dv-cinder-733062-20-iscsi neutron-server[99698]: DEBUG neutron_lib.callbacks.manager [None req-a42db026-6307-4272-b910-ab1fd2471959 None None] Notify callbacks ['neutron.services.segments.db._update_segment_host_mapping_for_agent-8728670336305', 'neutron.plugins.ml2.plugin.Ml2Plugin._retry_binding_revived_agents-2007066'] for agent, after_update {{(pid=99698) _notify_loop /usr/local/lib/python3.8/dist-packages/neutron_lib/callbacks/manager.py:192}}
Jun 30 02:43:08.500320 dv-cinder-733062-20-iscsi neutron-server[99696]: DEBUG neutron.wsgi [-] (99696) accepted ('10.222.0.104', 53444) {{(pid=99696) server /usr/local/lib/python3.8/dist-packages/eventlet/wsgi.py:982}}
Jun 30 02:43:08.535444 dv-cinder-733062-20-iscsi neutron-server[99696]: DEBUG neutron_lib.callbacks.manager [None req-d2c4aac8-b4c8-4920-a4dd-b69a1dee6c67 admin admin] Notify callbacks [] for security_group, before_create {{(pid=99696) _notify_loop /usr/local/lib/python3.8/dist-packages/neutron_lib/callbacks/manager.py:192}}
Jun 30 02:43:08.611295 dv-cinder-733062-20-iscsi neutron-server[99696]: DEBUG neutron.pecan_wsgi.hooks.policy_enforcement [req-c1d25e30-448b-4fd0-a023-03f0d36ab6f1 req-99a7a91b-19f5-4666-a583-f707af7aa4da service neutron] Attributes excluded by policy engine: ['standard_attr_id'] {{(pid=99696) _exclude_attributes_by_policy /opt/stack/neutron/neutron/pecan_wsgi/hooks/policy_enforcement.py:255}}
Jun 30 02:43:08.615526 dv-cinder-733062-20-iscsi neutron-server[99696]: INFO neutron.wsgi [req-c1d25e30-448b-4fd0-a023-03f0d36ab6f1 req-99a7a91b-19f5-4666-a583-f707af7aa4da service neutron] 10.222.0.88 "GET /v2.0/ports?device_id=519b6886-c2b6-41e3-bda9-48c0d5f9ad1e HTTP/1.1" status: 200 len: 1099 time: 0.1785696
Jun 30 02:43:08.732759 dv-cinder-733062-20-iscsi neutron-server[99696]: INFO neutron.wsgi [req-c1d25e30-448b-4fd0-a023-03f0d36ab6f1 req-e06a36d6-53e4-4b14-b544-460dd36a9cc3 service neutron] 10.222.0.88 "GET /v2.0/security-groups?id=370e76e1-3f69-43f3-830b-f3ee683c29c8&fields=id&fields=name HTTP/1.1" status: 200 len: 286 time: 0.1059978
Jun 30 02:43:08.776177 dv-cinder-733062-20-iscsi neutron-server[99697]: DEBUG neutron.wsgi [-] (99697) accepted ('10.222.0.104', 53454) {{(pid=99697) server /usr/local/lib/python3.8/dist-packages/eventlet/wsgi.py:982}}
Jun 30 02:43:08.838163 dv-cinder-733062-20-iscsi neutron-server[99697]: DEBUG neutron_lib.callbacks.manager [None req-9fe2ade6-6043-4d7d-afea-4838fb268916 admin admin] Notify callbacks [] for security_group, before_create {{(pid=99697) _notify_loop /usr/local/lib/python3.8/dist-packages/neutron_lib/callbacks/manager.py:192}}
Jun 30 02:43:08.853844 dv-cinder-733062-20-iscsi neutron-server[99696]: DEBUG neutron_lib.callbacks.manager [None req-d2c4aac8-b4c8-4920-a4dd-b69a1dee6c67 admin admin] Notify callbacks [] for security_group, precommit_create {{(pid=99696) _notify_loop /usr/local/lib/python3.8/dist-packages/neutron_lib/callbacks/manager.py:192}}
Jun 30 02:43:08.864705 dv-cinder-733062-20-iscsi neutron-server[99696]: DEBUG neutron_lib.callbacks.manager [None req-d2c4aac8-b4c8-4920-a4dd-b69a1dee6c67 admin admin] Notify callbacks ['neutron.plugins.ml2.ovo_rpc._ObjectChangeHandler.handle_payload_event-960438'] for security_group, after_create {{(pid=99696) _notify_loop /usr/local/lib/python3.8/dist-packages/neutron_lib/callbacks/manager.py:192}}
Jun 30 02:43:08.950827 dv-cinder-733062-20-iscsi neutron-server[99696]: DEBUG neutron.api.rpc.handlers.resources_rpc [None req-d2c4aac8-b4c8-4920-a4dd-b69a1dee6c67 admin admin] Pushing event updated for resources: {'SecurityGroup': ['ID=ff325306-6225-4688-925a-ee7ed75a554a,revision_number=1']} {{(pid=99696) push /opt/stack/neutron/neutron/api/rpc/handlers/resources_rpc.py:237}}
Jun 30 02:43:09.003870 dv-cinder-733062-20-iscsi neutron-server[99697]: DEBUG neutron.pecan_wsgi.hooks.policy_enforcement [req-013e4d73-3229-4209-a6d3-deb4935756dd req-d90edabb-8795-4c7a-ac7a-c235a896ecb2 tempest-ServerRescueNegativeTestJSON-669052266 tempest-ServerRescueNegativeTestJSON-669052266-project] Attributes excluded by policy engine: ['standard_attr_id', 'binding:profile', 'binding:host_id', 'binding:vif_type', 'binding:vif_details'] {{(pid=99697) _exclude_attributes_by_policy /opt/stack/neutron/neutron/pecan_wsgi/hooks/policy_enforcement.py:255}}
Jun 30 02:43:09.005518 dv-cinder-733062-20-iscsi neutron-server[99697]: INFO neutron.wsgi [req-013e4d73-3229-4209-a6d3-deb4935756dd req-d90edabb-8795-4c7a-ac7a-c235a896ecb2 tempest-ServerRescueNegativeTestJSON-669052266 tempest-ServerRescueNegativeTestJSON-669052266-project] 10.222.0.104 "GET /v2.0/ports?device_id=519b6886-c2b6-41e3-bda9-48c0d5f9ad1e HTTP/1.1" status: 200 len: 946 time: 0.2947736
Jun 30 02:43:09.017642 dv-cinder-733062-20-iscsi neutron-server[99697]: DEBUG neutron_lib.callbacks.manager [None req-9fe2ade6-6043-4d7d-afea-4838fb268916 admin admin] Notify callbacks [] for security_group, precommit_create {{(pid=99697) _notify_loop /usr/local/lib/python3.8/dist-packages/neutron_lib/callbacks/manager.py:192}}
Jun 30 02:43:09.036830 dv-cinder-733062-20-iscsi neutron-server[99697]: DEBUG neutron_lib.callbacks.manager [None req-9fe2ade6-6043-4d7d-afea-4838fb268916 admin admin] Notify callbacks ['neutron.plugins.ml2.ovo_rpc._ObjectChangeHandler.handle_payload_event-960438'] for security_group, after_create {{(pid=99697) _notify_loop /usr/local/lib/python3.8/dist-packages/neutron_lib/callbacks/manager.py:192}}
Jun 30 02:43:09.065363 dv-cinder-733062-20-iscsi neutron-server[99696]: INFO neutron.wsgi [None req-d2c4aac8-b4c8-4920-a4dd-b69a1dee6c67 admin admin] 10.222.0.104 "GET /v2.0/security-groups?tenant_id=bdad5540dfe44868974d13ee09cb028c&name=default HTTP/1.1" status: 200 len: 2979 time: 0.5600233
Jun 30 02:43:09.068237 dv-cinder-733062-20-iscsi neutron-server[99696]: DEBUG neutron.wsgi [-] (99696) accepted ('10.222.0.104', 53468) {{(pid=99696) server /usr/local/lib/python3.8/dist-packages/eventlet/wsgi.py:982}}
Jun 30 02:43:09.114526 dv-cinder-733062-20-iscsi neutron-server[99697]: INFO neutron.wsgi [None req-9fe2ade6-6043-4d7d-afea-4838fb268916 admin admin] 10.222.0.104 "GET /v2.0/security-groups?tenant_id=611de7843bf64b76a7fe8292117da33c&name=default HTTP/1.1" status: 200 len: 2979 time: 0.3341608
Jun 30 02:43:09.116971 dv-cinder-733062-20-iscsi neutron-server[99696]: DEBUG neutron.wsgi [-] (99696) accepted ('10.222.0.104', 53470) {{(pid=99696) server /usr/local/lib/python3.8/dist-packages/eventlet/wsgi.py:982}}
Jun 30 02:43:09.117173 dv-cinder-733062-20-iscsi neutron-server[99697]: DEBUG neutron.api.rpc.handlers.resources_rpc [None req-9fe2ade6-6043-4d7d-afea-4838fb268916 admin admin] Pushing event updated for resources: {'SecurityGroup': ['ID=c483adcb-a3ce-44a0-b77f-b23603d89418,revision_number=1']} {{(pid=99697) push /opt/stack/neutron/neutron/api/rpc/handlers/resources_rpc.py:237}}
Jun 30 02:43:09.140626 dv-cinder-733062-20-iscsi neutron-server[99697]: INFO neutron.wsgi [req-013e4d73-3229-4209-a6d3-deb4935756dd req-4f41148e-9736-4a09-9e66-b7af7dfd2d3b tempest-ServerRescueNegativeTestJSON-669052266 tempest-ServerRescueNegativeTestJSON-669052266-project] 10.222.0.104 "GET /v2.0/security-groups?id=370e76e1-3f69-43f3-830b-f3ee683c29c8&fields=id&fields=name HTTP/1.1" status: 200 len: 286 time: 0.1242831
Jun 30 02:43:09.161315 dv-cinder-733062-20-iscsi neutron-server[99696]: DEBUG neutron.pecan_wsgi.hooks.policy_enforcement [req-93f35ac0-3b21-4e67-a324-b6fd53dc2b12 req-4c5543c7-2df9-44db-b04f-2f3e4b747c03 tempest-AttachVolumeShelveTestJSON-1943003454 tempest-AttachVolumeShelveTestJSON-1943003454-project] Attributes excluded by policy engine: ['standard_attr_id', 'binding:profile', 'binding:host_id', 'binding:vif_type', 'binding:vif_details'] {{(pid=99696) _exclude_attributes_by_policy /opt/stack/neutron/neutron/pecan_wsgi/hooks/policy_enforcement.py:255}}
Jun 30 02:43:09.164667 dv-cinder-733062-20-iscsi neutron-server[99696]: INFO neutron.wsgi [req-93f35ac0-3b21-4e67-a324-b6fd53dc2b12 req-4c5543c7-2df9-44db-b04f-2f3e4b747c03 tempest-AttachVolumeShelveTestJSON-1943003454 tempest-AttachVolumeShelveTestJSON-1943003454-project] 10.222.0.104 "GET /v2.0/ports?device_id=d38adf46-35b0-443e-ae5d-b8636f6b48a6 HTTP/1.1" status: 200 len: 946 time: 0.1958582
Jun 30 02:43:09.198299 dv-cinder-733062-20-iscsi neutron-server[99696]: DEBUG neutron_lib.callbacks.manager [None req-71f97a7d-1266-4a54-93c2-8ce46148d57e admin admin] Notify callbacks [] for security_group, before_delete {{(pid=99696) _notify_loop /usr/local/lib/python3.8/dist-packages/neutron_lib/callbacks/manager.py:192}}
Jun 30 02:43:09.249204 dv-cinder-733062-20-iscsi neutron-server[99696]: DEBUG neutron_lib.callbacks.manager [None req-71f97a7d-1266-4a54-93c2-8ce46148d57e admin admin] Notify callbacks [] for security_group, precommit_delete {{(pid=99696) _notify_loop /usr/local/lib/python3.8/dist-packages/neutron_lib/callbacks/manager.py:192}}
Jun 30 02:43:09.259349 dv-cinder-733062-20-iscsi neutron-server[99696]: DEBUG neutron_lib.callbacks.manager [None req-cfe2f4da-1cfe-46c0-8197-f8da1ae084e0 admin admin] Notify callbacks [] for security_group, before_delete {{(pid=99696) _notify_loop /usr/local/lib/python3.8/dist-packages/neutron_lib/callbacks/manager.py:192}}
Jun 30 02:43:09.268079 dv-cinder-733062-20-iscsi neutron-server[99696]: INFO neutron.wsgi [req-93f35ac0-3b21-4e67-a324-b6fd53dc2b12 req-a64a21c8-6440-4edc-b890-c97ad9ba400b tempest-AttachVolumeShelveTestJSON-1943003454 tempest-AttachVolumeShelveTestJSON-1943003454-project] 10.222.0.104 "GET /v2.0/security-groups?id=52c4e1a2-6627-4aae-9e62-353ec9ec6560&fields=id&fields=name HTTP/1.1" status: 200 len: 313 time: 0.0958283
Jun 30 02:43:09.303657 dv-cinder-733062-20-iscsi neutron-server[99696]: DEBUG neutron_lib.callbacks.manager [None req-cfe2f4da-1cfe-46c0-8197-f8da1ae084e0 admin admin] Notify callbacks [] for security_group, precommit_delete {{(pid=99696) _notify_loop /usr/local/lib/python3.8/dist-packages/neutron_lib/callbacks/manager.py:192}}
Jun 30 02:43:09.353137 dv-cinder-733062-20-iscsi neutron-server[99696]: DEBUG neutron_lib.callbacks.manager [None req-71f97a7d-1266-4a54-93c2-8ce46148d57e admin admin] Notify callbacks ['neutron.plugins.ml2.ovo_rpc._ObjectChangeHandler.handle_payload_event-960438'] for security_group, after_delete {{(pid=99696) _notify_loop /usr/local/lib/python3.8/dist-packages/neutron_lib/callbacks/manager.py:192}}
Jun 30 02:43:09.357041 dv-cinder-733062-20-iscsi neutron-server[99696]: DEBUG neutron_lib.callbacks.manager [None req-71f97a7d-1266-4a54-93c2-8ce46148d57e admin admin] Notify callbacks [] for security_group, before_response {{(pid=99696) _notify_loop /usr/local/lib/python3.8/dist-packages/neutron_lib/callbacks/manager.py:192}}
Jun 30 02:43:09.358380 dv-cinder-733062-20-iscsi neutron-server[99696]: INFO neutron.wsgi [None req-71f97a7d-1266-4a54-93c2-8ce46148d57e admin admin] 10.222.0.104 "DELETE /v2.0/security-groups/ff325306-6225-4688-925a-ee7ed75a554a HTTP/1.1" status: 204 len: 168 time: 0.2879481
Jun 30 02:43:09.369212 dv-cinder-733062-20-iscsi neutron-server[99696]: DEBUG neutron.api.rpc.handlers.resources_rpc [None req-71f97a7d-1266-4a54-93c2-8ce46148d57e admin admin] Pushing event deleted for resources: {'SecurityGroup': ['ID=ff325306-6225-4688-925a-ee7ed75a554a,revision_number=None']} {{(pid=99696) push /opt/stack/neutron/neutron/api/rpc/handlers/resources_rpc.py:237}}
Jun 30 02:43:09.400176 dv-cinder-733062-20-iscsi neutron-server[99696]: DEBUG neutron_lib.callbacks.manager [None req-cfe2f4da-1cfe-46c0-8197-f8da1ae084e0 admin admin] Notify callbacks ['neutron.plugins.ml2.ovo_rpc._ObjectChangeHandler.handle_payload_event-960438'] for security_group, after_delete {{(pid=99696) _notify_loop /usr/local/lib/python3.8/dist-packages/neutron_lib/callbacks/manager.py:192}}
Jun 30 02:43:09.402714 dv-cinder-733062-20-iscsi neutron-server[99696]: DEBUG neutron_lib.callbacks.manager [None req-cfe2f4da-1cfe-46c0-8197-f8da1ae084e0 admin admin] Notify callbacks [] for security_group, before_response {{(pid=99696) _notify_loop /usr/local/lib/python3.8/dist-packages/neutron_lib/callbacks/manager.py:192}}
Jun 30 02:43:09.412134 dv-cinder-733062-20-iscsi neutron-server[99696]: INFO neutron.wsgi [None req-cfe2f4da-1cfe-46c0-8197-f8da1ae084e0 admin admin] 10.222.0.104 "DELETE /v2.0/security-groups/c483adcb-a3ce-44a0-b77f-b23603d89418 HTTP/1.1" status: 204 len: 168 time: 0.2941606
Jun 30 02:43:09.426278 dv-cinder-733062-20-iscsi neutron-server[99696]: DEBUG neutron.api.rpc.handlers.resources_rpc [None req-cfe2f4da-1cfe-46c0-8197-f8da1ae084e0 admin admin] Pushing event deleted for resources: {'SecurityGroup': ['ID=c483adcb-a3ce-44a0-b77f-b23603d89418,revision_number=None']} {{(pid=99696) push /opt/stack/neutron/neutron/api/rpc/handlers/resources_rpc.py:237}}
Jun 30 02:43:09.509196 dv-cinder-733062-20-iscsi neutron-server[99697]: DEBUG neutron.pecan_wsgi.hooks.policy_enforcement [req-2f540bc4-6b8d-4882-9e20-ce25101ff9af req-b2600b93-63c7-41f5-8627-e03c525d4d57 tempest-AttachVolumeShelveTestJSON-1943003454 tempest-AttachVolumeShelveTestJSON-1943003454-project] Attributes excluded by policy engine: ['standard_attr_id', 'binding:profile', 'binding:host_id', 'binding:vif_type', 'binding:vif_details'] {{(pid=99697) _exclude_attributes_by_policy /opt/stack/neutron/neutron/pecan_wsgi/hooks/policy_enforcement.py:255}}
Jun 30 02:43:09.511132 dv-cinder-733062-20-iscsi neutron-server[99697]: INFO neutron.wsgi [req-2f540bc4-6b8d-4882-9e20-ce25101ff9af req-b2600b93-63c7-41f5-8627-e03c525d4d57 tempest-AttachVolumeShelveTestJSON-1943003454 tempest-AttachVolumeShelveTestJSON-1943003454-project] 10.222.0.104 "GET /v2.0/ports?device_id=d38adf46-35b0-443e-ae5d-b8636f6b48a6 HTTP/1.1" status: 200 len: 946 time: 0.0835195
Jun 30 02:43:09.522541 dv-cinder-733062-20-iscsi neutron-server[99697]: DEBUG neutron.wsgi [-] (99697) accepted ('10.222.0.104', 53526) {{(pid=99697) server /usr/local/lib/python3.8/dist-packages/eventlet/wsgi.py:982}}
Jun 30 02:43:09.528869 dv-cinder-733062-20-iscsi neutron-server[99697]: DEBUG neutron.api.v2.base [None req-d11ca83e-0f6b-45be-918a-73c0fc114d39 tempest-AttachVolumeShelveTestJSON-1943003454 tempest-AttachVolumeShelveTestJSON-1943003454-project] Request body: {'floatingip': {'port_id': '46cc1817-02bc-4998-bee2-94f7893d5d86'}} {{(pid=99697) prepare_request_body /opt/stack/neutron/neutron/api/v2/base.py:729}}
Jun 30 02:43:09.632227 dv-cinder-733062-20-iscsi neutron-server[99697]: DEBUG neutron_lib.callbacks.manager [None req-d11ca83e-0f6b-45be-918a-73c0fc114d39 tempest-AttachVolumeShelveTestJSON-1943003454 tempest-AttachVolumeShelveTestJSON-1943003454-project] Notify callbacks [] for floatingip, before_update {{(pid=99697) _notify_loop /usr/local/lib/python3.8/dist-packages/neutron_lib/callbacks/manager.py:192}}
Jun 30 02:43:09.891076 dv-cinder-733062-20-iscsi neutron-server[99696]: DEBUG neutron.wsgi [-] (99696) accepted ('10.222.0.104', 53542) {{(pid=99696) server /usr/local/lib/python3.8/dist-packages/eventlet/wsgi.py:982}}
Jun 30 02:43:09.918092 dv-cinder-733062-20-iscsi neutron-server[99696]: DEBUG neutron_lib.callbacks.manager [None req-c87fa96c-d66b-4e38-a09c-37ea7cabb29d admin admin] Notify callbacks [] for security_group, before_create {{(pid=99696) _notify_loop /usr/local/lib/python3.8/dist-packages/neutron_lib/callbacks/manager.py:192}}
Jun 30 02:43:10.061806 dv-cinder-733062-20-iscsi neutron-server[99696]: DEBUG neutron_lib.callbacks.manager [None req-c87fa96c-d66b-4e38-a09c-37ea7cabb29d admin admin] Notify callbacks [] for security_group, precommit_create {{(pid=99696) _notify_loop /usr/local/lib/python3.8/dist-packages/neutron_lib/callbacks/manager.py:192}}
Jun 30 02:43:10.068335 dv-cinder-733062-20-iscsi neutron-server[99696]: DEBUG neutron_lib.callbacks.manager [None req-c87fa96c-d66b-4e38-a09c-37ea7cabb29d admin admin] Notify callbacks ['neutron.plugins.ml2.ovo_rpc._ObjectChangeHandler.handle_payload_event-960438'] for security_group, after_create {{(pid=99696) _notify_loop /usr/local/lib/python3.8/dist-packages/neutron_lib/callbacks/manager.py:192}}
Jun 30 02:43:10.126111 dv-cinder-733062-20-iscsi neutron-server[99696]: INFO neutron.wsgi [None req-c87fa96c-d66b-4e38-a09c-37ea7cabb29d admin admin] 10.222.0.104 "GET /v2.0/security-groups?tenant_id=69dae361d5484b368da37a0ca3e38575&name=default HTTP/1.1" status: 200 len: 2979 time: 0.2321639
Jun 30 02:43:10.126751 dv-cinder-733062-20-iscsi neutron-server[99696]: DEBUG neutron.wsgi [-] (99696) accepted ('10.222.0.104', 53558) {{(pid=99696) server /usr/local/lib/python3.8/dist-packages/eventlet/wsgi.py:982}}
Jun 30 02:43:10.252846 dv-cinder-733062-20-iscsi neutron-server[99696]: DEBUG neutron.api.rpc.handlers.resources_rpc [None req-c87fa96c-d66b-4e38-a09c-37ea7cabb29d admin admin] Pushing event updated for resources: {'SecurityGroup': ['ID=fafd73fa-2e28-477c-8c0a-1b57214c1811,revision_number=1']} {{(pid=99696) push /opt/stack/neutron/neutron/api/rpc/handlers/resources_rpc.py:237}}
Jun 30 02:43:10.315047 dv-cinder-733062-20-iscsi neutron-server[99696]: DEBUG neutron_lib.callbacks.manager [None req-0b2c3a98-06c2-413c-9a5a-4813fccf0d7c admin admin] Notify callbacks [] for security_group, before_delete {{(pid=99696) _notify_loop /usr/local/lib/python3.8/dist-packages/neutron_lib/callbacks/manager.py:192}}
Jun 30 02:43:10.369090 dv-cinder-733062-20-iscsi neutron-server[99696]: DEBUG neutron_lib.callbacks.manager [None req-0b2c3a98-06c2-413c-9a5a-4813fccf0d7c admin admin] Notify callbacks [] for security_group, precommit_delete {{(pid=99696) _notify_loop /usr/local/lib/python3.8/dist-packages/neutron_lib/callbacks/manager.py:192}}
Jun 30 02:43:10.556601 dv-cinder-733062-20-iscsi neutron-server[99696]: DEBUG neutron_lib.callbacks.manager [None req-0b2c3a98-06c2-413c-9a5a-4813fccf0d7c admin admin] Notify callbacks ['neutron.plugins.ml2.ovo_rpc._ObjectChangeHandler.handle_payload_event-960438'] for security_group, after_delete {{(pid=99696) _notify_loop /usr/local/lib/python3.8/dist-packages/neutron_lib/callbacks/manager.py:192}}
Jun 30 02:43:10.567855 dv-cinder-733062-20-iscsi neutron-server[99696]: DEBUG neutron_lib.callbacks.manager [None req-0b2c3a98-06c2-413c-9a5a-4813fccf0d7c admin admin] Notify callbacks [] for security_group, before_response {{(pid=99696) _notify_loop /usr/local/lib/python3.8/dist-packages/neutron_lib/callbacks/manager.py:192}}
Jun 30 02:43:10.572985 dv-cinder-733062-20-iscsi neutron-server[99696]: INFO neutron.wsgi [None req-0b2c3a98-06c2-413c-9a5a-4813fccf0d7c admin admin] 10.222.0.104 "DELETE /v2.0/security-groups/fafd73fa-2e28-477c-8c0a-1b57214c1811 HTTP/1.1" status: 204 len: 168 time: 0.4336860
Jun 30 02:43:10.608344 dv-cinder-733062-20-iscsi neutron-server[99696]: DEBUG neutron.api.rpc.handlers.resources_rpc [None req-0b2c3a98-06c2-413c-9a5a-4813fccf0d7c admin admin] Pushing event deleted for resources: {'SecurityGroup': ['ID=fafd73fa-2e28-477c-8c0a-1b57214c1811,revision_number=None']} {{(pid=99696) push /opt/stack/neutron/neutron/api/rpc/handlers/resources_rpc.py:237}}
Jun 30 02:43:10.655445 dv-cinder-733062-20-iscsi neutron-server[99696]: DEBUG neutron.pecan_wsgi.hooks.policy_enforcement [req-ddb691b2-bfb5-4902-ae9d-ca2d4efbc1e0 req-3c869f9d-1924-4fa0-ba7f-e2f457412bf4 tempest-ServerRescueNegativeTestJSON-669052266 tempest-ServerRescueNegativeTestJSON-669052266-project] Attributes excluded by policy engine: ['standard_attr_id', 'binding:profile', 'binding:host_id', 'binding:vif_type', 'binding:vif_details'] {{(pid=99696) _exclude_attributes_by_policy /opt/stack/neutron/neutron/pecan_wsgi/hooks/policy_enforcement.py:255}}
Jun 30 02:43:10.657673 dv-cinder-733062-20-iscsi neutron-server[99696]: INFO neutron.wsgi [req-ddb691b2-bfb5-4902-ae9d-ca2d4efbc1e0 req-3c869f9d-1924-4fa0-ba7f-e2f457412bf4 tempest-ServerRescueNegativeTestJSON-669052266 tempest-ServerRescueNegativeTestJSON-669052266-project] 10.222.0.104 "GET /v2.0/ports?device_id=519b6886-c2b6-41e3-bda9-48c0d5f9ad1e HTTP/1.1" status: 200 len: 946 time: 0.2711926
Jun 30 02:43:10.742477 dv-cinder-733062-20-iscsi neutron-server[99696]: INFO neutron.wsgi [req-ddb691b2-bfb5-4902-ae9d-ca2d4efbc1e0 req-a7e91351-4ee5-4b24-8857-8b8f89014c0a tempest-ServerRescueNegativeTestJSON-669052266 tempest-ServerRescueNegativeTestJSON-669052266-project] 10.222.0.104 "GET /v2.0/security-groups?id=370e76e1-3f69-43f3-830b-f3ee683c29c8&fields=id&fields=name HTTP/1.1" status: 200 len: 286 time: 0.0760698
Jun 30 02:43:10.918779 dv-cinder-733062-20-iscsi neutron-server[99697]: DEBUG neutron_lib.db.resource_extend [None req-d11ca83e-0f6b-45be-918a-73c0fc114d39 tempest-AttachVolumeShelveTestJSON-1943003454 tempest-AttachVolumeShelveTestJSON-1943003454-project] It took 0.12 seconds to run function 'neutron_lib.db.resource_extend.apply_funcs' {{(pid=99697) wrapper /usr/local/lib/python3.8/dist-packages/oslo_utils/timeutils.py:386}}
Jun 30 02:43:11.029230 dv-cinder-733062-20-iscsi neutron-server[99697]: DEBUG neutron_lib.callbacks.manager [None req-d11ca83e-0f6b-45be-918a-73c0fc114d39 tempest-AttachVolumeShelveTestJSON-1943003454 tempest-AttachVolumeShelveTestJSON-1943003454-project] Notify callbacks [] for floatingip, precommit_update {{(pid=99697) _notify_loop /usr/local/lib/python3.8/dist-packages/neutron_lib/callbacks/manager.py:192}}
Jun 30 02:43:11.036284 dv-cinder-733062-20-iscsi neutron-server[99697]: DEBUG neutron_lib.callbacks.manager [None req-d11ca83e-0f6b-45be-918a-73c0fc114d39 tempest-AttachVolumeShelveTestJSON-1943003454 tempest-AttachVolumeShelveTestJSON-1943003454-project] Notify callbacks ['neutron.services.l3_router.l3_router_plugin.DVRResourceOperationHandler._create_dvr_floating_gw_port-1044497'] for floatingip, after_update {{(pid=99697) _notify_loop /usr/local/lib/python3.8/dist-packages/neutron_lib/callbacks/manager.py:192}}
Jun 30 02:43:11.165304 dv-cinder-733062-20-iscsi neutron-server[99697]: INFO neutron.db.l3_db [None req-d11ca83e-0f6b-45be-918a-73c0fc114d39 tempest-AttachVolumeShelveTestJSON-1943003454 tempest-AttachVolumeShelveTestJSON-1943003454-project] Floating IP 61622b7a-d114-45d7-b658-7cc18f146fef associated. External IP: 172.27.0.194, port: 46cc1817-02bc-4998-bee2-94f7893d5d86.
Jun 30 02:43:11.459909 dv-cinder-733062-20-iscsi neutron-server[99697]: DEBUG neutron.scheduler.l3_agent_scheduler [None req-d11ca83e-0f6b-45be-918a-73c0fc114d39 tempest-AttachVolumeShelveTestJSON-1943003454 tempest-AttachVolumeShelveTestJSON-1943003454-project] Router 3889221c-a9a8-4bbd-8276-75c9054b3497 has already been hosted by L3 agent 630d7cb9-e693-41f2-a132-725f9743fc25 {{(pid=99697) _get_candidates /opt/stack/neutron/neutron/scheduler/l3_agent_scheduler.py:127}}
Jun 30 02:43:11.584297 dv-cinder-733062-20-iscsi neutron-server[99697]: DEBUG neutron.api.rpc.agentnotifiers.l3_rpc_agent_api [None req-d11ca83e-0f6b-45be-918a-73c0fc114d39 tempest-AttachVolumeShelveTestJSON-1943003454 tempest-AttachVolumeShelveTestJSON-1943003454-project] Notify agent at l3_agent.dv-cinder-733062-20-iscsi the message routers_updated {{(pid=99697) _agent_notification /opt/stack/neutron/neutron/api/rpc/agentnotifiers/l3_rpc_agent_api.py:65}}
Jun 30 02:43:11.596425 dv-cinder-733062-20-iscsi neutron-server[99697]: DEBUG neutron_lib.callbacks.manager [None req-d11ca83e-0f6b-45be-918a-73c0fc114d39 tempest-AttachVolumeShelveTestJSON-1943003454 tempest-AttachVolumeShelveTestJSON-1943003454-project] Notify callbacks ['neutron.notifiers.nova.Notifier._send_nova_notification-63801'] for floatingip, before_response {{(pid=99697) _notify_loop /usr/local/lib/python3.8/dist-packages/neutron_lib/callbacks/manager.py:192}}
Jun 30 02:43:11.606726 dv-cinder-733062-20-iscsi neutron-server[99699]: DEBUG neutron.api.rpc.handlers.l3_rpc [None req-091ca681-c63e-4bf2-b9df-e4a82b251e86 None None] Sync routers for ids ['3889221c-a9a8-4bbd-8276-75c9054b3497'] in dv-cinder-733062-20-iscsi {{(pid=99699) sync_routers /opt/stack/neutron/neutron/api/rpc/handlers/l3_rpc.py:125}}
Jun 30 02:43:11.630986 dv-cinder-733062-20-iscsi neutron-server[99699]: DEBUG neutron.db.l3_dvrscheduler_db [None req-091ca681-c63e-4bf2-b9df-e4a82b251e86 None None] Routers {'3889221c-a9a8-4bbd-8276-75c9054b3497'} bound to L3 agent in host dv-cinder-733062-20-iscsi {{(pid=99699) _get_router_ids_for_agent /opt/stack/neutron/neutron/db/l3_dvrscheduler_db.py:420}}
Jun 30 02:43:11.631931 dv-cinder-733062-20-iscsi neutron-server[99699]: DEBUG neutron.db.l3_hamode_db [None req-091ca681-c63e-4bf2-b9df-e4a82b251e86 None None] neutron.services.l3_router.l3_router_plugin.L3RouterPlugin method get_ha_sync_data_for_host called with arguments (, 'dv-cinder-733062-20-iscsi', Agent(admin_state_up=True,agent_type='L3 agent',availability_zone='nova',binary='neutron-l3-agent',configurations={"agent_mode": "legacy", "ex_gw_ports": 3, "extensions": [], "floating_ips": 0, "handle_internal_only_routers": true, "interface_driver": "openvswitch", "interfaces": 3, "log_agent_heartbeats": false, "routers": 3},created_at=2021-06-30T02:34:35Z,description=,heartbeat_timestamp=2021-06-30T02:43:05Z,host='dv-cinder-733062-20-iscsi',id=630d7cb9-e693-41f2-a132-725f9743fc25,load=0,resource_versions=,resources_synced=,started_at=2021-06-30T02:34:35Z,topic='l3_agent')) {'router_ids': ['3889221c-a9a8-4bbd-8276-75c9054b3497'], 'active': True} {{(pid=99699) wrapper /usr/local/lib/python3.8/dist-packages/oslo_log/helpers.py:65}}
Jun 30 02:43:11.643661 dv-cinder-733062-20-iscsi neutron-server[99697]: INFO neutron.wsgi [None req-d11ca83e-0f6b-45be-918a-73c0fc114d39 tempest-AttachVolumeShelveTestJSON-1943003454 tempest-AttachVolumeShelveTestJSON-1943003454-project] 10.222.0.104 "PUT /v2.0/floatingips/61622b7a-d114-45d7-b658-7cc18f146fef HTTP/1.1" status: 200 len: 992 time: 2.1198626
Jun 30 02:43:11.646479 dv-cinder-733062-20-iscsi neutron-server[99697]: DEBUG neutron.notifiers.nova [-] Sending events: [{'name': 'network-changed', 'server_uuid': 'd38adf46-35b0-443e-ae5d-b8636f6b48a6', 'tag': '46cc1817-02bc-4998-bee2-94f7893d5d86'}] {{(pid=99697) send_events /opt/stack/neutron/neutron/notifiers/nova.py:262}}
Jun 30 02:43:11.753431 dv-cinder-733062-20-iscsi neutron-server[99699]: DEBUG neutron.db.l3_dvr_db [None req-091ca681-c63e-4bf2-b9df-e4a82b251e86 None None] Set router 3889221c-a9a8-4bbd-8276-75c9054b3497 gateway port host: dv-cinder-733062-20-iscsi {{(pid=99699) _build_routers_list /opt/stack/neutron/neutron/db/l3_dvr_db.py:894}}
Jun 30 02:43:11.818623 dv-cinder-733062-20-iscsi neutron-server[99696]: DEBUG neutron.wsgi [-] (99696) accepted ('10.222.0.104', 53678) {{(pid=99696) server /usr/local/lib/python3.8/dist-packages/eventlet/wsgi.py:982}}
Jun 30 02:43:11.949756 dv-cinder-733062-20-iscsi neutron-server[99696]: DEBUG neutron.pecan_wsgi.hooks.policy_enforcement [req-1e754bf4-53bc-445b-b889-7757604887bd req-f525cabf-e288-4b90-aa49-952c3464ceda tempest-ServerRescueNegativeTestJSON-669052266 tempest-ServerRescueNegativeTestJSON-669052266-project] Attributes excluded by policy engine: ['standard_attr_id', 'binding:profile', 'binding:host_id', 'binding:vif_type', 'binding:vif_details'] {{(pid=99696) _exclude_attributes_by_policy /opt/stack/neutron/neutron/pecan_wsgi/hooks/policy_enforcement.py:255}}
Jun 30 02:43:11.952086 dv-cinder-733062-20-iscsi neutron-server[99696]: INFO neutron.wsgi [req-1e754bf4-53bc-445b-b889-7757604887bd req-f525cabf-e288-4b90-aa49-952c3464ceda tempest-ServerRescueNegativeTestJSON-669052266 tempest-ServerRescueNegativeTestJSON-669052266-project] 10.222.0.104 "GET /v2.0/ports?device_id=519b6886-c2b6-41e3-bda9-48c0d5f9ad1e HTTP/1.1" status: 200 len: 946 time: 0.0700960
Jun 30 02:43:11.966922 dv-cinder-733062-20-iscsi neutron-server[99697]: DEBUG novaclient.v2.client [-] REQ: curl -g -i --cacert "/opt/stack/data/ca-bundle.pem" -X POST http://10.222.0.104/compute/v2.1/os-server-external-events -H "Accept: application/json" -H "Content-Type: application/json" -H "User-Agent: python-novaclient" -H "X-Auth-Token: {SHA256}c7b7f5baf573436b176afe0d81d1f51af27148d2e3508bf06a547a56a88bfd8d" -H "X-OpenStack-Nova-API-Version: 2.1" -H "X-OpenStack-Request-ID: req-0ef0d4df-1c5d-40d1-9337-293916325e46" -d '{"events": [{"name": "network-changed", "server_uuid": "d38adf46-35b0-443e-ae5d-b8636f6b48a6", "tag": "46cc1817-02bc-4998-bee2-94f7893d5d86"}]}' {{(pid=99697) _http_log_request /usr/local/lib/python3.8/dist-packages/keystoneauth1/session.py:519}}
Jun 30 02:43:12.047584 dv-cinder-733062-20-iscsi neutron-server[99696]: INFO neutron.wsgi [req-1e754bf4-53bc-445b-b889-7757604887bd req-1e7135e2-58f7-49f2-98ad-facd9b3f7bb6 tempest-ServerRescueNegativeTestJSON-669052266 tempest-ServerRescueNegativeTestJSON-669052266-project] 10.222.0.104 "GET /v2.0/security-groups?id=370e76e1-3f69-43f3-830b-f3ee683c29c8&fields=id&fields=name HTTP/1.1" status: 200 len: 286 time: 0.0883858
Jun 30 02:43:12.151419 dv-cinder-733062-20-iscsi neutron-server[99699]: DEBUG neutron.db.l3_hamode_db [None req-091ca681-c63e-4bf2-b9df-e4a82b251e86 None None] neutron.services.l3_router.l3_router_plugin.L3RouterPlugin method _process_sync_ha_data called with arguments (, [{'id': '3889221c-a9a8-4bbd-8276-75c9054b3497', 'name': 'tempest-AttachVolumeShelveTestJSON-814802470-router', 'tenant_id': 'b2408837b6234e9d995f78d3edbd79b9', 'admin_state_up': True, 'status': 'ACTIVE', 'external_gateway_info': {'network_id': '5c243ec1-c514-4a50-9951-3a294683a08a', 'external_fixed_ips': [{'subnet_id': 'fa3c6fbb-c7e3-412f-b96c-c016d3aa8455', 'ip_address': '172.27.0.205'}], 'enable_snat': True}, 'gw_port_id': 'f9ced490-d877-4ae5-a238-482067f83a7e', 'description': '', 'availability_zones': ['nova'], 'distributed': False, 'ha': False, 'ha_vr_id': 0, 'availability_zone_hints': [], 'routes': [], 'flavor_id': None, 'tags': [], 'created_at': '2021-06-30T02:42:18Z', 'updated_at': '2021-06-30T02:42:25Z', 'revision_number': 4, 'project_id': 'b2408837b6234e9d995f78d3edbd79b9', 'gw_port': {'id': 'f9ced490-d877-4ae5-a238-482067f83a7e', 'name': '', 'network_id': '5c243ec1-c514-4a50-9951-3a294683a08a', 'tenant_id': '', 'mac_address': 'fa:16:3e:0b:6e:07', 'admin_state_up': True, 'status': 'ACTIVE', 'device_id': '3889221c-a9a8-4bbd-8276-75c9054b3497', 'device_owner': 'network:router_gateway', 'standard_attr_id': 57, 'fixed_ips': [{'subnet_id': 'fa3c6fbb-c7e3-412f-b96c-c016d3aa8455', 'ip_address': '172.27.0.205', 'prefixlen': 24}], 'allowed_address_pairs': [], 'extra_dhcp_opts': [], 'security_groups': [], 'description': '', 'binding:vnic_type': 'normal', 'binding:profile': {}, 'binding:host_id': 'dv-cinder-733062-20-iscsi', 'binding:vif_type': 'ovs', 'binding:vif_details': {'connectivity': 'l2', 'port_filter': True, 'ovs_hybrid_plug': False, 'datapath_type': 'system', 'bridge_name': 'br-int'}, 'port_security_enabled': False, 'tags': [], 'created_at': '2021-06-30T02:42:19Z', 'updated_at': '2021-06-30T02:42:27Z', 'revision_number': 4, 'project_id': '', 'subnets': [{'id': 'fa3c6fbb-c7e3-412f-b96c-c016d3aa8455', 'cidr': '172.27.0.0/24', 'gateway_ip': '172.27.0.1', 'dns_nameservers': [], 'ipv6_ra_mode': None, 'subnetpool_id': None}], 'extra_subnets': [], 'address_scopes': {4: None, 6: None}, 'mtu': 1500}, 'enable_snat': True, 'gw_port_host': 'dv-cinder-733062-20-iscsi', '_floatingips': [{'id': '61622b7a-d114-45d7-b658-7cc18f146fef', 'tenant_id': 'b2408837b6234e9d995f78d3edbd79b9', 'floating_ip_address': '172.27.0.194', 'floating_network_id': '5c243ec1-c514-4a50-9951-3a294683a08a', 'router_id': '3889221c-a9a8-4bbd-8276-75c9054b3497', 'port_id': '46cc1817-02bc-4998-bee2-94f7893d5d86', 'fixed_ip_address': '172.20.0.11', 'status': 'DOWN', 'standard_attr_id': 115, 'description': '', 'qos_policy_id': None, 'port_details': {'name': '', 'network_id': 'b252e7bf-dacc-4b6e-9ef1-f668b5fd22f2', 'mac_address': 'fa:16:3e:9f:65:f3', 'admin_state_up': True, 'status': 'ACTIVE', 'device_id': 'd38adf46-35b0-443e-ae5d-b8636f6b48a6', 'device_owner': 'compute:nova'}, 'dns_domain': '', 'dns_name': '', 'tags': [], 'created_at': '2021-06-30T02:42:31Z', 'updated_at': '2021-06-30T02:43:10Z', 'revision_number': 1, 'project_id': 'b2408837b6234e9d995f78d3edbd79b9', 'fixed_ip_address_scope': None}], '_interfaces': [{'id': '44a531a1-f0d2-49dd-8614-54588f9f6295', 'name': '', 'network_id': 'b252e7bf-dacc-4b6e-9ef1-f668b5fd22f2', 'tenant_id': 'b2408837b6234e9d995f78d3edbd79b9', 'mac_address': 'fa:16:3e:7d:05:52', 'admin_state_up': True, 'status': 'ACTIVE', 'device_id': '3889221c-a9a8-4bbd-8276-75c9054b3497', 'device_owner': 'network:router_interface', 'standard_attr_id': 70, 'fixed_ips': [{'subnet_id': 'b62f119b-a044-4db4-8c45-d67ca1475948', 'ip_address': '172.20.0.1', 'prefixlen': 28}], 'allowed_address_pairs': [], 'extra_dhcp_opts': [], 'security_groups': [], 'description': '', 'binding:vnic_type': 'normal', 'binding:profile': {}, 'binding:host_id': 'dv-cinder-733062-20-iscsi', 'binding:vif_type': 'ovs', 'binding:vif_details': {'connectivity': 'l2', 'port_filter': True, 'ovs_hybrid_plug': False, 'datapath_type': 'system', 'bridge_name': 'br-int'}, 'port_security_enabled': False, 'tags': [], 'created_at': '2021-06-30T02:42:23Z', 'updated_at': '2021-06-30T02:42:32Z', 'revision_number': 5, 'project_id': 'b2408837b6234e9d995f78d3edbd79b9', 'subnets': [{'id': 'b62f119b-a044-4db4-8c45-d67ca1475948', 'cidr': '172.20.0.0/28', 'gateway_ip': '172.20.0.1', 'dns_nameservers': [], 'ipv6_ra_mode': None, 'subnetpool_id': None}], 'extra_subnets': [], 'address_scopes': {4: None, 6: None}, 'mtu': 1500}]}], 'dv-cinder-733062-20-iscsi', False) {} {{(pid=99699) wrapper /usr/local/lib/python3.8/dist-packages/oslo_log/helpers.py:65}}
Jun 30 02:43:12.201397 dv-cinder-733062-20-iscsi neutron-server[99699]: DEBUG neutron.api.rpc.handlers.l3_rpc [None req-091ca681-c63e-4bf2-b9df-e4a82b251e86 None None] Checking router: 3889221c-a9a8-4bbd-8276-75c9054b3497 for host: dv-cinder-733062-20-iscsi {{(pid=99699) _ensure_host_set_on_ports /opt/stack/neutron/neutron/api/rpc/handlers/l3_rpc.py:155}}
Jun 30 02:43:12.210971 dv-cinder-733062-20-iscsi neutron-server[99699]: DEBUG neutron.db.l3_dvrscheduler_db [None req-091ca681-c63e-4bf2-b9df-e4a82b251e86 None None] Routers {'3889221c-a9a8-4bbd-8276-75c9054b3497'} bound to L3 agent in host dv-cinder-733062-20-iscsi {{(pid=99699) _get_router_ids_for_agent /opt/stack/neutron/neutron/db/l3_dvrscheduler_db.py:420}}
Jun 30 02:43:12.212331 dv-cinder-733062-20-iscsi neutron-server[99699]: DEBUG neutron.db.l3_hamode_db [None req-091ca681-c63e-4bf2-b9df-e4a82b251e86 None None] neutron.services.l3_router.l3_router_plugin.L3RouterPlugin method get_ha_sync_data_for_host called with arguments (, 'dv-cinder-733062-20-iscsi', Agent(admin_state_up=True,agent_type='L3 agent',availability_zone='nova',binary='neutron-l3-agent',configurations={"agent_mode": "legacy", "ex_gw_ports": 3, "extensions": [], "floating_ips": 0, "handle_internal_only_routers": true, "interface_driver": "openvswitch", "interfaces": 3, "log_agent_heartbeats": false, "routers": 3},created_at=2021-06-30T02:34:35Z,description=,heartbeat_timestamp=2021-06-30T02:43:05Z,host='dv-cinder-733062-20-iscsi',id=630d7cb9-e693-41f2-a132-725f9743fc25,load=0,resource_versions=,resources_synced=,started_at=2021-06-30T02:34:35Z,topic='l3_agent')) {'router_ids': ['3889221c-a9a8-4bbd-8276-75c9054b3497'], 'active': True} {{(pid=99699) wrapper /usr/local/lib/python3.8/dist-packages/oslo_log/helpers.py:65}}
Jun 30 02:43:12.344757 dv-cinder-733062-20-iscsi neutron-server[99697]: DEBUG novaclient.v2.client [-] RESP: [200] Connection: close Content-Length: 179 Content-Type: application/json Date: Wed, 30 Jun 2021 02:43:11 GMT OpenStack-API-Version: compute 2.1 Server: Apache/2.4.41 (Ubuntu) Vary: OpenStack-API-Version,X-OpenStack-Nova-API-Version X-OpenStack-Nova-API-Version: 2.1 x-compute-request-id: req-a9d4c443-653d-46b3-ae45-7f1cfe813645 x-openstack-request-id: req-a9d4c443-653d-46b3-ae45-7f1cfe813645 {{(pid=99697) _http_log_response /usr/local/lib/python3.8/dist-packages/keystoneauth1/session.py:550}}
Jun 30 02:43:12.345040 dv-cinder-733062-20-iscsi neutron-server[99697]: DEBUG novaclient.v2.client [-] RESP BODY: {"events": [{"name": "network-changed", "server_uuid": "d38adf46-35b0-443e-ae5d-b8636f6b48a6", "tag": "46cc1817-02bc-4998-bee2-94f7893d5d86", "status": "completed", "code": 200}]} {{(pid=99697) _http_log_response /usr/local/lib/python3.8/dist-packages/keystoneauth1/session.py:582}}
Jun 30 02:43:12.345377 dv-cinder-733062-20-iscsi neutron-server[99697]: DEBUG novaclient.v2.client [-] POST call to compute for http://10.222.0.104/compute/v2.1/os-server-external-events used request id req-a9d4c443-653d-46b3-ae45-7f1cfe813645 {{(pid=99697) request /usr/local/lib/python3.8/dist-packages/keystoneauth1/session.py:954}}
Jun 30 02:43:12.345839 dv-cinder-733062-20-iscsi neutron-server[99697]: INFO neutron.notifiers.nova [-] Nova event response: {'name': 'network-changed', 'server_uuid': 'd38adf46-35b0-443e-ae5d-b8636f6b48a6', 'tag': '46cc1817-02bc-4998-bee2-94f7893d5d86', 'status': 'completed', 'code': 200}
Jun 30 02:43:12.373874 dv-cinder-733062-20-iscsi neutron-server[99696]: DEBUG neutron_lib.callbacks.manager [None req-d98fa9a2-9187-46a3-a2a9-7394aa046434 admin admin] Notify callbacks [] for security_group, before_create {{(pid=99696) _notify_loop /usr/local/lib/python3.8/dist-packages/neutron_lib/callbacks/manager.py:192}}
Jun 30 02:43:12.415558 dv-cinder-733062-20-iscsi neutron-server[99699]: DEBUG neutron.db.l3_dvr_db [None req-091ca681-c63e-4bf2-b9df-e4a82b251e86 None None] Set router 3889221c-a9a8-4bbd-8276-75c9054b3497 gateway port host: dv-cinder-733062-20-iscsi {{(pid=99699) _build_routers_list /opt/stack/neutron/neutron/db/l3_dvr_db.py:894}}
Jun 30 02:43:12.544071 dv-cinder-733062-20-iscsi neutron-server[99697]: DEBUG neutron.wsgi [-] (99697) accepted ('10.222.0.104', 53712) {{(pid=99697) server /usr/local/lib/python3.8/dist-packages/eventlet/wsgi.py:982}}
Jun 30 02:43:12.609445 dv-cinder-733062-20-iscsi neutron-server[99696]: DEBUG neutron_lib.callbacks.manager [None req-d98fa9a2-9187-46a3-a2a9-7394aa046434 admin admin] Notify callbacks [] for security_group, precommit_create {{(pid=99696) _notify_loop /usr/local/lib/python3.8/dist-packages/neutron_lib/callbacks/manager.py:192}}
Jun 30 02:43:12.629881 dv-cinder-733062-20-iscsi neutron-server[99696]: DEBUG neutron.pecan_wsgi.hooks.policy_enforcement [req-0ef0d4df-1c5d-40d1-9337-293916325e46 req-cb38c8d4-7252-47f6-b169-3e7ca5627975 service neutron] Attributes excluded by policy engine: ['standard_attr_id'] {{(pid=99696) _exclude_attributes_by_policy /opt/stack/neutron/neutron/pecan_wsgi/hooks/policy_enforcement.py:255}}
Jun 30 02:43:12.631930 dv-cinder-733062-20-iscsi neutron-server[99696]: INFO neutron.wsgi [req-0ef0d4df-1c5d-40d1-9337-293916325e46 req-cb38c8d4-7252-47f6-b169-3e7ca5627975 service neutron] 10.222.0.88 "GET /v2.0/ports?tenant_id=b2408837b6234e9d995f78d3edbd79b9&device_id=d38adf46-35b0-443e-ae5d-b8636f6b48a6 HTTP/1.1" status: 200 len: 1099 time: 0.2335947
Jun 30 02:43:12.633194 dv-cinder-733062-20-iscsi neutron-server[99696]: DEBUG neutron_lib.callbacks.manager [None req-d98fa9a2-9187-46a3-a2a9-7394aa046434 admin admin] Notify callbacks ['neutron.plugins.ml2.ovo_rpc._ObjectChangeHandler.handle_payload_event-960438'] for security_group, after_create {{(pid=99696) _notify_loop /usr/local/lib/python3.8/dist-packages/neutron_lib/callbacks/manager.py:192}}
Jun 30 02:43:12.670466 dv-cinder-733062-20-iscsi neutron-server[99696]: DEBUG neutron.api.rpc.handlers.resources_rpc [None req-d98fa9a2-9187-46a3-a2a9-7394aa046434 admin admin] Pushing event updated for resources: {'SecurityGroup': ['ID=f5b3b3a0-fe05-4fe3-ae66-9caa816cfa2f,revision_number=1']} {{(pid=99696) push /opt/stack/neutron/neutron/api/rpc/handlers/resources_rpc.py:237}}
Jun 30 02:43:12.676040 dv-cinder-733062-20-iscsi neutron-server[99697]: DEBUG neutron.db.db_base_plugin_v2 [None req-ed850dcc-f70b-40ce-9d62-f330619c573d admin admin] Deleting subnet aa05f936-8722-4495-b3e9-900dd885f348 {{(pid=99697) delete_subnet /opt/stack/neutron/neutron/db/db_base_plugin_v2.py:1055}}
Jun 30 02:43:12.691979 dv-cinder-733062-20-iscsi neutron-server[99697]: DEBUG neutron_lib.callbacks.manager [None req-ed850dcc-f70b-40ce-9d62-f330619c573d admin admin] Notify callbacks [] for subnet, before_delete {{(pid=99697) _notify_loop /usr/local/lib/python3.8/dist-packages/neutron_lib/callbacks/manager.py:192}}
Jun 30 02:43:12.782534 dv-cinder-733062-20-iscsi neutron-server[99697]: DEBUG neutron_lib.callbacks.manager [None req-ed850dcc-f70b-40ce-9d62-f330619c573d admin admin] Notify callbacks ['neutron.services.segments.plugin.Plugin._validate_auto_address_subnet_delete-6836301'] for subnet, precommit_delete_associations {{(pid=99697) _notify_loop /usr/local/lib/python3.8/dist-packages/neutron_lib/callbacks/manager.py:192}}
Jun 30 02:43:12.783314 dv-cinder-733062-20-iscsi neutron-server[99696]: DEBUG neutron.pecan_wsgi.hooks.policy_enforcement [req-0ef0d4df-1c5d-40d1-9337-293916325e46 req-14dfb979-4219-45eb-a587-10217b8700bd service neutron] Attributes excluded by policy engine: ['standard_attr_id', 'vlan_transparent'] {{(pid=99696) _exclude_attributes_by_policy /opt/stack/neutron/neutron/pecan_wsgi/hooks/policy_enforcement.py:255}}
Jun 30 02:43:12.784985 dv-cinder-733062-20-iscsi neutron-server[99696]: INFO neutron.wsgi [req-0ef0d4df-1c5d-40d1-9337-293916325e46 req-14dfb979-4219-45eb-a587-10217b8700bd service neutron] 10.222.0.88 "GET /v2.0/networks?id=b252e7bf-dacc-4b6e-9ef1-f668b5fd22f2 HTTP/1.1" status: 200 len: 918 time: 0.1203792
Jun 30 02:43:12.847538 dv-cinder-733062-20-iscsi neutron-server[99698]: DEBUG neutron_lib.callbacks.manager [None req-fd480a20-8abf-4c70-b95e-9f297148e7e2 None None] Notify callbacks ['neutron.services.segments.db._update_segment_host_mapping_for_agent-8728670336305', 'neutron.plugins.ml2.plugin.Ml2Plugin._retry_binding_revived_agents-2007066'] for agent, after_update {{(pid=99698) _notify_loop /usr/local/lib/python3.8/dist-packages/neutron_lib/callbacks/manager.py:192}}
Jun 30 02:43:12.919623 dv-cinder-733062-20-iscsi neutron-server[99697]: DEBUG neutron_lib.callbacks.manager [None req-ed850dcc-f70b-40ce-9d62-f330619c573d admin admin] Notify callbacks ['neutron.plugins.ml2.plugin.Ml2Plugin._subnet_delete_precommit_handler-1896923'] for subnet, precommit_delete {{(pid=99697) _notify_loop /usr/local/lib/python3.8/dist-packages/neutron_lib/callbacks/manager.py:192}}
