Jun 30 02:41:44.115516 dv-cinder-733062-20-iscsi devstack@n-api.service[113804]: DEBUG nova.api.openstack.wsgi_app [-] oslo_messaging_rabbit.rabbit_retry_interval = 1 {{(pid=113804) log_opt_values /usr/local/lib/python3.8/dist-packages/oslo_config/cfg.py:2609}}
Jun 30 02:41:44.115770 dv-cinder-733062-20-iscsi devstack@n-api.service[113804]: DEBUG nova.api.openstack.wsgi_app [-] oslo_messaging_rabbit.rabbit_transient_queues_ttl = 1800 {{(pid=113804) log_opt_values /usr/local/lib/python3.8/dist-packages/oslo_config/cfg.py:2609}}
Jun 30 02:41:44.116097 dv-cinder-733062-20-iscsi devstack@n-api.service[113804]: DEBUG nova.api.openstack.wsgi_app [-] oslo_messaging_rabbit.rpc_conn_pool_size = 30 {{(pid=113804) log_opt_values /usr/local/lib/python3.8/dist-packages/oslo_config/cfg.py:2609}}
Jun 30 02:41:44.116489 dv-cinder-733062-20-iscsi devstack@n-api.service[113804]: DEBUG nova.api.openstack.wsgi_app [-] oslo_messaging_rabbit.ssl = False {{(pid=113804) log_opt_values /usr/local/lib/python3.8/dist-packages/oslo_config/cfg.py:2609}}
Jun 30 02:41:44.116901 dv-cinder-733062-20-iscsi devstack@n-api.service[113804]: DEBUG nova.api.openstack.wsgi_app [-] oslo_messaging_rabbit.ssl_ca_file = {{(pid=113804) log_opt_values /usr/local/lib/python3.8/dist-packages/oslo_config/cfg.py:2609}}
Jun 30 02:41:44.117175 dv-cinder-733062-20-iscsi devstack@n-api.service[113804]: DEBUG nova.api.openstack.wsgi_app [-] oslo_messaging_rabbit.ssl_cert_file = {{(pid=113804) log_opt_values /usr/local/lib/python3.8/dist-packages/oslo_config/cfg.py:2609}}
Jun 30 02:41:44.117587 dv-cinder-733062-20-iscsi devstack@n-api.service[113804]: DEBUG nova.api.openstack.wsgi_app [-] oslo_messaging_rabbit.ssl_key_file = {{(pid=113804) log_opt_values /usr/local/lib/python3.8/dist-packages/oslo_config/cfg.py:2609}}
Jun 30 02:41:44.117949 dv-cinder-733062-20-iscsi devstack@n-api.service[113804]: DEBUG nova.api.openstack.wsgi_app [-] oslo_messaging_rabbit.ssl_version = {{(pid=113804) log_opt_values /usr/local/lib/python3.8/dist-packages/oslo_config/cfg.py:2609}}
Jun 30 02:41:44.118287 dv-cinder-733062-20-iscsi devstack@n-api.service[113804]: DEBUG nova.api.openstack.wsgi_app [-] oslo_messaging_notifications.driver = ['messagingv2'] {{(pid=113804) log_opt_values /usr/local/lib/python3.8/dist-packages/oslo_config/cfg.py:2609}}
Jun 30 02:41:44.118616 dv-cinder-733062-20-iscsi devstack@n-api.service[113804]: DEBUG nova.api.openstack.wsgi_app [-] oslo_messaging_notifications.retry = -1 {{(pid=113804) log_opt_values /usr/local/lib/python3.8/dist-packages/oslo_config/cfg.py:2609}}
Jun 30 02:41:44.118977 dv-cinder-733062-20-iscsi devstack@n-api.service[113804]: DEBUG nova.api.openstack.wsgi_app [-] oslo_messaging_notifications.topics = ['notifications'] {{(pid=113804) log_opt_values /usr/local/lib/python3.8/dist-packages/oslo_config/cfg.py:2609}}
Jun 30 02:41:44.119341 dv-cinder-733062-20-iscsi devstack@n-api.service[113804]: DEBUG nova.api.openstack.wsgi_app [-] oslo_messaging_notifications.transport_url = **** {{(pid=113804) log_opt_values /usr/local/lib/python3.8/dist-packages/oslo_config/cfg.py:2609}}
Jun 30 02:41:44.119703 dv-cinder-733062-20-iscsi devstack@n-api.service[113804]: DEBUG nova.api.openstack.wsgi_app [-] ******************************************************************************** {{(pid=113804) log_opt_values /usr/local/lib/python3.8/dist-packages/oslo_config/cfg.py:2613}}
Jun 30 02:41:44.143532 dv-cinder-733062-20-iscsi devstack@n-api.service[113804]: DEBUG oslo_db.sqlalchemy.engines [None req-478028bd-1319-43cc-a1a3-17d7aabb21ca None None] MySQL server mode set to STRICT_TRANS_TABLES,STRICT_ALL_TABLES,NO_ZERO_IN_DATE,NO_ZERO_DATE,ERROR_FOR_DIVISION_BY_ZERO,TRADITIONAL,NO_ENGINE_SUBSTITUTION {{(pid=113804) _check_effective_sql_mode /usr/local/lib/python3.8/dist-packages/oslo_db/sqlalchemy/engines.py:314}}
Jun 30 02:41:44.251833 dv-cinder-733062-20-iscsi devstack@n-api.service[113803]: DEBUG nova.context [None req-df318077-5b0f-432f-a8ed-f04f70c43865 None None] Found 2 cells: 00000000-0000-0000-0000-000000000000(cell0),a586d0f8-7750-400f-974a-e8e51c42256b(cell1) {{(pid=113803) load_cells /opt/stack/nova/nova/context.py:464}}
Jun 30 02:41:44.257127 dv-cinder-733062-20-iscsi devstack@n-api.service[113803]: DEBUG oslo_concurrency.lockutils [None req-df318077-5b0f-432f-a8ed-f04f70c43865 None None] Lock "00000000-0000-0000-0000-000000000000" acquired by "nova.context.set_target_cell..get_or_set_cached_cell_and_set_connections" :: waited 0.000s {{(pid=113803) inner /usr/local/lib/python3.8/dist-packages/oslo_concurrency/lockutils.py:355}}
Jun 30 02:41:44.258880 dv-cinder-733062-20-iscsi devstack@n-api.service[113803]: DEBUG oslo_concurrency.lockutils [None req-df318077-5b0f-432f-a8ed-f04f70c43865 None None] Lock "00000000-0000-0000-0000-000000000000" released by "nova.context.set_target_cell..get_or_set_cached_cell_and_set_connections" :: held 0.002s {{(pid=113803) inner /usr/local/lib/python3.8/dist-packages/oslo_concurrency/lockutils.py:367}}
Jun 30 02:41:44.259752 dv-cinder-733062-20-iscsi devstack@n-api.service[113803]: DEBUG oslo_concurrency.lockutils [None req-df318077-5b0f-432f-a8ed-f04f70c43865 None None] Lock "a586d0f8-7750-400f-974a-e8e51c42256b" acquired by "nova.context.set_target_cell..get_or_set_cached_cell_and_set_connections" :: waited 0.000s {{(pid=113803) inner /usr/local/lib/python3.8/dist-packages/oslo_concurrency/lockutils.py:355}}
Jun 30 02:41:44.261796 dv-cinder-733062-20-iscsi devstack@n-api.service[113803]: DEBUG oslo_concurrency.lockutils [None req-df318077-5b0f-432f-a8ed-f04f70c43865 None None] Lock "a586d0f8-7750-400f-974a-e8e51c42256b" released by "nova.context.set_target_cell..get_or_set_cached_cell_and_set_connections" :: held 0.002s {{(pid=113803) inner /usr/local/lib/python3.8/dist-packages/oslo_concurrency/lockutils.py:367}}
Jun 30 02:41:44.273262 dv-cinder-733062-20-iscsi devstack@n-api.service[113803]: DEBUG oslo_db.sqlalchemy.engines [None req-df318077-5b0f-432f-a8ed-f04f70c43865 None None] MySQL server mode set to STRICT_TRANS_TABLES,STRICT_ALL_TABLES,NO_ZERO_IN_DATE,NO_ZERO_DATE,ERROR_FOR_DIVISION_BY_ZERO,TRADITIONAL,NO_ENGINE_SUBSTITUTION {{(pid=113803) _check_effective_sql_mode /usr/local/lib/python3.8/dist-packages/oslo_db/sqlalchemy/engines.py:314}}
Jun 30 02:41:44.276225 dv-cinder-733062-20-iscsi devstack@n-api.service[113803]: DEBUG oslo_db.sqlalchemy.engines [None req-df318077-5b0f-432f-a8ed-f04f70c43865 None None] MySQL server mode set to STRICT_TRANS_TABLES,STRICT_ALL_TABLES,NO_ZERO_IN_DATE,NO_ZERO_DATE,ERROR_FOR_DIVISION_BY_ZERO,TRADITIONAL,NO_ENGINE_SUBSTITUTION {{(pid=113803) _check_effective_sql_mode /usr/local/lib/python3.8/dist-packages/oslo_db/sqlalchemy/engines.py:314}}
Jun 30 02:41:44.290410 dv-cinder-733062-20-iscsi devstack@n-api.service[113803]: /opt/stack/nova/nova/db/sqlalchemy/api.py:419: SAWarning: TypeDecorator SoftDeleteInteger() will not produce a cache key because the ``cache_ok`` flag is not set to True. Set this flag to True if this type object's state is safe to use in a cache key, or False to disable this warning.
Jun 30 02:41:44.290410 dv-cinder-733062-20-iscsi devstack@n-api.service[113803]: return dict(min_versions)
Jun 30 02:41:44.317029 dv-cinder-733062-20-iscsi devstack@n-api.service[113804]: DEBUG nova.context [None req-478028bd-1319-43cc-a1a3-17d7aabb21ca None None] Found 2 cells: 00000000-0000-0000-0000-000000000000(cell0),a586d0f8-7750-400f-974a-e8e51c42256b(cell1) {{(pid=113804) load_cells /opt/stack/nova/nova/context.py:464}}
Jun 30 02:41:44.321505 dv-cinder-733062-20-iscsi devstack@n-api.service[113804]: DEBUG oslo_concurrency.lockutils [None req-478028bd-1319-43cc-a1a3-17d7aabb21ca None None] Lock "00000000-0000-0000-0000-000000000000" acquired by "nova.context.set_target_cell..get_or_set_cached_cell_and_set_connections" :: waited 0.000s {{(pid=113804) inner /usr/local/lib/python3.8/dist-packages/oslo_concurrency/lockutils.py:355}}
Jun 30 02:41:44.323211 dv-cinder-733062-20-iscsi devstack@n-api.service[113804]: DEBUG oslo_concurrency.lockutils [None req-478028bd-1319-43cc-a1a3-17d7aabb21ca None None] Lock "00000000-0000-0000-0000-000000000000" released by "nova.context.set_target_cell..get_or_set_cached_cell_and_set_connections" :: held 0.002s {{(pid=113804) inner /usr/local/lib/python3.8/dist-packages/oslo_concurrency/lockutils.py:367}}
Jun 30 02:41:44.324017 dv-cinder-733062-20-iscsi devstack@n-api.service[113804]: DEBUG oslo_concurrency.lockutils [None req-478028bd-1319-43cc-a1a3-17d7aabb21ca None None] Lock "a586d0f8-7750-400f-974a-e8e51c42256b" acquired by "nova.context.set_target_cell..get_or_set_cached_cell_and_set_connections" :: waited 0.000s {{(pid=113804) inner /usr/local/lib/python3.8/dist-packages/oslo_concurrency/lockutils.py:355}}
Jun 30 02:41:44.325982 dv-cinder-733062-20-iscsi devstack@n-api.service[113804]: DEBUG oslo_concurrency.lockutils [None req-478028bd-1319-43cc-a1a3-17d7aabb21ca None None] Lock "a586d0f8-7750-400f-974a-e8e51c42256b" released by "nova.context.set_target_cell..get_or_set_cached_cell_and_set_connections" :: held 0.002s {{(pid=113804) inner /usr/local/lib/python3.8/dist-packages/oslo_concurrency/lockutils.py:367}}
Jun 30 02:41:44.337346 dv-cinder-733062-20-iscsi devstack@n-api.service[113804]: DEBUG oslo_db.sqlalchemy.engines [None req-478028bd-1319-43cc-a1a3-17d7aabb21ca None None] MySQL server mode set to STRICT_TRANS_TABLES,STRICT_ALL_TABLES,NO_ZERO_IN_DATE,NO_ZERO_DATE,ERROR_FOR_DIVISION_BY_ZERO,TRADITIONAL,NO_ENGINE_SUBSTITUTION {{(pid=113804) _check_effective_sql_mode /usr/local/lib/python3.8/dist-packages/oslo_db/sqlalchemy/engines.py:314}}
Jun 30 02:41:44.338306 dv-cinder-733062-20-iscsi devstack@n-api.service[113804]: DEBUG oslo_db.sqlalchemy.engines [None req-478028bd-1319-43cc-a1a3-17d7aabb21ca None None] MySQL server mode set to STRICT_TRANS_TABLES,STRICT_ALL_TABLES,NO_ZERO_IN_DATE,NO_ZERO_DATE,ERROR_FOR_DIVISION_BY_ZERO,TRADITIONAL,NO_ENGINE_SUBSTITUTION {{(pid=113804) _check_effective_sql_mode /usr/local/lib/python3.8/dist-packages/oslo_db/sqlalchemy/engines.py:314}}
Jun 30 02:41:44.355612 dv-cinder-733062-20-iscsi devstack@n-api.service[113804]: /opt/stack/nova/nova/db/sqlalchemy/api.py:419: SAWarning: TypeDecorator SoftDeleteInteger() will not produce a cache key because the ``cache_ok`` flag is not set to True. Set this flag to True if this type object's state is safe to use in a cache key, or False to disable this warning.
Jun 30 02:41:44.355612 dv-cinder-733062-20-iscsi devstack@n-api.service[113804]: return dict(min_versions)
Jun 30 02:41:44.537551 dv-cinder-733062-20-iscsi devstack@n-api.service[113803]: DEBUG oslo_db.sqlalchemy.engines [None req-df318077-5b0f-432f-a8ed-f04f70c43865 None None] MySQL server mode set to STRICT_TRANS_TABLES,STRICT_ALL_TABLES,NO_ZERO_IN_DATE,NO_ZERO_DATE,ERROR_FOR_DIVISION_BY_ZERO,TRADITIONAL,NO_ENGINE_SUBSTITUTION {{(pid=113803) _check_effective_sql_mode /usr/local/lib/python3.8/dist-packages/oslo_db/sqlalchemy/engines.py:314}}
Jun 30 02:41:44.547548 dv-cinder-733062-20-iscsi devstack@n-api.service[113803]: /opt/stack/nova/nova/db/sqlalchemy/api.py:473: SAWarning: TypeDecorator SoftDeleteInteger() will not produce a cache key because the ``cache_ok`` flag is not set to True. Set this flag to True if this type object's state is safe to use in a cache key, or False to disable this warning.
Jun 30 02:41:44.547548 dv-cinder-733062-20-iscsi devstack@n-api.service[113803]: result = model_query(context, models.Service, read_deleted="no").\
Jun 30 02:41:44.604409 dv-cinder-733062-20-iscsi devstack@n-api.service[113804]: DEBUG oslo_db.sqlalchemy.engines [None req-478028bd-1319-43cc-a1a3-17d7aabb21ca None None] MySQL server mode set to STRICT_TRANS_TABLES,STRICT_ALL_TABLES,NO_ZERO_IN_DATE,NO_ZERO_DATE,ERROR_FOR_DIVISION_BY_ZERO,TRADITIONAL,NO_ENGINE_SUBSTITUTION {{(pid=113804) _check_effective_sql_mode /usr/local/lib/python3.8/dist-packages/oslo_db/sqlalchemy/engines.py:314}}
Jun 30 02:41:44.618469 dv-cinder-733062-20-iscsi devstack@n-api.service[113804]: /opt/stack/nova/nova/db/sqlalchemy/api.py:473: SAWarning: TypeDecorator SoftDeleteInteger() will not produce a cache key because the ``cache_ok`` flag is not set to True. Set this flag to True if this type object's state is safe to use in a cache key, or False to disable this warning.
Jun 30 02:41:44.618469 dv-cinder-733062-20-iscsi devstack@n-api.service[113804]: result = model_query(context, models.Service, read_deleted="no").\
Jun 30 02:41:44.874911 dv-cinder-733062-20-iscsi devstack@n-api.service[113803]: WARNING keystonemiddleware.auth_token [None req-df318077-5b0f-432f-a8ed-f04f70c43865 None None] AuthToken middleware is set with keystone_authtoken.service_token_roles_required set to False. This is backwards compatible but deprecated behaviour. Please set this to True.
Jun 30 02:41:44.883212 dv-cinder-733062-20-iscsi devstack@n-api.service[113803]: WARNING keystonemiddleware.auth_token [None req-df318077-5b0f-432f-a8ed-f04f70c43865 None None] Configuring www_authenticate_uri to point to the public identity endpoint is required; clients may not be able to authenticate against an admin endpoint
Jun 30 02:41:44.947074 dv-cinder-733062-20-iscsi devstack@n-api.service[113804]: WARNING keystonemiddleware.auth_token [None req-478028bd-1319-43cc-a1a3-17d7aabb21ca None None] AuthToken middleware is set with keystone_authtoken.service_token_roles_required set to False. This is backwards compatible but deprecated behaviour. Please set this to True.
Jun 30 02:41:44.953832 dv-cinder-733062-20-iscsi devstack@n-api.service[113804]: WARNING keystonemiddleware.auth_token [None req-478028bd-1319-43cc-a1a3-17d7aabb21ca None None] Configuring www_authenticate_uri to point to the public identity endpoint is required; clients may not be able to authenticate against an admin endpoint
Jun 30 02:41:45.248893 dv-cinder-733062-20-iscsi devstack@n-api.service[113803]: WARNING keystonemiddleware.auth_token [None req-df318077-5b0f-432f-a8ed-f04f70c43865 None None] AuthToken middleware is set with keystone_authtoken.service_token_roles_required set to False. This is backwards compatible but deprecated behaviour. Please set this to True.
Jun 30 02:41:45.255470 dv-cinder-733062-20-iscsi devstack@n-api.service[113803]: WARNING keystonemiddleware.auth_token [None req-df318077-5b0f-432f-a8ed-f04f70c43865 None None] Configuring www_authenticate_uri to point to the public identity endpoint is required; clients may not be able to authenticate against an admin endpoint
Jun 30 02:41:45.261094 dv-cinder-733062-20-iscsi devstack@n-api.service[113803]: WSGI app 0 (mountpoint='') ready in 6 seconds on interpreter 0x5612cc6b19c0 pid: 113803 (default app)
Jun 30 02:41:45.329979 dv-cinder-733062-20-iscsi devstack@n-api.service[113804]: WARNING keystonemiddleware.auth_token [None req-478028bd-1319-43cc-a1a3-17d7aabb21ca None None] AuthToken middleware is set with keystone_authtoken.service_token_roles_required set to False. This is backwards compatible but deprecated behaviour. Please set this to True.
Jun 30 02:41:45.336015 dv-cinder-733062-20-iscsi devstack@n-api.service[113804]: WARNING keystonemiddleware.auth_token [None req-478028bd-1319-43cc-a1a3-17d7aabb21ca None None] Configuring www_authenticate_uri to point to the public identity endpoint is required; clients may not be able to authenticate against an admin endpoint
Jun 30 02:41:45.341418 dv-cinder-733062-20-iscsi devstack@n-api.service[113804]: WSGI app 0 (mountpoint='') ready in 6 seconds on interpreter 0x5612cc6b19c0 pid: 113804 (default app)
Jun 30 02:42:19.235494 dv-cinder-733062-20-iscsi devstack@n-api.service[113803]: DEBUG nova.api.openstack.wsgi [None req-115da7d5-c2bd-47b3-89e3-54fc14db9e41 tempest-VolumesNegativeTest-778944169 tempest-VolumesNegativeTest-778944169-project] Action: 'create', calling method: .version_select at 0x7f7cd29b9940>, body: {"volume": {"size": "#$%", "display_name": "tempest-VolumesNegativeTest-Volume-1773909778", "metadata": {"Type": "work"}}} {{(pid=113803) _process_stack /opt/stack/nova/nova/api/openstack/wsgi.py:511}}
Jun 30 02:42:19.238442 dv-cinder-733062-20-iscsi devstack@n-api.service[113803]: DEBUG nova.api.openstack.wsgi [None req-115da7d5-c2bd-47b3-89e3-54fc14db9e41 tempest-VolumesNegativeTest-778944169 tempest-VolumesNegativeTest-778944169-project] Returning 400 to user: Invalid input for field/attribute size. Value: #$%. '#$%' does not match '^[0-9]+$' {{(pid=113803) __call__ /opt/stack/nova/nova/api/openstack/wsgi.py:927}}
Jun 30 02:42:19.239510 dv-cinder-733062-20-iscsi devstack@n-api.service[113803]: INFO nova.api.openstack.requestlog [None req-115da7d5-c2bd-47b3-89e3-54fc14db9e41 tempest-VolumesNegativeTest-778944169 tempest-VolumesNegativeTest-778944169-project] 10.222.0.104 "POST /compute/v2.1/os-volumes" status: 400 len: 127 microversion: 2.1 time: 1.822871
Jun 30 02:42:19.244897 dv-cinder-733062-20-iscsi devstack@n-api.service[113803]: [pid: 113803|app: 0|req: 1/1] 10.222.0.104 () {60 vars in 1161 bytes} [Wed Jun 30 02:42:17 2021] POST /compute/v2.1/os-volumes => generated 127 bytes in 1830 msecs (HTTP/1.1 400) 9 headers in 381 bytes (1 switches on core 0)
Jun 30 02:42:19.250486 dv-cinder-733062-20-iscsi devstack@n-api.service[113803]: DEBUG nova.api.openstack.wsgi [None req-9538761f-0b9d-4dc5-9d0e-4057a1a6c870 tempest-VolumesNegativeTest-778944169 tempest-VolumesNegativeTest-778944169-project] Action: 'create', calling method: .version_select at 0x7f7cd283bb80>, body: {"volume": {"size": "0", "display_name": "tempest-VolumesNegativeTest-Volume-768924843", "metadata": {"Type": "work"}}} {{(pid=113803) _process_stack /opt/stack/nova/nova/api/openstack/wsgi.py:511}}
Jun 30 02:42:19.252123 dv-cinder-733062-20-iscsi devstack@n-api.service[113803]: DEBUG nova.api.openstack.wsgi [None req-9538761f-0b9d-4dc5-9d0e-4057a1a6c870 tempest-VolumesNegativeTest-778944169 tempest-VolumesNegativeTest-778944169-project] Returning 400 to user: Invalid input for field/attribute size. Value: 0. 0 is less than the minimum of 1 {{(pid=113803) __call__ /opt/stack/nova/nova/api/openstack/wsgi.py:927}}
Jun 30 02:42:19.254536 dv-cinder-733062-20-iscsi devstack@n-api.service[113803]: INFO nova.api.openstack.requestlog [None req-9538761f-0b9d-4dc5-9d0e-4057a1a6c870 tempest-VolumesNegativeTest-778944169 tempest-VolumesNegativeTest-778944169-project] 10.222.0.104 "POST /compute/v2.1/os-volumes" status: 400 len: 125 microversion: 2.1 time: 0.008259
Jun 30 02:42:19.260860 dv-cinder-733062-20-iscsi devstack@n-api.service[113803]: [pid: 113803|app: 0|req: 2/2] 10.222.0.104 () {60 vars in 1161 bytes} [Wed Jun 30 02:42:19 2021] POST /compute/v2.1/os-volumes => generated 125 bytes in 15 msecs (HTTP/1.1 400) 9 headers in 381 bytes (1 switches on core 0)
Jun 30 02:42:19.265917 dv-cinder-733062-20-iscsi devstack@n-api.service[113803]: DEBUG nova.api.openstack.wsgi [None req-407ecf2f-dd89-4c4e-b864-ef7fcfeefd03 tempest-VolumesNegativeTest-778944169 tempest-VolumesNegativeTest-778944169-project] Action: 'create', calling method: .version_select at 0x7f7cd29b9f70>, body: {"volume": {"size": "", "display_name": "tempest-VolumesNegativeTest-Volume-706632480", "metadata": {"Type": "work"}}} {{(pid=113803) _process_stack /opt/stack/nova/nova/api/openstack/wsgi.py:511}}
Jun 30 02:42:19.267773 dv-cinder-733062-20-iscsi devstack@n-api.service[113803]: DEBUG nova.api.openstack.wsgi [None req-407ecf2f-dd89-4c4e-b864-ef7fcfeefd03 tempest-VolumesNegativeTest-778944169 tempest-VolumesNegativeTest-778944169-project] Returning 400 to user: Invalid input for field/attribute size. Value: . '' does not match '^[0-9]+$' {{(pid=113803) __call__ /opt/stack/nova/nova/api/openstack/wsgi.py:927}}
Jun 30 02:42:19.269481 dv-cinder-733062-20-iscsi devstack@n-api.service[113803]: INFO nova.api.openstack.requestlog [None req-407ecf2f-dd89-4c4e-b864-ef7fcfeefd03 tempest-VolumesNegativeTest-778944169 tempest-VolumesNegativeTest-778944169-project] 10.222.0.104 "POST /compute/v2.1/os-volumes" status: 400 len: 121 microversion: 2.1 time: 0.007244
Jun 30 02:42:19.274442 dv-cinder-733062-20-iscsi devstack@n-api.service[113803]: [pid: 113803|app: 0|req: 3/3] 10.222.0.104 () {60 vars in 1161 bytes} [Wed Jun 30 02:42:19 2021] POST /compute/v2.1/os-volumes => generated 121 bytes in 13 msecs (HTTP/1.1 400) 9 headers in 381 bytes (1 switches on core 0)
Jun 30 02:42:19.279105 dv-cinder-733062-20-iscsi devstack@n-api.service[113803]: DEBUG nova.api.openstack.wsgi [None req-6a0385b6-18f8-48e1-983b-7338a6c7661b tempest-VolumesNegativeTest-778944169 tempest-VolumesNegativeTest-778944169-project] Calling method '.version_select at 0x7f7cd2903b80>' {{(pid=113803) _process_stack /opt/stack/nova/nova/api/openstack/wsgi.py:513}}
Jun 30 02:42:19.373700 dv-cinder-733062-20-iscsi devstack@n-api.service[113804]: DEBUG nova.api.openstack.wsgi [None req-b19bdfb7-fb59-4464-bee4-536c35c5a5d6 tempest-VolumesGetTestJSON-2062397858 tempest-VolumesGetTestJSON-2062397858-project] Action: 'create', calling method: .version_select at 0x7f7cd29b9940>, body: {"volume": {"size": 1, "display_name": "tempest-VolumesGetTestJSON-Volume-966917383", "metadata": {"Type": "work"}}} {{(pid=113804) _process_stack /opt/stack/nova/nova/api/openstack/wsgi.py:511}}
Jun 30 02:42:20.672539 dv-cinder-733062-20-iscsi devstack@n-api.service[113803]: INFO nova.api.openstack.wsgi [None req-6a0385b6-18f8-48e1-983b-7338a6c7661b tempest-VolumesNegativeTest-778944169 tempest-VolumesNegativeTest-778944169-project] HTTP exception thrown: Volume tempest-invalid-1636195468 could not be found.
Jun 30 02:42:20.673304 dv-cinder-733062-20-iscsi devstack@n-api.service[113803]: DEBUG nova.api.openstack.wsgi [None req-6a0385b6-18f8-48e1-983b-7338a6c7661b tempest-VolumesNegativeTest-778944169 tempest-VolumesNegativeTest-778944169-project] Returning 404 to user: Volume tempest-invalid-1636195468 could not be found. {{(pid=113803) __call__ /opt/stack/nova/nova/api/openstack/wsgi.py:927}}
Jun 30 02:42:20.675060 dv-cinder-733062-20-iscsi devstack@n-api.service[113803]: INFO nova.api.openstack.requestlog [None req-6a0385b6-18f8-48e1-983b-7338a6c7661b tempest-VolumesNegativeTest-778944169 tempest-VolumesNegativeTest-778944169-project] 10.222.0.104 "DELETE /compute/v2.1/os-volumes/tempest-invalid-1636195468" status: 404 len: 99 microversion: 2.1 time: 1.399344
Jun 30 02:42:20.675605 dv-cinder-733062-20-iscsi devstack@n-api.service[113803]: [pid: 113803|app: 0|req: 4/4] 10.222.0.104 () {58 vars in 1223 bytes} [Wed Jun 30 02:42:19 2021] DELETE /compute/v2.1/os-volumes/tempest-invalid-1636195468 => generated 99 bytes in 1400 msecs (HTTP/1.1 404) 9 headers in 378 bytes (1 switches on core 0)
Jun 30 02:42:20.830831 dv-cinder-733062-20-iscsi devstack@n-api.service[113803]: DEBUG nova.api.openstack.wsgi [None req-2a480fbf-95e4-4f33-ab04-6560a4374099 tempest-DeleteServersTestJSON-1866552102 tempest-DeleteServersTestJSON-1866552102-project] Action: 'create', calling method: >, body: {"server": {"name": "tempest-DeleteServersTestJSON-server-1154261904", "imageRef": "6be547a5-849e-411f-9ea3-b5cb64f60466", "flavorRef": "452", "networks": [{"uuid": "65c938f5-0ef5-49bd-9ce0-82ac2285db7f"}]}} {{(pid=113803) _process_stack /opt/stack/nova/nova/api/openstack/wsgi.py:511}}
Jun 30 02:42:21.036067 dv-cinder-733062-20-iscsi devstack@n-api.service[113803]: DEBUG nova.network.neutron [None req-2a480fbf-95e4-4f33-ab04-6560a4374099 tempest-DeleteServersTestJSON-1866552102 tempest-DeleteServersTestJSON-1866552102-project] validate_networks() for [('65c938f5-0ef5-49bd-9ce0-82ac2285db7f', None, None, None)] {{(pid=113803) validate_networks /opt/stack/nova/nova/network/neutron.py:2376}}
Jun 30 02:42:21.569591 dv-cinder-733062-20-iscsi devstack@n-api.service[113804]: INFO nova.api.openstack.requestlog [None req-b19bdfb7-fb59-4464-bee4-536c35c5a5d6 tempest-VolumesGetTestJSON-2062397858 tempest-VolumesGetTestJSON-2062397858-project] 10.222.0.104 "POST /compute/v2.1/os-volumes" status: 200 len: 352 microversion: 2.1 time: 3.551343
Jun 30 02:42:21.570529 dv-cinder-733062-20-iscsi devstack@n-api.service[113804]: [pid: 113804|app: 0|req: 1/5] 10.222.0.104 () {60 vars in 1161 bytes} [Wed Jun 30 02:42:18 2021] POST /compute/v2.1/os-volumes => generated 352 bytes in 3554 msecs (HTTP/1.1 200) 10 headers in 449 bytes (1 switches on core 0)
Jun 30 02:42:21.577341 dv-cinder-733062-20-iscsi devstack@n-api.service[113804]: INFO nova.api.openstack.requestlog [None req-1590b808-58b5-439a-a1a4-1392e63ca62f tempest-VolumesNegativeTest-778944169 tempest-VolumesNegativeTest-778944169-project] 10.222.0.104 "DELETE /compute/v2.1/os-volumes/" status: 404 len: 112 microversion: - time: 0.005379
Jun 30 02:42:21.578805 dv-cinder-733062-20-iscsi devstack@n-api.service[113804]: [pid: 113804|app: 0|req: 2/6] 10.222.0.104 () {58 vars in 1145 bytes} [Wed Jun 30 02:42:21 2021] DELETE /compute/v2.1/os-volumes/ => generated 112 bytes in 8 msecs (HTTP/1.1 404) 5 headers in 228 bytes (1 switches on core 0)
Jun 30 02:42:21.587199 dv-cinder-733062-20-iscsi devstack@n-api.service[113804]: DEBUG nova.api.openstack.wsgi [None req-55681539-5682-4d9f-8b2a-da8aaeb5ab3f tempest-VolumesGetTestJSON-2062397858 tempest-VolumesGetTestJSON-2062397858-project] Calling method '.version_select at 0x7f7cd27c7310>' {{(pid=113804) _process_stack /opt/stack/nova/nova/api/openstack/wsgi.py:513}}
Jun 30 02:42:21.739161 dv-cinder-733062-20-iscsi devstack@n-api.service[113804]: INFO nova.api.openstack.requestlog [None req-55681539-5682-4d9f-8b2a-da8aaeb5ab3f tempest-VolumesGetTestJSON-2062397858 tempest-VolumesGetTestJSON-2062397858-project] 10.222.0.104 "GET /compute/v2.1/os-volumes/50e93dbc-662a-48ab-8a63-9e70145b57aa" status: 200 len: 352 microversion: 2.1 time: 0.156829
Jun 30 02:42:21.741617 dv-cinder-733062-20-iscsi devstack@n-api.service[113804]: [pid: 113804|app: 0|req: 3/7] 10.222.0.104 () {58 vars in 1250 bytes} [Wed Jun 30 02:42:21 2021] GET /compute/v2.1/os-volumes/50e93dbc-662a-48ab-8a63-9e70145b57aa => generated 352 bytes in 159 msecs (HTTP/1.1 200) 9 headers in 357 bytes (1 switches on core 0)
Jun 30 02:42:21.745200 dv-cinder-733062-20-iscsi devstack@n-api.service[113804]: INFO nova.api.openstack.requestlog [None req-38816297-23e5-482b-b0f2-23d2f08a8720 tempest-VolumesNegativeTest-778944169 tempest-VolumesNegativeTest-778944169-project] 10.222.0.104 "GET /compute/v2.1/os-volumes/" status: 404 len: 112 microversion: - time: 0.003626
Jun 30 02:42:21.745716 dv-cinder-733062-20-iscsi devstack@n-api.service[113804]: [pid: 113804|app: 0|req: 4/8] 10.222.0.104 () {58 vars in 1142 bytes} [Wed Jun 30 02:42:21 2021] GET /compute/v2.1/os-volumes/ => generated 112 bytes in 5 msecs (HTTP/1.1 404) 5 headers in 228 bytes (1 switches on core 0)
Jun 30 02:42:21.765717 dv-cinder-733062-20-iscsi devstack@n-api.service[113804]: DEBUG nova.api.openstack.wsgi [None req-cb087860-068c-4d53-9b63-c3211286780d tempest-VolumesNegativeTest-778944169 tempest-VolumesNegativeTest-778944169-project] Calling method '.version_select at 0x7f7cd27c7b80>' {{(pid=113804) _process_stack /opt/stack/nova/nova/api/openstack/wsgi.py:513}}
Jun 30 02:42:21.858149 dv-cinder-733062-20-iscsi devstack@n-api.service[113804]: INFO nova.api.openstack.wsgi [None req-cb087860-068c-4d53-9b63-c3211286780d tempest-VolumesNegativeTest-778944169 tempest-VolumesNegativeTest-778944169-project] HTTP exception thrown: Volume 223d3373-4261-4231-88b0-b5a7e4bc86c2 could not be found.
Jun 30 02:42:21.858149 dv-cinder-733062-20-iscsi devstack@n-api.service[113804]: DEBUG nova.api.openstack.wsgi [None req-cb087860-068c-4d53-9b63-c3211286780d tempest-VolumesNegativeTest-778944169 tempest-VolumesNegativeTest-778944169-project] Returning 404 to user: Volume 223d3373-4261-4231-88b0-b5a7e4bc86c2 could not be found. {{(pid=113804) __call__ /opt/stack/nova/nova/api/openstack/wsgi.py:927}}
Jun 30 02:42:21.858149 dv-cinder-733062-20-iscsi devstack@n-api.service[113804]: INFO nova.api.openstack.requestlog [None req-cb087860-068c-4d53-9b63-c3211286780d tempest-VolumesNegativeTest-778944169 tempest-VolumesNegativeTest-778944169-project] 10.222.0.104 "DELETE /compute/v2.1/os-volumes/223d3373-4261-4231-88b0-b5a7e4bc86c2" status: 404 len: 109 microversion: 2.1 time: 0.105195
Jun 30 02:42:21.858800 dv-cinder-733062-20-iscsi devstack@n-api.service[113804]: [pid: 113804|app: 0|req: 5/9] 10.222.0.104 () {58 vars in 1253 bytes} [Wed Jun 30 02:42:21 2021] DELETE /compute/v2.1/os-volumes/223d3373-4261-4231-88b0-b5a7e4bc86c2 => generated 109 bytes in 108 msecs (HTTP/1.1 404) 9 headers in 379 bytes (1 switches on core 0)
Jun 30 02:42:21.870406 dv-cinder-733062-20-iscsi devstack@n-api.service[113804]: DEBUG nova.api.openstack.wsgi [None req-0a990750-6adc-460c-9e8e-d3ac1f6630ef tempest-VolumesNegativeTest-778944169 tempest-VolumesNegativeTest-778944169-project] Calling method '.version_select at 0x7f7cd3197670>' {{(pid=113804) _process_stack /opt/stack/nova/nova/api/openstack/wsgi.py:513}}
Jun 30 02:42:21.914944 dv-cinder-733062-20-iscsi devstack@n-api.service[113804]: INFO nova.api.openstack.wsgi [None req-0a990750-6adc-460c-9e8e-d3ac1f6630ef tempest-VolumesNegativeTest-778944169 tempest-VolumesNegativeTest-778944169-project] HTTP exception thrown: Volume 46d83339-9899-4414-955c-21927fd207bf could not be found.
Jun 30 02:42:21.915932 dv-cinder-733062-20-iscsi devstack@n-api.service[113804]: DEBUG nova.api.openstack.wsgi [None req-0a990750-6adc-460c-9e8e-d3ac1f6630ef tempest-VolumesNegativeTest-778944169 tempest-VolumesNegativeTest-778944169-project] Returning 404 to user: Volume 46d83339-9899-4414-955c-21927fd207bf could not be found. {{(pid=113804) __call__ /opt/stack/nova/nova/api/openstack/wsgi.py:927}}
Jun 30 02:42:21.916771 dv-cinder-733062-20-iscsi devstack@n-api.service[113804]: INFO nova.api.openstack.requestlog [None req-0a990750-6adc-460c-9e8e-d3ac1f6630ef tempest-VolumesNegativeTest-778944169 tempest-VolumesNegativeTest-778944169-project] 10.222.0.104 "GET /compute/v2.1/os-volumes/46d83339-9899-4414-955c-21927fd207bf" status: 404 len: 109 microversion: 2.1 time: 0.050127
Jun 30 02:42:21.917624 dv-cinder-733062-20-iscsi devstack@n-api.service[113804]: [pid: 113804|app: 0|req: 6/10] 10.222.0.104 () {58 vars in 1250 bytes} [Wed Jun 30 02:42:21 2021] GET /compute/v2.1/os-volumes/46d83339-9899-4414-955c-21927fd207bf => generated 109 bytes in 52 msecs (HTTP/1.1 404) 9 headers in 379 bytes (1 switches on core 0)
Jun 30 02:42:22.753194 dv-cinder-733062-20-iscsi devstack@n-api.service[113804]: DEBUG nova.api.openstack.wsgi [None req-1e99bcd2-1c8a-46fc-9ba9-af97ccc84eaa tempest-VolumesGetTestJSON-2062397858 tempest-VolumesGetTestJSON-2062397858-project] Calling method '.version_select at 0x7f7cd27db4c0>' {{(pid=113804) _process_stack /opt/stack/nova/nova/api/openstack/wsgi.py:513}}
Jun 30 02:42:22.860759 dv-cinder-733062-20-iscsi devstack@n-api.service[113804]: INFO nova.api.openstack.requestlog [None req-1e99bcd2-1c8a-46fc-9ba9-af97ccc84eaa tempest-VolumesGetTestJSON-2062397858 tempest-VolumesGetTestJSON-2062397858-project] 10.222.0.104 "GET /compute/v2.1/os-volumes/50e93dbc-662a-48ab-8a63-9e70145b57aa" status: 200 len: 353 microversion: 2.1 time: 0.111628
Jun 30 02:42:22.862147 dv-cinder-733062-20-iscsi devstack@n-api.service[113804]: [pid: 113804|app: 0|req: 7/11] 10.222.0.104 () {58 vars in 1250 bytes} [Wed Jun 30 02:42:22 2021] GET /compute/v2.1/os-volumes/50e93dbc-662a-48ab-8a63-9e70145b57aa => generated 353 bytes in 113 msecs (HTTP/1.1 200) 9 headers in 357 bytes (2 switches on core 0)
Jun 30 02:42:22.875239 dv-cinder-733062-20-iscsi devstack@n-api.service[113804]: DEBUG nova.api.openstack.wsgi [None req-f81d79d5-ff13-416f-86b9-cf0edf2da9e3 tempest-VolumesGetTestJSON-2062397858 tempest-VolumesGetTestJSON-2062397858-project] Calling method '.version_select at 0x7f7cd27c7310>' {{(pid=113804) _process_stack /opt/stack/nova/nova/api/openstack/wsgi.py:513}}
Jun 30 02:42:22.964888 dv-cinder-733062-20-iscsi devstack@n-api.service[113804]: INFO nova.api.openstack.requestlog [None req-f81d79d5-ff13-416f-86b9-cf0edf2da9e3 tempest-VolumesGetTestJSON-2062397858 tempest-VolumesGetTestJSON-2062397858-project] 10.222.0.104 "GET /compute/v2.1/os-volumes/50e93dbc-662a-48ab-8a63-9e70145b57aa" status: 200 len: 353 microversion: 2.1 time: 0.095296
Jun 30 02:42:22.965672 dv-cinder-733062-20-iscsi devstack@n-api.service[113804]: [pid: 113804|app: 0|req: 8/12] 10.222.0.104 () {58 vars in 1250 bytes} [Wed Jun 30 02:42:22 2021] GET /compute/v2.1/os-volumes/50e93dbc-662a-48ab-8a63-9e70145b57aa => generated 353 bytes in 97 msecs (HTTP/1.1 200) 9 headers in 357 bytes (2 switches on core 0)
Jun 30 02:42:22.984070 dv-cinder-733062-20-iscsi devstack@n-api.service[113804]: DEBUG nova.api.openstack.wsgi [None req-299c618d-bac2-45f6-ae59-3c58f78e1296 tempest-VolumesGetTestJSON-2062397858 tempest-VolumesGetTestJSON-2062397858-project] Calling method '.version_select at 0x7f7cd31973a0>' {{(pid=113804) _process_stack /opt/stack/nova/nova/api/openstack/wsgi.py:513}}
Jun 30 02:42:23.038037 dv-cinder-733062-20-iscsi devstack@n-api.service[113803]: DEBUG nova.virt.hardware [None req-2a480fbf-95e4-4f33-ab04-6560a4374099 tempest-DeleteServersTestJSON-1866552102 tempest-DeleteServersTestJSON-1866552102-project] Flavor limits 0:0:0 {{(pid=113803) get_cpu_topology_constraints /opt/stack/nova/nova/virt/hardware.py:343}}
Jun 30 02:42:23.038813 dv-cinder-733062-20-iscsi devstack@n-api.service[113803]: DEBUG nova.virt.hardware [None req-2a480fbf-95e4-4f33-ab04-6560a4374099 tempest-DeleteServersTestJSON-1866552102 tempest-DeleteServersTestJSON-1866552102-project] Image limits 0:0:0 {{(pid=113803) get_cpu_topology_constraints /opt/stack/nova/nova/virt/hardware.py:347}}
Jun 30 02:42:23.039874 dv-cinder-733062-20-iscsi devstack@n-api.service[113803]: DEBUG nova.virt.hardware [None req-2a480fbf-95e4-4f33-ab04-6560a4374099 tempest-DeleteServersTestJSON-1866552102 tempest-DeleteServersTestJSON-1866552102-project] Flavor pref 0:0:0 {{(pid=113803) get_cpu_topology_constraints /opt/stack/nova/nova/virt/hardware.py:383}}
Jun 30 02:42:23.040782 dv-cinder-733062-20-iscsi devstack@n-api.service[113803]: DEBUG nova.virt.hardware [None req-2a480fbf-95e4-4f33-ab04-6560a4374099 tempest-DeleteServersTestJSON-1866552102 tempest-DeleteServersTestJSON-1866552102-project] Image pref 0:0:0 {{(pid=113803) get_cpu_topology_constraints /opt/stack/nova/nova/virt/hardware.py:387}}
Jun 30 02:42:23.041724 dv-cinder-733062-20-iscsi devstack@n-api.service[113803]: DEBUG nova.virt.hardware [None req-2a480fbf-95e4-4f33-ab04-6560a4374099 tempest-DeleteServersTestJSON-1866552102 tempest-DeleteServersTestJSON-1866552102-project] Chose sockets=0, cores=0, threads=0; limits were sockets=65536, cores=65536, threads=65536 {{(pid=113803) get_cpu_topology_constraints /opt/stack/nova/nova/virt/hardware.py:425}}
Jun 30 02:42:23.055128 dv-cinder-733062-20-iscsi devstack@n-api.service[113803]: /opt/stack/nova/nova/db/sqlalchemy/api.py:2486: SAWarning: TypeDecorator SoftDeleteInteger() will not produce a cache key because the ``cache_ok`` flag is not set to True. Set this flag to True if this type object's state is safe to use in a cache key, or False to disable this warning.
Jun 30 02:42:23.055128 dv-cinder-733062-20-iscsi devstack@n-api.service[113803]: user_quotas = model_query(context, models.ProjectUserQuota,
Jun 30 02:42:23.060769 dv-cinder-733062-20-iscsi devstack@n-api.service[113803]: DEBUG oslo_concurrency.lockutils [None req-2a480fbf-95e4-4f33-ab04-6560a4374099 tempest-DeleteServersTestJSON-1866552102 tempest-DeleteServersTestJSON-1866552102-project] Lock "00000000-0000-0000-0000-000000000000" acquired by "nova.context.set_target_cell..get_or_set_cached_cell_and_set_connections" :: waited 0.000s {{(pid=113803) inner /usr/local/lib/python3.8/dist-packages/oslo_concurrency/lockutils.py:355}}
Jun 30 02:42:23.061441 dv-cinder-733062-20-iscsi devstack@n-api.service[113803]: DEBUG oslo_concurrency.lockutils [None req-2a480fbf-95e4-4f33-ab04-6560a4374099 tempest-DeleteServersTestJSON-1866552102 tempest-DeleteServersTestJSON-1866552102-project] Lock "00000000-0000-0000-0000-000000000000" released by "nova.context.set_target_cell..get_or_set_cached_cell_and_set_connections" :: held 0.001s {{(pid=113803) inner /usr/local/lib/python3.8/dist-packages/oslo_concurrency/lockutils.py:367}}
Jun 30 02:42:23.062484 dv-cinder-733062-20-iscsi devstack@n-api.service[113803]: DEBUG oslo_concurrency.lockutils [None req-2a480fbf-95e4-4f33-ab04-6560a4374099 tempest-DeleteServersTestJSON-1866552102 tempest-DeleteServersTestJSON-1866552102-project] Lock "a586d0f8-7750-400f-974a-e8e51c42256b" acquired by "nova.context.set_target_cell..get_or_set_cached_cell_and_set_connections" :: waited 0.000s {{(pid=113803) inner /usr/local/lib/python3.8/dist-packages/oslo_concurrency/lockutils.py:355}}
Jun 30 02:42:23.063169 dv-cinder-733062-20-iscsi devstack@n-api.service[113803]: DEBUG oslo_concurrency.lockutils [None req-2a480fbf-95e4-4f33-ab04-6560a4374099 tempest-DeleteServersTestJSON-1866552102 tempest-DeleteServersTestJSON-1866552102-project] Lock "a586d0f8-7750-400f-974a-e8e51c42256b" released by "nova.context.set_target_cell..get_or_set_cached_cell_and_set_connections" :: held 0.001s {{(pid=113803) inner /usr/local/lib/python3.8/dist-packages/oslo_concurrency/lockutils.py:367}}
Jun 30 02:42:23.071279 dv-cinder-733062-20-iscsi devstack@n-api.service[113803]: /opt/stack/nova/nova/objects/instance.py:1537: SAWarning: TypeDecorator SoftDeleteInteger() will not produce a cache key because the ``cache_ok`` flag is not set to True. Set this flag to True if this type object's state is safe to use in a cache key, or False to disable this warning.
Jun 30 02:42:23.071279 dv-cinder-733062-20-iscsi devstack@n-api.service[113803]: project_result = project_query.first()
Jun 30 02:42:23.091577 dv-cinder-733062-20-iscsi devstack@n-api.service[113804]: INFO nova.api.openstack.requestlog [None req-299c618d-bac2-45f6-ae59-3c58f78e1296 tempest-VolumesGetTestJSON-2062397858 tempest-VolumesGetTestJSON-2062397858-project] 10.222.0.104 "DELETE /compute/v2.1/os-volumes/50e93dbc-662a-48ab-8a63-9e70145b57aa" status: 202 len: 0 microversion: 2.1 time: 0.110386
Jun 30 02:42:23.095337 dv-cinder-733062-20-iscsi devstack@n-api.service[113804]: [pid: 113804|app: 0|req: 9/13] 10.222.0.104 () {58 vars in 1253 bytes} [Wed Jun 30 02:42:22 2021] DELETE /compute/v2.1/os-volumes/50e93dbc-662a-48ab-8a63-9e70145b57aa => generated 0 bytes in 113 msecs (HTTP/1.1 202) 9 headers in 361 bytes (1 switches on core 0)
Jun 30 02:42:23.095508 dv-cinder-733062-20-iscsi devstack@n-api.service[113803]: /opt/stack/nova/nova/db/sqlalchemy/api.py:2503: SAWarning: TypeDecorator SoftDeleteInteger() will not produce a cache key because the ``cache_ok`` flag is not set to True. Set this flag to True if this type object's state is safe to use in a cache key, or False to disable this warning.
Jun 30 02:42:23.095508 dv-cinder-733062-20-iscsi devstack@n-api.service[113803]: rows = model_query(context, models.Quota, read_deleted="no").\
Jun 30 02:42:23.103215 dv-cinder-733062-20-iscsi devstack@n-api.service[113804]: DEBUG nova.api.openstack.wsgi [None req-e32d33ab-6a1d-4f57-bd25-78478f57b48d tempest-VolumesGetTestJSON-2062397858 tempest-VolumesGetTestJSON-2062397858-project] Calling method '.version_select at 0x7f7cd27db9d0>' {{(pid=113804) _process_stack /opt/stack/nova/nova/api/openstack/wsgi.py:513}}
Jun 30 02:42:23.113886 dv-cinder-733062-20-iscsi devstack@n-api.service[113803]: DEBUG nova.quota [None req-2a480fbf-95e4-4f33-ab04-6560a4374099 tempest-DeleteServersTestJSON-1866552102 tempest-DeleteServersTestJSON-1866552102-project] Getting quotas for project e35ccf29b71949a58583055254130a09. Resources: {'instances', 'cores', 'ram'} {{(pid=113803) _get_quotas /opt/stack/nova/nova/quota.py:387}}
Jun 30 02:42:23.130421 dv-cinder-733062-20-iscsi devstack@n-api.service[113803]: DEBUG nova.quota [None req-2a480fbf-95e4-4f33-ab04-6560a4374099 tempest-DeleteServersTestJSON-1866552102 tempest-DeleteServersTestJSON-1866552102-project] Getting quotas for user d35395458eac43298d0433ebe1264be5 and project e35ccf29b71949a58583055254130a09. Resources: {'instances', 'cores', 'ram'} {{(pid=113803) _get_quotas /opt/stack/nova/nova/quota.py:377}}
Jun 30 02:42:23.146512 dv-cinder-733062-20-iscsi devstack@n-api.service[113803]: DEBUG nova.compute.api [None req-2a480fbf-95e4-4f33-ab04-6560a4374099 tempest-DeleteServersTestJSON-1866552102 tempest-DeleteServersTestJSON-1866552102-project] Going to run 1 instances... {{(pid=113803) _provision_instances /opt/stack/nova/nova/compute/api.py:1282}}
Jun 30 02:42:23.149850 dv-cinder-733062-20-iscsi devstack@n-api.service[113803]: DEBUG nova.compute.api [None req-2a480fbf-95e4-4f33-ab04-6560a4374099 tempest-DeleteServersTestJSON-1866552102 tempest-DeleteServersTestJSON-1866552102-project] [instance: eea44be6-8fa7-417f-83a4-f82a92ddf97a] block_device_mapping [BlockDeviceMapping(attachment_id=,boot_index=0,connection_info=None,created_at=,delete_on_termination=True,deleted=,deleted_at=,destination_type='local',device_name=None,device_type='disk',disk_bus=None,guest_format=None,id=,image_id='6be547a5-849e-411f-9ea3-b5cb64f60466',instance=,instance_uuid=,no_device=False,snapshot_id=None,source_type='image',tag=None,updated_at=,uuid=,volume_id=None,volume_size=None,volume_type=None)] {{(pid=113803) _bdm_validate_set_size_and_instance /opt/stack/nova/nova/compute/api.py:1687}}
Jun 30 02:42:23.233181 dv-cinder-733062-20-iscsi devstack@n-api.service[113804]: INFO nova.api.openstack.requestlog [None req-e32d33ab-6a1d-4f57-bd25-78478f57b48d tempest-VolumesGetTestJSON-2062397858 tempest-VolumesGetTestJSON-2062397858-project] 10.222.0.104 "GET /compute/v2.1/os-volumes/50e93dbc-662a-48ab-8a63-9e70145b57aa" status: 200 len: 352 microversion: 2.1 time: 0.135065
Jun 30 02:42:23.234547 dv-cinder-733062-20-iscsi devstack@n-api.service[113804]: [pid: 113804|app: 0|req: 10/14] 10.222.0.104 () {58 vars in 1250 bytes} [Wed Jun 30 02:42:23 2021] GET /compute/v2.1/os-volumes/50e93dbc-662a-48ab-8a63-9e70145b57aa => generated 352 bytes in 138 msecs (HTTP/1.1 200) 9 headers in 357 bytes (1 switches on core 0)
Jun 30 02:42:23.265062 dv-cinder-733062-20-iscsi devstack@n-api.service[113803]: INFO nova.api.openstack.requestlog [None req-2a480fbf-95e4-4f33-ab04-6560a4374099 tempest-DeleteServersTestJSON-1866552102 tempest-DeleteServersTestJSON-1866552102-project] 10.222.0.104 "POST /compute/v2.1/servers" status: 202 len: 382 microversion: 2.1 time: 2.582101
Jun 30 02:42:23.266648 dv-cinder-733062-20-iscsi devstack@n-api.service[113803]: [pid: 113803|app: 0|req: 5/15] 10.222.0.104 () {60 vars in 1152 bytes} [Wed Jun 30 02:42:20 2021] POST /compute/v2.1/servers => generated 382 bytes in 2584 msecs (HTTP/1.1 202) 10 headers in 452 bytes (1 switches on core 0)
Jun 30 02:42:23.277703 dv-cinder-733062-20-iscsi devstack@n-api.service[113804]: DEBUG nova.api.openstack.wsgi [None req-e46c446c-fdab-491b-b7a6-c6440bfe63eb tempest-DeleteServersTestJSON-1866552102 tempest-DeleteServersTestJSON-1866552102-project] Calling method '>' {{(pid=113804) _process_stack /opt/stack/nova/nova/api/openstack/wsgi.py:513}}
Jun 30 02:42:23.278697 dv-cinder-733062-20-iscsi devstack@n-api.service[113804]: DEBUG nova.compute.api [None req-e46c446c-fdab-491b-b7a6-c6440bfe63eb tempest-DeleteServersTestJSON-1866552102 tempest-DeleteServersTestJSON-1866552102-project] [instance: eea44be6-8fa7-417f-83a4-f82a92ddf97a] Fetching instance by UUID {{(pid=113804) get /opt/stack/nova/nova/compute/api.py:2795}}
Jun 30 02:42:23.466784 dv-cinder-733062-20-iscsi devstack@n-api.service[113804]: DEBUG nova.policy [None req-e46c446c-fdab-491b-b7a6-c6440bfe63eb tempest-DeleteServersTestJSON-1866552102 tempest-DeleteServersTestJSON-1866552102-project] Policy check for os_compute_api:os-extended-server-attributes failed with credentials {'is_admin': False, 'user_id': 'd35395458eac43298d0433ebe1264be5', 'user_domain_id': 'default', 'system_scope': None, 'domain_id': None, 'project_id': 'e35ccf29b71949a58583055254130a09', 'project_domain_id': 'default', 'roles': ['reader', 'member'], 'is_admin_project': True, 'service_user_id': None, 'service_user_domain_id': None, 'service_project_id': None, 'service_project_domain_id': None, 'service_roles': []} {{(pid=113804) authorize /opt/stack/nova/nova/policy.py:199}}
Jun 30 02:42:23.469834 dv-cinder-733062-20-iscsi devstack@n-api.service[113804]: /opt/stack/nova/nova/db/sqlalchemy/api.py:2775: SAWarning: TypeDecorator SoftDeleteInteger() will not produce a cache key because the ``cache_ok`` flag is not set to True. Set this flag to True if this type object's state is safe to use in a cache key, or False to disable this warning.
Jun 30 02:42:23.469834 dv-cinder-733062-20-iscsi devstack@n-api.service[113804]: return _block_device_mapping_get_query(context).filter(
Jun 30 02:42:23.497597 dv-cinder-733062-20-iscsi devstack@n-api.service[113804]: INFO nova.api.openstack.requestlog [None req-e46c446c-fdab-491b-b7a6-c6440bfe63eb tempest-DeleteServersTestJSON-1866552102 tempest-DeleteServersTestJSON-1866552102-project] 10.222.0.104 "GET /compute/v2.1/servers/eea44be6-8fa7-417f-83a4-f82a92ddf97a" status: 200 len: 1219 microversion: 2.1 time: 0.223690
Jun 30 02:42:23.498559 dv-cinder-733062-20-iscsi devstack@n-api.service[113804]: [pid: 113804|app: 0|req: 11/16] 10.222.0.104 () {58 vars in 1241 bytes} [Wed Jun 30 02:42:23 2021] GET /compute/v2.1/servers/eea44be6-8fa7-417f-83a4-f82a92ddf97a => generated 1219 bytes in 226 msecs (HTTP/1.1 200) 9 headers in 358 bytes (1 switches on core 0)
Jun 30 02:42:24.247889 dv-cinder-733062-20-iscsi devstack@n-api.service[113803]: DEBUG nova.api.openstack.wsgi [None req-b266330f-9f24-4db1-b7da-9d98c092aa4b tempest-VolumesGetTestJSON-2062397858 tempest-VolumesGetTestJSON-2062397858-project] Calling method '.version_select at 0x7f7cd266f280>' {{(pid=113803) _process_stack /opt/stack/nova/nova/api/openstack/wsgi.py:513}}
Jun 30 02:42:24.342688 dv-cinder-733062-20-iscsi devstack@n-api.service[113803]: INFO nova.api.openstack.wsgi [None req-b266330f-9f24-4db1-b7da-9d98c092aa4b tempest-VolumesGetTestJSON-2062397858 tempest-VolumesGetTestJSON-2062397858-project] HTTP exception thrown: Volume 50e93dbc-662a-48ab-8a63-9e70145b57aa could not be found.
Jun 30 02:42:24.343714 dv-cinder-733062-20-iscsi devstack@n-api.service[113803]: DEBUG nova.api.openstack.wsgi [None req-b266330f-9f24-4db1-b7da-9d98c092aa4b tempest-VolumesGetTestJSON-2062397858 tempest-VolumesGetTestJSON-2062397858-project] Returning 404 to user: Volume 50e93dbc-662a-48ab-8a63-9e70145b57aa could not be found. {{(pid=113803) __call__ /opt/stack/nova/nova/api/openstack/wsgi.py:927}}
Jun 30 02:42:24.344891 dv-cinder-733062-20-iscsi devstack@n-api.service[113803]: INFO nova.api.openstack.requestlog [None req-b266330f-9f24-4db1-b7da-9d98c092aa4b tempest-VolumesGetTestJSON-2062397858 tempest-VolumesGetTestJSON-2062397858-project] 10.222.0.104 "GET /compute/v2.1/os-volumes/50e93dbc-662a-48ab-8a63-9e70145b57aa" status: 404 len: 109 microversion: 2.1 time: 0.102335
Jun 30 02:42:24.346540 dv-cinder-733062-20-iscsi devstack@n-api.service[113803]: [pid: 113803|app: 0|req: 6/17] 10.222.0.104 () {58 vars in 1250 bytes} [Wed Jun 30 02:42:24 2021] GET /compute/v2.1/os-volumes/50e93dbc-662a-48ab-8a63-9e70145b57aa => generated 109 bytes in 105 msecs (HTTP/1.1 404) 9 headers in 379 bytes (1 switches on core 0)
Jun 30 02:42:24.516004 dv-cinder-733062-20-iscsi devstack@n-api.service[113804]: DEBUG nova.api.openstack.wsgi [None req-22a6f518-c319-4fb2-8cf8-a812927c4474 tempest-DeleteServersTestJSON-1866552102 tempest-DeleteServersTestJSON-1866552102-project] Calling method '>' {{(pid=113804) _process_stack /opt/stack/nova/nova/api/openstack/wsgi.py:513}}
Jun 30 02:42:24.516630 dv-cinder-733062-20-iscsi devstack@n-api.service[113804]: DEBUG nova.compute.api [None req-22a6f518-c319-4fb2-8cf8-a812927c4474 tempest-DeleteServersTestJSON-1866552102 tempest-DeleteServersTestJSON-1866552102-project] [instance: eea44be6-8fa7-417f-83a4-f82a92ddf97a] Fetching instance by UUID {{(pid=113804) get /opt/stack/nova/nova/compute/api.py:2795}}
Jun 30 02:42:24.821649 dv-cinder-733062-20-iscsi devstack@n-api.service[113804]: DEBUG nova.policy [None req-22a6f518-c319-4fb2-8cf8-a812927c4474 tempest-DeleteServersTestJSON-1866552102 tempest-DeleteServersTestJSON-1866552102-project] Policy check for os_compute_api:os-extended-server-attributes failed with credentials {'is_admin': False, 'user_id': 'd35395458eac43298d0433ebe1264be5', 'user_domain_id': 'default', 'system_scope': None, 'domain_id': None, 'project_id': 'e35ccf29b71949a58583055254130a09', 'project_domain_id': 'default', 'roles': ['reader', 'member'], 'is_admin_project': True, 'service_user_id': None, 'service_user_domain_id': None, 'service_project_id': None, 'service_project_domain_id': None, 'service_roles': []} {{(pid=113804) authorize /opt/stack/nova/nova/policy.py:199}}
Jun 30 02:42:24.826097 dv-cinder-733062-20-iscsi devstack@n-api.service[113804]: /opt/stack/nova/nova/db/sqlalchemy/api.py:2775: SAWarning: TypeDecorator SoftDeleteInteger() will not produce a cache key because the ``cache_ok`` flag is not set to True. Set this flag to True if this type object's state is safe to use in a cache key, or False to disable this warning.
Jun 30 02:42:24.826097 dv-cinder-733062-20-iscsi devstack@n-api.service[113804]: return _block_device_mapping_get_query(context).filter(
Jun 30 02:42:24.842434 dv-cinder-733062-20-iscsi devstack@n-api.service[113804]: INFO nova.api.openstack.requestlog [None req-22a6f518-c319-4fb2-8cf8-a812927c4474 tempest-DeleteServersTestJSON-1866552102 tempest-DeleteServersTestJSON-1866552102-project] 10.222.0.104 "GET /compute/v2.1/servers/eea44be6-8fa7-417f-83a4-f82a92ddf97a" status: 200 len: 1219 microversion: 2.1 time: 0.328703
