Dec 23 11:33:01.012839 dv-cinder-730936-3-smb devstack@c-api.service[109629]: DEBUG cinder.volume.api [None req-13c3ca7b-bbcd-4f18-adff-2ee359b38cdc tempest-VolumesTestJSON-1008621386 tempest-VolumesTestJSON-1008621386-project] Task 'cinder.volume.flows.api.create_volume.VolumeCastTask;volume:create' (8c0500c8-6af1-4ef4-aebc-2c9208d95216) transitioned into state 'SUCCESS' from state 'RUNNING' with result 'None' {{(pid=109629) _task_receiver /usr/local/lib/python3.8/dist-packages/taskflow/listeners/logging.py:178}}
Dec 23 11:33:01.022996 dv-cinder-730936-3-smb devstack@c-api.service[109629]: DEBUG cinder.volume.api [None req-13c3ca7b-bbcd-4f18-adff-2ee359b38cdc tempest-VolumesTestJSON-1008621386 tempest-VolumesTestJSON-1008621386-project] Flow 'volume_create_api' (5e5af690-3eb5-4584-9f5a-3802e62d390c) transitioned into state 'SUCCESS' from state 'RUNNING' {{(pid=109629) _flow_receiver /usr/local/lib/python3.8/dist-packages/taskflow/listeners/logging.py:141}}
Dec 23 11:33:01.023995 dv-cinder-730936-3-smb devstack@c-api.service[109629]: INFO cinder.volume.api [None req-13c3ca7b-bbcd-4f18-adff-2ee359b38cdc tempest-VolumesTestJSON-1008621386 tempest-VolumesTestJSON-1008621386-project] Create volume request issued successfully.
Dec 23 11:33:01.025456 dv-cinder-730936-3-smb devstack@c-api.service[109629]: INFO cinder.api.openstack.wsgi [None req-13c3ca7b-bbcd-4f18-adff-2ee359b38cdc tempest-VolumesTestJSON-1008621386 tempest-VolumesTestJSON-1008621386-project] http://10.222.0.24/volume/v3/81c8f56bcb49440b934dee42f666fff5/volumes returned with HTTP 202
Dec 23 11:33:01.040320 dv-cinder-730936-3-smb devstack@c-api.service[109629]: [pid: 109629|app: 0|req: 35/80] 10.222.0.24 () {60 vars in 1235 bytes} [Thu Dec 23 11:32:59 2021] POST /volume/v3/81c8f56bcb49440b934dee42f666fff5/volumes => generated 828 bytes in 1202 msecs (HTTP/1.1 202) 7 headers in 291 bytes (1 switches on core 0)
Dec 23 11:33:01.052403 dv-cinder-730936-3-smb devstack@c-api.service[109629]: INFO cinder.api.openstack.wsgi [None req-6354a1b3-367e-4ec2-8f0a-d999afac5431 tempest-VolumesTestJSON-1008621386 tempest-VolumesTestJSON-1008621386-project] GET http://10.222.0.24/volume/v3/81c8f56bcb49440b934dee42f666fff5/volumes/c812aa08-00c5-4855-a241-3670f80fb208
Dec 23 11:33:01.053061 dv-cinder-730936-3-smb devstack@c-api.service[109629]: DEBUG cinder.api.openstack.wsgi [None req-6354a1b3-367e-4ec2-8f0a-d999afac5431 tempest-VolumesTestJSON-1008621386 tempest-VolumesTestJSON-1008621386-project] Empty body provided in request {{(pid=109629) get_body /opt/stack/cinder/cinder/api/openstack/wsgi.py:715}}
Dec 23 11:33:01.053680 dv-cinder-730936-3-smb devstack@c-api.service[109629]: DEBUG cinder.api.openstack.wsgi [None req-6354a1b3-367e-4ec2-8f0a-d999afac5431 tempest-VolumesTestJSON-1008621386 tempest-VolumesTestJSON-1008621386-project] Calling method 'show' {{(pid=109629) _process_stack /opt/stack/cinder/cinder/api/openstack/wsgi.py:868}}
Dec 23 11:33:01.085303 dv-cinder-730936-3-smb devstack@c-api.service[109629]: /usr/local/lib/python3.8/dist-packages/oslo_context/context.py:105: DeprecationWarning: Policy enforcement is depending on the value of is_admin. This key is deprecated. Please update your policy file to use the standard policy values.
Dec 23 11:33:01.085303 dv-cinder-730936-3-smb devstack@c-api.service[109629]: warnings.warn('Policy enforcement is depending on the value of '
Dec 23 11:33:01.110808 dv-cinder-730936-3-smb devstack@c-api.service[109629]: INFO cinder.volume.api [None req-6354a1b3-367e-4ec2-8f0a-d999afac5431 tempest-VolumesTestJSON-1008621386 tempest-VolumesTestJSON-1008621386-project] Volume info retrieved successfully.
Dec 23 11:33:01.145217 dv-cinder-730936-3-smb devstack@c-api.service[109629]: INFO cinder.api.openstack.wsgi [None req-6354a1b3-367e-4ec2-8f0a-d999afac5431 tempest-VolumesTestJSON-1008621386 tempest-VolumesTestJSON-1008621386-project] http://10.222.0.24/volume/v3/81c8f56bcb49440b934dee42f666fff5/volumes/c812aa08-00c5-4855-a241-3670f80fb208 returned with HTTP 200
Dec 23 11:33:01.146256 dv-cinder-730936-3-smb devstack@c-api.service[109629]: [pid: 109629|app: 0|req: 36/81] 10.222.0.24 () {58 vars in 1324 bytes} [Thu Dec 23 11:33:01 2021] GET /volume/v3/81c8f56bcb49440b934dee42f666fff5/volumes/c812aa08-00c5-4855-a241-3670f80fb208 => generated 896 bytes in 105 msecs (HTTP/1.1 200) 7 headers in 285 bytes (1 switches on core 0)
Dec 23 11:33:01.236683 dv-cinder-730936-3-smb devstack@c-api.service[109629]: INFO cinder.api.openstack.wsgi [None req-a59c1750-8d64-4533-a0ba-1db598cc3629 tempest-GroupsV314Test-160228625 tempest-GroupsV314Test-160228625-project] GET http://10.222.0.24/volume/v3/6046c0dbfb02440cb2311ba9e2ff3c69/volumes/08d258ac-3c40-41bb-8819-6f2e4f56bb44
Dec 23 11:33:01.238164 dv-cinder-730936-3-smb devstack@c-api.service[109629]: DEBUG cinder.api.openstack.wsgi [None req-a59c1750-8d64-4533-a0ba-1db598cc3629 tempest-GroupsV314Test-160228625 tempest-GroupsV314Test-160228625-project] Empty body provided in request {{(pid=109629) get_body /opt/stack/cinder/cinder/api/openstack/wsgi.py:715}}
Dec 23 11:33:01.238857 dv-cinder-730936-3-smb devstack@c-api.service[109629]: DEBUG cinder.api.openstack.wsgi [None req-a59c1750-8d64-4533-a0ba-1db598cc3629 tempest-GroupsV314Test-160228625 tempest-GroupsV314Test-160228625-project] Calling method 'show' {{(pid=109629) _process_stack /opt/stack/cinder/cinder/api/openstack/wsgi.py:868}}
Dec 23 11:33:01.266053 dv-cinder-730936-3-smb devstack@c-api.service[109629]: INFO cinder.api.openstack.wsgi [None req-a59c1750-8d64-4533-a0ba-1db598cc3629 tempest-GroupsV314Test-160228625 tempest-GroupsV314Test-160228625-project] http://10.222.0.24/volume/v3/6046c0dbfb02440cb2311ba9e2ff3c69/volumes/08d258ac-3c40-41bb-8819-6f2e4f56bb44 returned with HTTP 404
Dec 23 11:33:01.271094 dv-cinder-730936-3-smb devstack@c-api.service[109629]: [pid: 109629|app: 0|req: 37/82] 10.222.0.24 () {60 vars in 1365 bytes} [Thu Dec 23 11:33:01 2021] GET /volume/v3/6046c0dbfb02440cb2311ba9e2ff3c69/volumes/08d258ac-3c40-41bb-8819-6f2e4f56bb44 => generated 109 bytes in 38 msecs (HTTP/1.1 404) 7 headers in 293 bytes (1 switches on core 0)
Dec 23 11:33:01.282529 dv-cinder-730936-3-smb devstack@c-api.service[109629]: INFO cinder.api.openstack.wsgi [None req-f73a158b-0756-42d2-8dcf-764e3e3de72a tempest-GroupsV314Test-160228625 tempest-GroupsV314Test-160228625-project] GET http://10.222.0.24/volume/v3/6046c0dbfb02440cb2311ba9e2ff3c69/groups/6d2d675a-46ae-498f-91d9-61013f8d61e8
Dec 23 11:33:01.283501 dv-cinder-730936-3-smb devstack@c-api.service[109629]: DEBUG cinder.api.openstack.wsgi [None req-f73a158b-0756-42d2-8dcf-764e3e3de72a tempest-GroupsV314Test-160228625 tempest-GroupsV314Test-160228625-project] Empty body provided in request {{(pid=109629) get_body /opt/stack/cinder/cinder/api/openstack/wsgi.py:715}}
Dec 23 11:33:01.284190 dv-cinder-730936-3-smb devstack@c-api.service[109629]: DEBUG cinder.api.openstack.wsgi [None req-f73a158b-0756-42d2-8dcf-764e3e3de72a tempest-GroupsV314Test-160228625 tempest-GroupsV314Test-160228625-project] Calling method 'version_select' {{(pid=109629) _process_stack /opt/stack/cinder/cinder/api/openstack/wsgi.py:868}}
Dec 23 11:33:01.284763 dv-cinder-730936-3-smb devstack@c-api.service[109629]: DEBUG cinder.api.v3.groups [None req-f73a158b-0756-42d2-8dcf-764e3e3de72a tempest-GroupsV314Test-160228625 tempest-GroupsV314Test-160228625-project] show called for member 6d2d675a-46ae-498f-91d9-61013f8d61e8 {{(pid=109629) show /opt/stack/cinder/cinder/api/v3/groups.py:58}}
Dec 23 11:33:01.293770 dv-cinder-730936-3-smb devstack@c-api.service[109629]: INFO cinder.api.openstack.wsgi [None req-f73a158b-0756-42d2-8dcf-764e3e3de72a tempest-GroupsV314Test-160228625 tempest-GroupsV314Test-160228625-project] http://10.222.0.24/volume/v3/6046c0dbfb02440cb2311ba9e2ff3c69/groups/6d2d675a-46ae-498f-91d9-61013f8d61e8 returned with HTTP 404
Dec 23 11:33:01.302082 dv-cinder-730936-3-smb devstack@c-api.service[109629]: [pid: 109629|app: 0|req: 38/83] 10.222.0.24 () {60 vars in 1362 bytes} [Thu Dec 23 11:33:01 2021] GET /volume/v3/6046c0dbfb02440cb2311ba9e2ff3c69/groups/6d2d675a-46ae-498f-91d9-61013f8d61e8 => generated 108 bytes in 27 msecs (HTTP/1.1 404) 7 headers in 293 bytes (1 switches on core 0)
Dec 23 11:33:01.317957 dv-cinder-730936-3-smb devstack@c-api.service[109629]: INFO cinder.api.openstack.wsgi [None req-a14733c8-34db-41cc-ad0f-fd52a83e0447 tempest-GroupsV314Test-1989636274 tempest-GroupsV314Test-1989636274-project-admin] DELETE http://10.222.0.24/volume/v3/cf05115db1e84a88bda68cfcec3d35f4/group_types/a95e373f-7fe7-4004-88bf-ff59cc72ff86
Dec 23 11:33:01.319237 dv-cinder-730936-3-smb devstack@c-api.service[109629]: DEBUG cinder.api.openstack.wsgi [None req-a14733c8-34db-41cc-ad0f-fd52a83e0447 tempest-GroupsV314Test-1989636274 tempest-GroupsV314Test-1989636274-project-admin] Empty body provided in request {{(pid=109629) get_body /opt/stack/cinder/cinder/api/openstack/wsgi.py:715}}
Dec 23 11:33:01.321158 dv-cinder-730936-3-smb devstack@c-api.service[109629]: DEBUG cinder.api.openstack.wsgi [None req-a14733c8-34db-41cc-ad0f-fd52a83e0447 tempest-GroupsV314Test-1989636274 tempest-GroupsV314Test-1989636274-project-admin] Calling method 'version_select' {{(pid=109629) _process_stack /opt/stack/cinder/cinder/api/openstack/wsgi.py:868}}
Dec 23 11:33:01.409576 dv-cinder-730936-3-smb devstack@c-api.service[109629]: INFO cinder.api.openstack.wsgi [None req-a14733c8-34db-41cc-ad0f-fd52a83e0447 tempest-GroupsV314Test-1989636274 tempest-GroupsV314Test-1989636274-project-admin] http://10.222.0.24/volume/v3/cf05115db1e84a88bda68cfcec3d35f4/group_types/a95e373f-7fe7-4004-88bf-ff59cc72ff86 returned with HTTP 202
Dec 23 11:33:01.418074 dv-cinder-730936-3-smb devstack@c-api.service[109629]: [pid: 109629|app: 0|req: 39/84] 10.222.0.24 () {60 vars in 1380 bytes} [Thu Dec 23 11:33:01 2021] DELETE /volume/v3/cf05115db1e84a88bda68cfcec3d35f4/group_types/a95e373f-7fe7-4004-88bf-ff59cc72ff86 => generated 0 bytes in 115 msecs (HTTP/1.1 202) 6 headers in 234 bytes (1 switches on core 0)
Dec 23 11:33:01.434222 dv-cinder-730936-3-smb devstack@c-api.service[109629]: INFO cinder.api.openstack.wsgi [None req-9d76b29e-83e1-4b72-bb4a-291b73845f17 tempest-GroupsV314Test-160228625 tempest-GroupsV314Test-160228625-project] DELETE http://10.222.0.24/volume/v3/6046c0dbfb02440cb2311ba9e2ff3c69/volumes/08d258ac-3c40-41bb-8819-6f2e4f56bb44
Dec 23 11:33:01.437003 dv-cinder-730936-3-smb devstack@c-api.service[109629]: DEBUG cinder.api.openstack.wsgi [None req-9d76b29e-83e1-4b72-bb4a-291b73845f17 tempest-GroupsV314Test-160228625 tempest-GroupsV314Test-160228625-project] Empty body provided in request {{(pid=109629) get_body /opt/stack/cinder/cinder/api/openstack/wsgi.py:715}}
Dec 23 11:33:01.439055 dv-cinder-730936-3-smb devstack@c-api.service[109629]: DEBUG cinder.api.openstack.wsgi [None req-9d76b29e-83e1-4b72-bb4a-291b73845f17 tempest-GroupsV314Test-160228625 tempest-GroupsV314Test-160228625-project] Calling method 'delete' {{(pid=109629) _process_stack /opt/stack/cinder/cinder/api/openstack/wsgi.py:868}}
Dec 23 11:33:01.440275 dv-cinder-730936-3-smb devstack@c-api.service[109629]: INFO cinder.api.v3.volumes [None req-9d76b29e-83e1-4b72-bb4a-291b73845f17 tempest-GroupsV314Test-160228625 tempest-GroupsV314Test-160228625-project] Delete volume with id: 08d258ac-3c40-41bb-8819-6f2e4f56bb44
Dec 23 11:33:01.504795 dv-cinder-730936-3-smb devstack@c-api.service[109629]: INFO cinder.api.openstack.wsgi [None req-9d76b29e-83e1-4b72-bb4a-291b73845f17 tempest-GroupsV314Test-160228625 tempest-GroupsV314Test-160228625-project] http://10.222.0.24/volume/v3/6046c0dbfb02440cb2311ba9e2ff3c69/volumes/08d258ac-3c40-41bb-8819-6f2e4f56bb44 returned with HTTP 404
Dec 23 11:33:01.505812 dv-cinder-730936-3-smb devstack@c-api.service[109629]: [pid: 109629|app: 0|req: 40/85] 10.222.0.24 () {60 vars in 1368 bytes} [Thu Dec 23 11:33:01 2021] DELETE /volume/v3/6046c0dbfb02440cb2311ba9e2ff3c69/volumes/08d258ac-3c40-41bb-8819-6f2e4f56bb44 => generated 109 bytes in 86 msecs (HTTP/1.1 404) 7 headers in 293 bytes (1 switches on core 0)
Dec 23 11:33:01.526935 dv-cinder-730936-3-smb devstack@c-api.service[109629]: INFO cinder.api.openstack.wsgi [None req-d14899a6-4f42-4ac0-b101-dd1063aa2bff tempest-GroupsV314Test-1989636274 tempest-GroupsV314Test-1989636274-project-admin] DELETE http://10.222.0.24/volume/v3/cf05115db1e84a88bda68cfcec3d35f4/types/4e2917fb-4009-4bb9-8eb4-2419585ff9b3
Dec 23 11:33:01.527476 dv-cinder-730936-3-smb devstack@c-api.service[109629]: DEBUG cinder.api.openstack.wsgi [None req-d14899a6-4f42-4ac0-b101-dd1063aa2bff tempest-GroupsV314Test-1989636274 tempest-GroupsV314Test-1989636274-project-admin] Empty body provided in request {{(pid=109629) get_body /opt/stack/cinder/cinder/api/openstack/wsgi.py:715}}
Dec 23 11:33:01.536924 dv-cinder-730936-3-smb devstack@c-api.service[109629]: DEBUG cinder.api.openstack.wsgi [None req-d14899a6-4f42-4ac0-b101-dd1063aa2bff tempest-GroupsV314Test-1989636274 tempest-GroupsV314Test-1989636274-project-admin] Calling method '_delete' {{(pid=109629) _process_stack /opt/stack/cinder/cinder/api/openstack/wsgi.py:868}}
Dec 23 11:33:01.702778 dv-cinder-730936-3-smb devstack@c-api.service[109629]: INFO cinder.api.openstack.wsgi [None req-d14899a6-4f42-4ac0-b101-dd1063aa2bff tempest-GroupsV314Test-1989636274 tempest-GroupsV314Test-1989636274-project-admin] http://10.222.0.24/volume/v3/cf05115db1e84a88bda68cfcec3d35f4/types/4e2917fb-4009-4bb9-8eb4-2419585ff9b3 returned with HTTP 202
Dec 23 11:33:01.706262 dv-cinder-730936-3-smb devstack@c-api.service[109629]: [pid: 109629|app: 0|req: 41/86] 10.222.0.24 () {58 vars in 1321 bytes} [Thu Dec 23 11:33:01 2021] DELETE /volume/v3/cf05115db1e84a88bda68cfcec3d35f4/types/4e2917fb-4009-4bb9-8eb4-2419585ff9b3 => generated 0 bytes in 195 msecs (HTTP/1.1 202) 6 headers in 233 bytes (1 switches on core 0)
Dec 23 11:33:01.714135 dv-cinder-730936-3-smb devstack@c-api.service[109628]: INFO cinder.api.openstack.wsgi [None req-3e213fe9-8f5a-4447-a17f-e58719528bf6 tempest-VolumeManageAdminTest-1962411 tempest-VolumeManageAdminTest-1962411-project-admin] GET http://10.222.0.24/volume/v3/ce8f616f62c9411ca83708da0459a883/volumes/2d55f86c-d6ad-491e-b9e8-bc823e5f2da7
Dec 23 11:33:01.715487 dv-cinder-730936-3-smb devstack@c-api.service[109628]: DEBUG cinder.api.openstack.wsgi [None req-3e213fe9-8f5a-4447-a17f-e58719528bf6 tempest-VolumeManageAdminTest-1962411 tempest-VolumeManageAdminTest-1962411-project-admin] Empty body provided in request {{(pid=109628) get_body /opt/stack/cinder/cinder/api/openstack/wsgi.py:715}}
Dec 23 11:33:01.716230 dv-cinder-730936-3-smb devstack@c-api.service[109628]: DEBUG cinder.api.openstack.wsgi [None req-3e213fe9-8f5a-4447-a17f-e58719528bf6 tempest-VolumeManageAdminTest-1962411 tempest-VolumeManageAdminTest-1962411-project-admin] Calling method 'show' {{(pid=109628) _process_stack /opt/stack/cinder/cinder/api/openstack/wsgi.py:868}}
Dec 23 11:33:01.723745 dv-cinder-730936-3-smb devstack@c-api.service[109629]: INFO cinder.api.openstack.wsgi [None req-74dc0dc9-30e2-441e-a7d9-9e1d8d776ac1 tempest-GroupsV314Test-1989636274 tempest-GroupsV314Test-1989636274-project-admin] GET http://10.222.0.24/volume/v3/cf05115db1e84a88bda68cfcec3d35f4/types/4e2917fb-4009-4bb9-8eb4-2419585ff9b3
Dec 23 11:33:01.724285 dv-cinder-730936-3-smb devstack@c-api.service[109629]: DEBUG cinder.api.openstack.wsgi [None req-74dc0dc9-30e2-441e-a7d9-9e1d8d776ac1 tempest-GroupsV314Test-1989636274 tempest-GroupsV314Test-1989636274-project-admin] Empty body provided in request {{(pid=109629) get_body /opt/stack/cinder/cinder/api/openstack/wsgi.py:715}}
Dec 23 11:33:01.724890 dv-cinder-730936-3-smb devstack@c-api.service[109629]: DEBUG cinder.api.openstack.wsgi [None req-74dc0dc9-30e2-441e-a7d9-9e1d8d776ac1 tempest-GroupsV314Test-1989636274 tempest-GroupsV314Test-1989636274-project-admin] Calling method 'show' {{(pid=109629) _process_stack /opt/stack/cinder/cinder/api/openstack/wsgi.py:868}}
Dec 23 11:33:01.736728 dv-cinder-730936-3-smb devstack@c-api.service[109629]: INFO cinder.api.openstack.wsgi [None req-74dc0dc9-30e2-441e-a7d9-9e1d8d776ac1 tempest-GroupsV314Test-1989636274 tempest-GroupsV314Test-1989636274-project-admin] http://10.222.0.24/volume/v3/cf05115db1e84a88bda68cfcec3d35f4/types/4e2917fb-4009-4bb9-8eb4-2419585ff9b3 returned with HTTP 404
Dec 23 11:33:01.738128 dv-cinder-730936-3-smb devstack@c-api.service[109629]: [pid: 109629|app: 0|req: 42/87] 10.222.0.24 () {58 vars in 1318 bytes} [Thu Dec 23 11:33:01 2021] GET /volume/v3/cf05115db1e84a88bda68cfcec3d35f4/types/4e2917fb-4009-4bb9-8eb4-2419585ff9b3 => generated 114 bytes in 25 msecs (HTTP/1.1 404) 7 headers in 292 bytes (1 switches on core 0)
Dec 23 11:33:01.918256 dv-cinder-730936-3-smb devstack@c-api.service[109628]: /usr/local/lib/python3.8/dist-packages/oslo_context/context.py:105: DeprecationWarning: Policy enforcement is depending on the value of is_admin. This key is deprecated. Please update your policy file to use the standard policy values.
Dec 23 11:33:01.918256 dv-cinder-730936-3-smb devstack@c-api.service[109628]: warnings.warn('Policy enforcement is depending on the value of '
Dec 23 11:33:01.952522 dv-cinder-730936-3-smb devstack@c-api.service[109628]: INFO cinder.volume.api [None req-3e213fe9-8f5a-4447-a17f-e58719528bf6 tempest-VolumeManageAdminTest-1962411 tempest-VolumeManageAdminTest-1962411-project-admin] Volume info retrieved successfully.
Dec 23 11:33:01.994709 dv-cinder-730936-3-smb devstack@c-api.service[109628]: INFO cinder.api.openstack.wsgi [None req-3e213fe9-8f5a-4447-a17f-e58719528bf6 tempest-VolumeManageAdminTest-1962411 tempest-VolumeManageAdminTest-1962411-project-admin] http://10.222.0.24/volume/v3/ce8f616f62c9411ca83708da0459a883/volumes/2d55f86c-d6ad-491e-b9e8-bc823e5f2da7 returned with HTTP 200
Dec 23 11:33:02.001905 dv-cinder-730936-3-smb devstack@c-api.service[109628]: [pid: 109628|app: 0|req: 46/88] 10.222.0.24 () {58 vars in 1324 bytes} [Thu Dec 23 11:33:00 2021] GET /volume/v3/ce8f616f62c9411ca83708da0459a883/volumes/2d55f86c-d6ad-491e-b9e8-bc823e5f2da7 => generated 1079 bytes in 1207 msecs (HTTP/1.1 200) 7 headers in 286 bytes (1 switches on core 0)
Dec 23 11:33:02.024338 dv-cinder-730936-3-smb devstack@c-api.service[109629]: INFO cinder.api.openstack.wsgi [None req-8dfb81b5-d878-4b3d-b548-70f830e49840 tempest-VolumeManageAdminTest-1962411 tempest-VolumeManageAdminTest-1962411-project-admin] POST http://10.222.0.24/volume/v3/ce8f616f62c9411ca83708da0459a883/volumes/2d55f86c-d6ad-491e-b9e8-bc823e5f2da7/action
Dec 23 11:33:02.025268 dv-cinder-730936-3-smb devstack@c-api.service[109629]: DEBUG cinder.api.openstack.wsgi [None req-8dfb81b5-d878-4b3d-b548-70f830e49840 tempest-VolumeManageAdminTest-1962411 tempest-VolumeManageAdminTest-1962411-project-admin] Action body: b'{"os-unmanage": {}}' {{(pid=109629) get_method /opt/stack/cinder/cinder/api/openstack/wsgi.py:983}}
Dec 23 11:33:02.025726 dv-cinder-730936-3-smb devstack@c-api.service[109629]: DEBUG cinder.api.openstack.wsgi [None req-8dfb81b5-d878-4b3d-b548-70f830e49840 tempest-VolumeManageAdminTest-1962411 tempest-VolumeManageAdminTest-1962411-project-admin] Action: 'action', calling method: unmanage, body: {"os-unmanage": {}} {{(pid=109629) _process_stack /opt/stack/cinder/cinder/api/openstack/wsgi.py:866}}
Dec 23 11:33:02.026177 dv-cinder-730936-3-smb devstack@c-api.service[109629]: INFO cinder.api.contrib.volume_unmanage [None req-8dfb81b5-d878-4b3d-b548-70f830e49840 tempest-VolumeManageAdminTest-1962411 tempest-VolumeManageAdminTest-1962411-project-admin] Unmanage volume with id: 2d55f86c-d6ad-491e-b9e8-bc823e5f2da7
Dec 23 11:33:02.166835 dv-cinder-730936-3-smb devstack@c-api.service[109628]: INFO cinder.api.openstack.wsgi [None req-3613e11c-f421-4fbc-be1c-5756fceebc1c tempest-VolumesTestJSON-1008621386 tempest-VolumesTestJSON-1008621386-project] GET http://10.222.0.24/volume/v3/81c8f56bcb49440b934dee42f666fff5/volumes/c812aa08-00c5-4855-a241-3670f80fb208
Dec 23 11:33:02.167744 dv-cinder-730936-3-smb devstack@c-api.service[109628]: DEBUG cinder.api.openstack.wsgi [None req-3613e11c-f421-4fbc-be1c-5756fceebc1c tempest-VolumesTestJSON-1008621386 tempest-VolumesTestJSON-1008621386-project] Empty body provided in request {{(pid=109628) get_body /opt/stack/cinder/cinder/api/openstack/wsgi.py:715}}
Dec 23 11:33:02.168394 dv-cinder-730936-3-smb devstack@c-api.service[109628]: DEBUG cinder.api.openstack.wsgi [None req-3613e11c-f421-4fbc-be1c-5756fceebc1c tempest-VolumesTestJSON-1008621386 tempest-VolumesTestJSON-1008621386-project] Calling method 'show' {{(pid=109628) _process_stack /opt/stack/cinder/cinder/api/openstack/wsgi.py:868}}
Dec 23 11:33:02.247226 dv-cinder-730936-3-smb devstack@c-api.service[109628]: /usr/local/lib/python3.8/dist-packages/oslo_context/context.py:105: DeprecationWarning: Policy enforcement is depending on the value of is_admin. This key is deprecated. Please update your policy file to use the standard policy values.
Dec 23 11:33:02.247226 dv-cinder-730936-3-smb devstack@c-api.service[109628]: warnings.warn('Policy enforcement is depending on the value of '
Dec 23 11:33:02.321709 dv-cinder-730936-3-smb devstack@c-api.service[109628]: INFO cinder.volume.api [None req-3613e11c-f421-4fbc-be1c-5756fceebc1c tempest-VolumesTestJSON-1008621386 tempest-VolumesTestJSON-1008621386-project] Volume info retrieved successfully.
Dec 23 11:33:02.390939 dv-cinder-730936-3-smb devstack@c-api.service[109628]: INFO cinder.api.openstack.wsgi [None req-3613e11c-f421-4fbc-be1c-5756fceebc1c tempest-VolumesTestJSON-1008621386 tempest-VolumesTestJSON-1008621386-project] http://10.222.0.24/volume/v3/81c8f56bcb49440b934dee42f666fff5/volumes/c812aa08-00c5-4855-a241-3670f80fb208 returned with HTTP 200
Dec 23 11:33:02.397466 dv-cinder-730936-3-smb devstack@c-api.service[109628]: [pid: 109628|app: 0|req: 47/89] 10.222.0.24 () {58 vars in 1324 bytes} [Thu Dec 23 11:33:02 2021] GET /volume/v3/81c8f56bcb49440b934dee42f666fff5/volumes/c812aa08-00c5-4855-a241-3670f80fb208 => generated 921 bytes in 237 msecs (HTTP/1.1 200) 7 headers in 285 bytes (1 switches on core 0)
Dec 23 11:33:02.399042 dv-cinder-730936-3-smb devstack@c-api.service[109629]: /usr/local/lib/python3.8/dist-packages/oslo_context/context.py:105: DeprecationWarning: Policy enforcement is depending on the value of is_admin. This key is deprecated. Please update your policy file to use the standard policy values.
Dec 23 11:33:02.399042 dv-cinder-730936-3-smb devstack@c-api.service[109629]: warnings.warn('Policy enforcement is depending on the value of '
Dec 23 11:33:02.409386 dv-cinder-730936-3-smb devstack@c-api.service[109629]: INFO cinder.volume.api [None req-8dfb81b5-d878-4b3d-b548-70f830e49840 tempest-VolumeManageAdminTest-1962411 tempest-VolumeManageAdminTest-1962411-project-admin] Volume info retrieved successfully.
Dec 23 11:33:02.518639 dv-cinder-730936-3-smb devstack@c-api.service[109629]: INFO cinder.volume.api [None req-8dfb81b5-d878-4b3d-b548-70f830e49840 tempest-VolumeManageAdminTest-1962411 tempest-VolumeManageAdminTest-1962411-project-admin] Delete volume request issued successfully.
Dec 23 11:33:02.519059 dv-cinder-730936-3-smb devstack@c-api.service[109629]: INFO cinder.api.openstack.wsgi [None req-8dfb81b5-d878-4b3d-b548-70f830e49840 tempest-VolumeManageAdminTest-1962411 tempest-VolumeManageAdminTest-1962411-project-admin] http://10.222.0.24/volume/v3/ce8f616f62c9411ca83708da0459a883/volumes/2d55f86c-d6ad-491e-b9e8-bc823e5f2da7/action returned with HTTP 202
Dec 23 11:33:02.528602 dv-cinder-730936-3-smb devstack@c-api.service[109628]: INFO cinder.api.openstack.wsgi [None req-b31d9d1f-0a7b-4855-b7c9-167167f094d9 tempest-VolumeManageAdminTest-1962411 tempest-VolumeManageAdminTest-1962411-project-admin] GET http://10.222.0.24/volume/v3/ce8f616f62c9411ca83708da0459a883/volumes/2d55f86c-d6ad-491e-b9e8-bc823e5f2da7
Dec 23 11:33:02.529354 dv-cinder-730936-3-smb devstack@c-api.service[109628]: DEBUG cinder.api.openstack.wsgi [None req-b31d9d1f-0a7b-4855-b7c9-167167f094d9 tempest-VolumeManageAdminTest-1962411 tempest-VolumeManageAdminTest-1962411-project-admin] Empty body provided in request {{(pid=109628) get_body /opt/stack/cinder/cinder/api/openstack/wsgi.py:715}}
Dec 23 11:33:02.530091 dv-cinder-730936-3-smb devstack@c-api.service[109628]: DEBUG cinder.api.openstack.wsgi [None req-b31d9d1f-0a7b-4855-b7c9-167167f094d9 tempest-VolumeManageAdminTest-1962411 tempest-VolumeManageAdminTest-1962411-project-admin] Calling method 'show' {{(pid=109628) _process_stack /opt/stack/cinder/cinder/api/openstack/wsgi.py:868}}
Dec 23 11:33:02.542993 dv-cinder-730936-3-smb devstack@c-api.service[109629]: [pid: 109629|app: 0|req: 43/90] 10.222.0.24 () {60 vars in 1366 bytes} [Thu Dec 23 11:33:02 2021] POST /volume/v3/ce8f616f62c9411ca83708da0459a883/volumes/2d55f86c-d6ad-491e-b9e8-bc823e5f2da7/action => generated 0 bytes in 524 msecs (HTTP/1.1 202) 6 headers in 233 bytes (1 switches on core 0)
Dec 23 11:33:02.557153 dv-cinder-730936-3-smb devstack@c-api.service[109628]: /usr/local/lib/python3.8/dist-packages/oslo_context/context.py:105: DeprecationWarning: Policy enforcement is depending on the value of is_admin. This key is deprecated. Please update your policy file to use the standard policy values.
Dec 23 11:33:02.557153 dv-cinder-730936-3-smb devstack@c-api.service[109628]: warnings.warn('Policy enforcement is depending on the value of '
Dec 23 11:33:02.579010 dv-cinder-730936-3-smb devstack@c-api.service[109628]: INFO cinder.volume.api [None req-b31d9d1f-0a7b-4855-b7c9-167167f094d9 tempest-VolumeManageAdminTest-1962411 tempest-VolumeManageAdminTest-1962411-project-admin] Volume info retrieved successfully.
Dec 23 11:33:02.605956 dv-cinder-730936-3-smb devstack@c-api.service[109628]: INFO cinder.api.openstack.wsgi [None req-b31d9d1f-0a7b-4855-b7c9-167167f094d9 tempest-VolumeManageAdminTest-1962411 tempest-VolumeManageAdminTest-1962411-project-admin] http://10.222.0.24/volume/v3/ce8f616f62c9411ca83708da0459a883/volumes/2d55f86c-d6ad-491e-b9e8-bc823e5f2da7 returned with HTTP 200
Dec 23 11:33:02.607245 dv-cinder-730936-3-smb devstack@c-api.service[109628]: [pid: 109628|app: 0|req: 48/91] 10.222.0.24 () {58 vars in 1324 bytes} [Thu Dec 23 11:33:02 2021] GET /volume/v3/ce8f616f62c9411ca83708da0459a883/volumes/2d55f86c-d6ad-491e-b9e8-bc823e5f2da7 => generated 1080 bytes in 83 msecs (HTTP/1.1 200) 7 headers in 286 bytes (1 switches on core 0)
Dec 23 11:33:03.646182 dv-cinder-730936-3-smb devstack@c-api.service[109629]: INFO cinder.api.openstack.wsgi [None req-aed3738e-a536-44de-a487-e156b9eadb92 tempest-VolumeManageAdminTest-1962411 tempest-VolumeManageAdminTest-1962411-project-admin] GET http://10.222.0.24/volume/v3/ce8f616f62c9411ca83708da0459a883/volumes/2d55f86c-d6ad-491e-b9e8-bc823e5f2da7
Dec 23 11:33:03.646182 dv-cinder-730936-3-smb devstack@c-api.service[109629]: DEBUG cinder.api.openstack.wsgi [None req-aed3738e-a536-44de-a487-e156b9eadb92 tempest-VolumeManageAdminTest-1962411 tempest-VolumeManageAdminTest-1962411-project-admin] Empty body provided in request {{(pid=109629) get_body /opt/stack/cinder/cinder/api/openstack/wsgi.py:715}}
Dec 23 11:33:03.646182 dv-cinder-730936-3-smb devstack@c-api.service[109629]: DEBUG cinder.api.openstack.wsgi [None req-aed3738e-a536-44de-a487-e156b9eadb92 tempest-VolumeManageAdminTest-1962411 tempest-VolumeManageAdminTest-1962411-project-admin] Calling method 'show' {{(pid=109629) _process_stack /opt/stack/cinder/cinder/api/openstack/wsgi.py:868}}
Dec 23 11:33:03.655219 dv-cinder-730936-3-smb devstack@c-api.service[109629]: INFO cinder.api.openstack.wsgi [None req-aed3738e-a536-44de-a487-e156b9eadb92 tempest-VolumeManageAdminTest-1962411 tempest-VolumeManageAdminTest-1962411-project-admin] http://10.222.0.24/volume/v3/ce8f616f62c9411ca83708da0459a883/volumes/2d55f86c-d6ad-491e-b9e8-bc823e5f2da7 returned with HTTP 404
Dec 23 11:33:03.657844 dv-cinder-730936-3-smb devstack@c-api.service[109629]: [pid: 109629|app: 0|req: 44/92] 10.222.0.24 () {58 vars in 1324 bytes} [Thu Dec 23 11:33:03 2021] GET /volume/v3/ce8f616f62c9411ca83708da0459a883/volumes/2d55f86c-d6ad-491e-b9e8-bc823e5f2da7 => generated 109 bytes in 37 msecs (HTTP/1.1 404) 7 headers in 292 bytes (2 switches on core 0)
Dec 23 11:33:03.665296 dv-cinder-730936-3-smb devstack@c-api.service[109628]: INFO cinder.api.openstack.wsgi [None req-c457c6d9-e05d-413d-8931-9db1ae984fed tempest-VolumeManageAdminTest-1962411 tempest-VolumeManageAdminTest-1962411-project-admin] GET http://10.222.0.24/volume/v3/ce8f616f62c9411ca83708da0459a883/volumes/detail?all_tenants=1
Dec 23 11:33:03.665847 dv-cinder-730936-3-smb devstack@c-api.service[109628]: DEBUG cinder.api.openstack.wsgi [None req-c457c6d9-e05d-413d-8931-9db1ae984fed tempest-VolumeManageAdminTest-1962411 tempest-VolumeManageAdminTest-1962411-project-admin] Empty body provided in request {{(pid=109628) get_body /opt/stack/cinder/cinder/api/openstack/wsgi.py:715}}
Dec 23 11:33:03.666227 dv-cinder-730936-3-smb devstack@c-api.service[109628]: DEBUG cinder.api.openstack.wsgi [None req-c457c6d9-e05d-413d-8931-9db1ae984fed tempest-VolumeManageAdminTest-1962411 tempest-VolumeManageAdminTest-1962411-project-admin] Calling method 'detail' {{(pid=109628) _process_stack /opt/stack/cinder/cinder/api/openstack/wsgi.py:868}}
Dec 23 11:33:03.668345 dv-cinder-730936-3-smb devstack@c-api.service[109628]: DEBUG cinder.volume.api [None req-c457c6d9-e05d-413d-8931-9db1ae984fed tempest-VolumeManageAdminTest-1962411 tempest-VolumeManageAdminTest-1962411-project-admin] Searching by: MultiDict([('all_tenants', 1)]). {{(pid=109628) get_all /opt/stack/cinder/cinder/volume/api.py:662}}
Dec 23 11:33:03.853898 dv-cinder-730936-3-smb devstack@c-api.service[109628]: INFO cinder.volume.api [None req-c457c6d9-e05d-413d-8931-9db1ae984fed tempest-VolumeManageAdminTest-1962411 tempest-VolumeManageAdminTest-1962411-project-admin] Get all volumes completed successfully.
Dec 23 11:33:03.859631 dv-cinder-730936-3-smb devstack@c-api.service[109628]: /usr/local/lib/python3.8/dist-packages/oslo_context/context.py:105: DeprecationWarning: Policy enforcement is depending on the value of is_admin. This key is deprecated. Please update your policy file to use the standard policy values.
Dec 23 11:33:03.859631 dv-cinder-730936-3-smb devstack@c-api.service[109628]: warnings.warn('Policy enforcement is depending on the value of '
Dec 23 11:33:03.882715 dv-cinder-730936-3-smb devstack@c-api.service[109628]: INFO cinder.api.openstack.wsgi [None req-c457c6d9-e05d-413d-8931-9db1ae984fed tempest-VolumeManageAdminTest-1962411 tempest-VolumeManageAdminTest-1962411-project-admin] http://10.222.0.24/volume/v3/ce8f616f62c9411ca83708da0459a883/volumes/detail?all_tenants=1 returned with HTTP 200
Dec 23 11:33:03.885289 dv-cinder-730936-3-smb devstack@c-api.service[109628]: [pid: 109628|app: 0|req: 49/93] 10.222.0.24 () {58 vars in 1261 bytes} [Thu Dec 23 11:33:03 2021] GET /volume/v3/ce8f616f62c9411ca83708da0459a883/volumes/detail?all_tenants=1 => generated 1090 bytes in 223 msecs (HTTP/1.1 200) 7 headers in 286 bytes (1 switches on core 0)
Dec 23 11:33:03.908404 dv-cinder-730936-3-smb devstack@c-api.service[109629]: INFO cinder.api.openstack.wsgi [None req-e3308a82-2a62-4f28-a85a-5a9bf0c719fb tempest-VolumeManageAdminTest-1962411 tempest-VolumeManageAdminTest-1962411-project-admin] POST http://10.222.0.24/volume/v3/ce8f616f62c9411ca83708da0459a883/os-volume-manage
Dec 23 11:33:03.909421 dv-cinder-730936-3-smb devstack@c-api.service[109629]: DEBUG cinder.api.openstack.wsgi [None req-e3308a82-2a62-4f28-a85a-5a9bf0c719fb tempest-VolumeManageAdminTest-1962411 tempest-VolumeManageAdminTest-1962411-project-admin] Action: 'create', calling method: create, body: {"volume": {"name": "tempest-VolumeManageAdminTest-volume-1485158588", "host": "hv-cinder-73093@wincnd#smbshare", "ref": {"source-name": "//127.0.0.1/smbshare/volume-2d55f86c-d6ad-491e-b9e8-bc823e5f2da7.vhdx"}, "volume_type": "__DEFAULT__", "availability_zone": "nova"}} {{(pid=109629) _process_stack /opt/stack/cinder/cinder/api/openstack/wsgi.py:866}}
Dec 23 11:33:03.912949 dv-cinder-730936-3-smb devstack@c-api.service[109629]: DEBUG cinder.api.contrib.volume_manage [None req-e3308a82-2a62-4f28-a85a-5a9bf0c719fb tempest-VolumeManageAdminTest-1962411 tempest-VolumeManageAdminTest-1962411-project-admin] Manage volume request body: {'volume': {'name': 'tempest-VolumeManageAdminTest-volume-1485158588', 'host': 'hv-cinder-73093@wincnd#smbshare', 'ref': {'source-name': '//127.0.0.1/smbshare/volume-2d55f86c-d6ad-491e-b9e8-bc823e5f2da7.vhdx'}, 'volume_type': '__DEFAULT__', 'availability_zone': 'nova'}} {{(pid=109629) create /opt/stack/cinder/cinder/api/contrib/volume_manage.py:113}}
Dec 23 11:33:03.994529 dv-cinder-730936-3-smb devstack@c-api.service[109629]: DEBUG cinder.volume.api [None req-e3308a82-2a62-4f28-a85a-5a9bf0c719fb tempest-VolumeManageAdminTest-1962411 tempest-VolumeManageAdminTest-1962411-project-admin] Flow 'volume_manage_existing_api' (fa7431fe-0d5e-4643-8855-bf03c3d70968) transitioned into state 'RUNNING' from state 'PENDING' {{(pid=109629) _flow_receiver /usr/local/lib/python3.8/dist-packages/taskflow/listeners/logging.py:141}}
Dec 23 11:33:04.001198 dv-cinder-730936-3-smb devstack@c-api.service[109629]: DEBUG cinder.volume.api [None req-e3308a82-2a62-4f28-a85a-5a9bf0c719fb tempest-VolumeManageAdminTest-1962411 tempest-VolumeManageAdminTest-1962411-project-admin] Task 'cinder.volume.flows.api.create_volume.QuotaReserveTask;volume:create' (0417a864-2957-454a-88a4-07acd183a860) transitioned into state 'RUNNING' from state 'PENDING' {{(pid=109629) _task_receiver /usr/local/lib/python3.8/dist-packages/taskflow/listeners/logging.py:190}}
Dec 23 11:33:04.226680 dv-cinder-730936-3-smb devstack@c-api.service[109628]: INFO cinder.api.openstack.wsgi [req-7573edff-c77b-4062-833b-a10e402d8365 req-f093f438-2b09-4de9-8c02-a0cfef64b578 tempest-VolumesTestJSON-1008621386 tempest-VolumesTestJSON-1008621386-project] GET http://10.222.0.24/volume/v3/81c8f56bcb49440b934dee42f666fff5/volumes/c812aa08-00c5-4855-a241-3670f80fb208
Dec 23 11:33:04.227655 dv-cinder-730936-3-smb devstack@c-api.service[109628]: DEBUG cinder.api.openstack.wsgi [req-7573edff-c77b-4062-833b-a10e402d8365 req-f093f438-2b09-4de9-8c02-a0cfef64b578 tempest-VolumesTestJSON-1008621386 tempest-VolumesTestJSON-1008621386-project] Empty body provided in request {{(pid=109628) get_body /opt/stack/cinder/cinder/api/openstack/wsgi.py:715}}
Dec 23 11:33:04.228296 dv-cinder-730936-3-smb devstack@c-api.service[109628]: DEBUG cinder.api.openstack.wsgi [req-7573edff-c77b-4062-833b-a10e402d8365 req-f093f438-2b09-4de9-8c02-a0cfef64b578 tempest-VolumesTestJSON-1008621386 tempest-VolumesTestJSON-1008621386-project] Calling method 'show' {{(pid=109628) _process_stack /opt/stack/cinder/cinder/api/openstack/wsgi.py:868}}
Dec 23 11:33:04.303654 dv-cinder-730936-3-smb devstack@c-api.service[109628]: /usr/local/lib/python3.8/dist-packages/oslo_context/context.py:105: DeprecationWarning: Policy enforcement is depending on the value of is_admin. This key is deprecated. Please update your policy file to use the standard policy values.
Dec 23 11:33:04.303654 dv-cinder-730936-3-smb devstack@c-api.service[109628]: warnings.warn('Policy enforcement is depending on the value of '
Dec 23 11:33:04.344607 dv-cinder-730936-3-smb devstack@c-api.service[109628]: INFO cinder.volume.api [req-7573edff-c77b-4062-833b-a10e402d8365 req-f093f438-2b09-4de9-8c02-a0cfef64b578 tempest-VolumesTestJSON-1008621386 tempest-VolumesTestJSON-1008621386-project] Volume info retrieved successfully.
Dec 23 11:33:04.393713 dv-cinder-730936-3-smb devstack@c-api.service[109628]: INFO cinder.api.openstack.wsgi [req-7573edff-c77b-4062-833b-a10e402d8365 req-f093f438-2b09-4de9-8c02-a0cfef64b578 tempest-VolumesTestJSON-1008621386 tempest-VolumesTestJSON-1008621386-project] http://10.222.0.24/volume/v3/81c8f56bcb49440b934dee42f666fff5/volumes/c812aa08-00c5-4855-a241-3670f80fb208 returned with HTTP 200
Dec 23 11:33:04.397422 dv-cinder-730936-3-smb devstack@c-api.service[109628]: [pid: 109628|app: 0|req: 50/94] 10.222.0.24 () {60 vars in 1578 bytes} [Thu Dec 23 11:33:04 2021] GET /volume/v3/81c8f56bcb49440b934dee42f666fff5/volumes/c812aa08-00c5-4855-a241-3670f80fb208 => generated 921 bytes in 177 msecs (HTTP/1.1 200) 7 headers in 285 bytes (1 switches on core 0)
Dec 23 11:33:04.414418 dv-cinder-730936-3-smb devstack@c-api.service[109628]: INFO cinder.api.openstack.wsgi [None req-41b27b50-2698-41bc-8024-9810583519a5 tempest-VolumesTestJSON-1008621386 tempest-VolumesTestJSON-1008621386-project] POST http://10.222.0.24/volume/v3/81c8f56bcb49440b934dee42f666fff5/volumes
Dec 23 11:33:04.421083 dv-cinder-730936-3-smb devstack@c-api.service[109628]: DEBUG cinder.api.openstack.wsgi [None req-41b27b50-2698-41bc-8024-9810583519a5 tempest-VolumesTestJSON-1008621386 tempest-VolumesTestJSON-1008621386-project] Action: 'create', calling method: create, body: {"volume": {"metadata": {"Type": "work"}, "size": 1, "display_name": "tempest-VolumesTestJSON-volume-993222868"}} {{(pid=109628) _process_stack /opt/stack/cinder/cinder/api/openstack/wsgi.py:866}}
Dec 23 11:33:04.428338 dv-cinder-730936-3-smb devstack@c-api.service[109628]: DEBUG cinder.api.v3.volumes [None req-41b27b50-2698-41bc-8024-9810583519a5 tempest-VolumesTestJSON-1008621386 tempest-VolumesTestJSON-1008621386-project] Create volume request body: {'volume': {'metadata': {'Type': 'work'}, 'size': 1, 'display_name': 'tempest-VolumesTestJSON-volume-993222868'}} {{(pid=109628) create /opt/stack/cinder/cinder/api/v3/volumes.py:298}}
Dec 23 11:33:04.432216 dv-cinder-730936-3-smb devstack@c-api.service[109628]: INFO cinder.api.v3.volumes [None req-41b27b50-2698-41bc-8024-9810583519a5 tempest-VolumesTestJSON-1008621386 tempest-VolumesTestJSON-1008621386-project] Create volume of 1 GB
Dec 23 11:33:04.434971 dv-cinder-730936-3-smb devstack@c-api.service[109629]: DEBUG cinder.quota [None req-e3308a82-2a62-4f28-a85a-5a9bf0c719fb tempest-VolumeManageAdminTest-1962411 tempest-VolumeManageAdminTest-1962411-project-admin] Created reservations ['9ac60749-5d52-43d9-ac2c-351c65db2e69', '22d8209d-14d3-43dc-bb99-d6e040549bd4', '41787fb6-74c4-49fc-82bf-83f43b32ccd4', '1357343b-9b5f-42c9-bf86-6de91c6e9bf9'] {{(pid=109629) reserve /opt/stack/cinder/cinder/quota.py:755}}
Dec 23 11:33:04.442784 dv-cinder-730936-3-smb devstack@c-api.service[109629]: DEBUG cinder.volume.api [None req-e3308a82-2a62-4f28-a85a-5a9bf0c719fb tempest-VolumeManageAdminTest-1962411 tempest-VolumeManageAdminTest-1962411-project-admin] Task 'cinder.volume.flows.api.create_volume.QuotaReserveTask;volume:create' (0417a864-2957-454a-88a4-07acd183a860) transitioned into state 'SUCCESS' from state 'RUNNING' with result '{'reservations': ['9ac60749-5d52-43d9-ac2c-351c65db2e69', '22d8209d-14d3-43dc-bb99-d6e040549bd4', '41787fb6-74c4-49fc-82bf-83f43b32ccd4', '1357343b-9b5f-42c9-bf86-6de91c6e9bf9']}' {{(pid=109629) _task_receiver /usr/local/lib/python3.8/dist-packages/taskflow/listeners/logging.py:178}}
Dec 23 11:33:04.451146 dv-cinder-730936-3-smb devstack@c-api.service[109629]: DEBUG cinder.volume.api [None req-e3308a82-2a62-4f28-a85a-5a9bf0c719fb tempest-VolumeManageAdminTest-1962411 tempest-VolumeManageAdminTest-1962411-project-admin] Task 'cinder.volume.flows.api.manage_existing.EntryCreateTask;volume:manage_existing' (3ca6cfa4-8f58-41a0-aae0-1946c8b3a48d) transitioned into state 'RUNNING' from state 'PENDING' {{(pid=109629) _task_receiver /usr/local/lib/python3.8/dist-packages/taskflow/listeners/logging.py:190}}
Dec 23 11:33:04.465442 dv-cinder-730936-3-smb devstack@c-api.service[109628]: INFO cinder.volume.api [None req-41b27b50-2698-41bc-8024-9810583519a5 tempest-VolumesTestJSON-1008621386 tempest-VolumesTestJSON-1008621386-project] Availability Zones retrieved successfully.
Dec 23 11:33:04.530823 dv-cinder-730936-3-smb devstack@c-api.service[109628]: DEBUG cinder.volume.api [None req-41b27b50-2698-41bc-8024-9810583519a5 tempest-VolumesTestJSON-1008621386 tempest-VolumesTestJSON-1008621386-project] Flow 'volume_create_api' (0ac16bb6-e1fb-4115-82d5-cbf64fb67319) transitioned into state 'RUNNING' from state 'PENDING' {{(pid=109628) _flow_receiver /usr/local/lib/python3.8/dist-packages/taskflow/listeners/logging.py:141}}
Dec 23 11:33:04.537580 dv-cinder-730936-3-smb devstack@c-api.service[109628]: DEBUG cinder.volume.api [None req-41b27b50-2698-41bc-8024-9810583519a5 tempest-VolumesTestJSON-1008621386 tempest-VolumesTestJSON-1008621386-project] Task 'cinder.volume.flows.api.create_volume.ExtractVolumeRequestTask;volume:create' (d01b08b9-ade9-46c6-8f21-f281038993be) transitioned into state 'RUNNING' from state 'PENDING' {{(pid=109628) _task_receiver /usr/local/lib/python3.8/dist-packages/taskflow/listeners/logging.py:190}}
Dec 23 11:33:04.557927 dv-cinder-730936-3-smb devstack@c-api.service[109629]: DEBUG cinder.volume.api [None req-e3308a82-2a62-4f28-a85a-5a9bf0c719fb tempest-VolumeManageAdminTest-1962411 tempest-VolumeManageAdminTest-1962411-project-admin] Task 'cinder.volume.flows.api.manage_existing.EntryCreateTask;volume:manage_existing' (3ca6cfa4-8f58-41a0-aae0-1946c8b3a48d) transitioned into state 'SUCCESS' from state 'RUNNING' with result '{'volume_properties': {'size': 0, 'user_id': '51b1b345029941c39c7ae7e943900456', 'project_id': 'ce8f616f62c9411ca83708da0459a883', 'status': 'managing', 'attach_status': 'detached', 'display_description': None, 'display_name': 'tempest-VolumeManageAdminTest-volume-1485158588', 'host': 'hv-cinder-73093@wincnd#smbshare', 'cluster_name': None, 'availability_zone': 'nova', 'volume_type_id': 'ec94aa90-17c2-4b1a-8ba3-c6f711537138', 'metadata': {}, 'bootable': False, 'multiattach': False}, 'volume': Volume(_name_id=None,admin_metadata={},attach_status='detached',availability_zone='nova',bootable=False,cluster=,cluster_name=None,consistencygroup=,consistencygroup_id=None,created_at=2021-12-23T11:33:04Z,deleted=False,deleted_at=None,display_description=None,display_name='tempest-VolumeManageAdminTest-volume-1485158588',ec2_id=None,encryption_key_id=None,glance_metadata=,group=,group_id=None,host='hv-cinder-73093@wincnd#smbshare',id=193e6a5d-0709-44d3-b5e5-8cf9789b5b3f,launched_at=None,metadata={},migration_status=None,multiattach=False,previous_status=None,project_id='ce8f616f62c9411ca83708da0459a883',provider_auth=None,provider_geometry=None,provider_id=None,provider_location=None,replication_driver_data=None,replication_extended_status=None,replication_status=None,scheduled_at=None,service_uuid=None,shared_targets=True,size=0,snapshot_id=None,snapshots=,source_volid=None,status='managing',terminated_at=None,updated_at=None,use_quota=True,user_id='51b1b345029941c39c7ae7e943900456',volume_attachment=VolumeAttachmentList,volume_type=VolumeType(ec94aa90-17c2-4b1a-8ba3-c6f711537138),volume_type_id=ec94aa90-17c2-4b1a-8ba3-c6f711537138)}' {{(pid=109629) _task_receiver /usr/local/lib/python3.8/dist-packages/taskflow/listeners/logging.py:178}}
Dec 23 11:33:04.559532 dv-cinder-730936-3-smb devstack@c-api.service[109628]: DEBUG cinder.volume.flows.api.create_volume [None req-41b27b50-2698-41bc-8024-9810583519a5 tempest-VolumesTestJSON-1008621386 tempest-VolumesTestJSON-1008621386-project] Validating volume size '1' using validate_int {{(pid=109628) _extract_size /opt/stack/cinder/cinder/volume/flows/api/create_volume.py:225}}
Dec 23 11:33:04.563713 dv-cinder-730936-3-smb devstack@c-api.service[109629]: DEBUG cinder.volume.api [None req-e3308a82-2a62-4f28-a85a-5a9bf0c719fb tempest-VolumeManageAdminTest-1962411 tempest-VolumeManageAdminTest-1962411-project-admin] Task 'cinder.volume.flows.api.create_volume.QuotaCommitTask;volume:create' (2f66ab1f-19bb-44ad-aeab-e08ac6d9ec37) transitioned into state 'RUNNING' from state 'PENDING' {{(pid=109629) _task_receiver /usr/local/lib/python3.8/dist-packages/taskflow/listeners/logging.py:190}}
Dec 23 11:33:04.648761 dv-cinder-730936-3-smb devstack@c-api.service[109629]: DEBUG cinder.volume.api [None req-e3308a82-2a62-4f28-a85a-5a9bf0c719fb tempest-VolumeManageAdminTest-1962411 tempest-VolumeManageAdminTest-1962411-project-admin] Task 'cinder.volume.flows.api.create_volume.QuotaCommitTask;volume:create' (2f66ab1f-19bb-44ad-aeab-e08ac6d9ec37) transitioned into state 'SUCCESS' from state 'RUNNING' with result '{'volume_properties': {'size': 0, 'user_id': '51b1b345029941c39c7ae7e943900456', 'project_id': 'ce8f616f62c9411ca83708da0459a883', 'status': 'managing', 'attach_status': 'detached', 'display_description': None, 'display_name': 'tempest-VolumeManageAdminTest-volume-1485158588', 'host': 'hv-cinder-73093@wincnd#smbshare', 'cluster_name': None, 'availability_zone': 'nova', 'volume_type_id': 'ec94aa90-17c2-4b1a-8ba3-c6f711537138', 'metadata': {}, 'bootable': False, 'multiattach': False}}' {{(pid=109629) _task_receiver /usr/local/lib/python3.8/dist-packages/taskflow/listeners/logging.py:178}}
Dec 23 11:33:04.652839 dv-cinder-730936-3-smb devstack@c-api.service[109628]: DEBUG cinder.volume.api [None req-41b27b50-2698-41bc-8024-9810583519a5 tempest-VolumesTestJSON-1008621386 tempest-VolumesTestJSON-1008621386-project] Task 'cinder.volume.flows.api.create_volume.ExtractVolumeRequestTask;volume:create' (d01b08b9-ade9-46c6-8f21-f281038993be) transitioned into state 'SUCCESS' from state 'RUNNING' with result '{'size': 1, 'snapshot_id': None, 'source_volid': None, 'volume_type': VolumeType(created_at=2021-12-23T11:23:03Z,deleted=False,deleted_at=None,description='Default Volume Type',extra_specs={},id=ec94aa90-17c2-4b1a-8ba3-c6f711537138,is_public=True,name='__DEFAULT__',projects=[],qos_specs=,qos_specs_id=None,updated_at=2021-12-23T11:23:03Z), 'volume_type_id': 'ec94aa90-17c2-4b1a-8ba3-c6f711537138', 'encryption_key_id': None, 'qos_specs': None, 'consistencygroup_id': None, 'cgsnapshot_id': None, 'group_id': None, 'replication_status': 'disabled', 'refresh_az': False, 'backup_id': None, 'multiattach': False, 'availability_zones': ['nova']}' {{(pid=109628) _task_receiver /usr/local/lib/python3.8/dist-packages/taskflow/listeners/logging.py:178}}
Dec 23 11:33:04.654451 dv-cinder-730936-3-smb devstack@c-api.service[109629]: DEBUG cinder.volume.api [None req-e3308a82-2a62-4f28-a85a-5a9bf0c719fb tempest-VolumeManageAdminTest-1962411 tempest-VolumeManageAdminTest-1962411-project-admin] Task 'cinder.volume.flows.api.manage_existing.ManageCastTask;volume:manage_existing' (4d9ace5a-2cc9-463f-956f-454c664a7a9a) transitioned into state 'RUNNING' from state 'PENDING' {{(pid=109629) _task_receiver /usr/local/lib/python3.8/dist-packages/taskflow/listeners/logging.py:190}}
Dec 23 11:33:04.659644 dv-cinder-730936-3-smb devstack@c-api.service[109628]: DEBUG cinder.volume.api [None req-41b27b50-2698-41bc-8024-9810583519a5 tempest-VolumesTestJSON-1008621386 tempest-VolumesTestJSON-1008621386-project] Task 'cinder.volume.flows.api.create_volume.QuotaReserveTask;volume:create' (c3f8d999-c5ee-41ff-a0ae-63a8b103dc5c) transitioned into state 'RUNNING' from state 'PENDING' {{(pid=109628) _task_receiver /usr/local/lib/python3.8/dist-packages/taskflow/listeners/logging.py:190}}
Dec 23 11:33:04.674731 dv-cinder-730936-3-smb devstack@c-api.service[109629]: DEBUG cinder.volume.api [None req-e3308a82-2a62-4f28-a85a-5a9bf0c719fb tempest-VolumeManageAdminTest-1962411 tempest-VolumeManageAdminTest-1962411-project-admin] Task 'cinder.volume.flows.api.manage_existing.ManageCastTask;volume:manage_existing' (4d9ace5a-2cc9-463f-956f-454c664a7a9a) transitioned into state 'SUCCESS' from state 'RUNNING' with result 'None' {{(pid=109629) _task_receiver /usr/local/lib/python3.8/dist-packages/taskflow/listeners/logging.py:178}}
Dec 23 11:33:04.690966 dv-cinder-730936-3-smb devstack@c-api.service[109629]: DEBUG cinder.volume.api [None req-e3308a82-2a62-4f28-a85a-5a9bf0c719fb tempest-VolumeManageAdminTest-1962411 tempest-VolumeManageAdminTest-1962411-project-admin] Flow 'volume_manage_existing_api' (fa7431fe-0d5e-4643-8855-bf03c3d70968) transitioned into state 'SUCCESS' from state 'RUNNING' {{(pid=109629) _flow_receiver /usr/local/lib/python3.8/dist-packages/taskflow/listeners/logging.py:141}}
Dec 23 11:33:04.693303 dv-cinder-730936-3-smb devstack@c-api.service[109629]: INFO cinder.volume.api [None req-e3308a82-2a62-4f28-a85a-5a9bf0c719fb tempest-VolumeManageAdminTest-1962411 tempest-VolumeManageAdminTest-1962411-project-admin] Manage volume request issued successfully.
Dec 23 11:33:04.700928 dv-cinder-730936-3-smb devstack@c-api.service[109629]: INFO cinder.api.openstack.wsgi [None req-e3308a82-2a62-4f28-a85a-5a9bf0c719fb tempest-VolumeManageAdminTest-1962411 tempest-VolumeManageAdminTest-1962411-project-admin] http://10.222.0.24/volume/v3/ce8f616f62c9411ca83708da0459a883/os-volume-manage returned with HTTP 202
Dec 23 11:33:04.701996 dv-cinder-730936-3-smb devstack@c-api.service[109629]: [pid: 109629|app: 0|req: 45/95] 10.222.0.24 () {60 vars in 1262 bytes} [Thu Dec 23 11:33:03 2021] POST /volume/v3/ce8f616f62c9411ca83708da0459a883/os-volume-manage => generated 847 bytes in 803 msecs (HTTP/1.1 202) 7 headers in 291 bytes (1 switches on core 0)
Dec 23 11:33:04.723432 dv-cinder-730936-3-smb devstack@c-api.service[109629]: INFO cinder.api.openstack.wsgi [None req-72882d15-bd7d-4c4d-b4b1-581771825efb tempest-VolumeManageAdminTest-1962411 tempest-VolumeManageAdminTest-1962411-project-admin] GET http://10.222.0.24/volume/v3/ce8f616f62c9411ca83708da0459a883/volumes/193e6a5d-0709-44d3-b5e5-8cf9789b5b3f
Dec 23 11:33:04.725198 dv-cinder-730936-3-smb devstack@c-api.service[109629]: DEBUG cinder.api.openstack.wsgi [None req-72882d15-bd7d-4c4d-b4b1-581771825efb tempest-VolumeManageAdminTest-1962411 tempest-VolumeManageAdminTest-1962411-project-admin] Empty body provided in request {{(pid=109629) get_body /opt/stack/cinder/cinder/api/openstack/wsgi.py:715}}
