Dec 14 12:59:45.658114 dv-cinder-726180-10-iscsi devstack@n-api.service[116124]: DEBUG oslo_concurrency.lockutils [None req-7ed8b2fa-459e-4a31-86f6-b8135cc4423c tempest-VolumesActionsTest-1228705183 tempest-VolumesActionsTest-1228705183-project] Lock "00000000-0000-0000-0000-000000000000" "released" by "nova.context.set_target_cell..get_or_set_cached_cell_and_set_connections" :: held 0.001s {{(pid=116124) inner /usr/local/lib/python3.8/dist-packages/oslo_concurrency/lockutils.py:400}}
Dec 14 12:59:45.658997 dv-cinder-726180-10-iscsi devstack@n-api.service[116124]: DEBUG oslo_concurrency.lockutils [None req-7ed8b2fa-459e-4a31-86f6-b8135cc4423c tempest-VolumesActionsTest-1228705183 tempest-VolumesActionsTest-1228705183-project] Lock "acf4d5dd-0585-4abe-ba7d-1d17d002fa21" acquired by "nova.context.set_target_cell..get_or_set_cached_cell_and_set_connections" :: waited 0.000s {{(pid=116124) inner /usr/local/lib/python3.8/dist-packages/oslo_concurrency/lockutils.py:386}}
Dec 14 12:59:45.659438 dv-cinder-726180-10-iscsi devstack@n-api.service[116124]: DEBUG oslo_concurrency.lockutils [None req-7ed8b2fa-459e-4a31-86f6-b8135cc4423c tempest-VolumesActionsTest-1228705183 tempest-VolumesActionsTest-1228705183-project] Lock "acf4d5dd-0585-4abe-ba7d-1d17d002fa21" "released" by "nova.context.set_target_cell..get_or_set_cached_cell_and_set_connections" :: held 0.001s {{(pid=116124) inner /usr/local/lib/python3.8/dist-packages/oslo_concurrency/lockutils.py:400}}
Dec 14 12:59:45.682926 dv-cinder-726180-10-iscsi devstack@n-api.service[116124]: DEBUG nova.quota [None req-7ed8b2fa-459e-4a31-86f6-b8135cc4423c tempest-VolumesActionsTest-1228705183 tempest-VolumesActionsTest-1228705183-project] Getting quotas for project ae1a0affc1264c80a5857ba778627019. Resources: {'ram', 'instances', 'cores'} {{(pid=116124) _get_quotas /opt/stack/nova/nova/quota.py:387}}
Dec 14 12:59:45.687533 dv-cinder-726180-10-iscsi devstack@n-api.service[116124]: DEBUG nova.quota [None req-7ed8b2fa-459e-4a31-86f6-b8135cc4423c tempest-VolumesActionsTest-1228705183 tempest-VolumesActionsTest-1228705183-project] Getting quotas for user 128caada6a594262bb3f9282fc97bd14 and project ae1a0affc1264c80a5857ba778627019. Resources: {'ram', 'instances', 'cores'} {{(pid=116124) _get_quotas /opt/stack/nova/nova/quota.py:377}}
Dec 14 12:59:45.702462 dv-cinder-726180-10-iscsi devstack@n-api.service[116124]: DEBUG nova.compute.api [None req-7ed8b2fa-459e-4a31-86f6-b8135cc4423c tempest-VolumesActionsTest-1228705183 tempest-VolumesActionsTest-1228705183-project] Going to run 1 instances... {{(pid=116124) _provision_instances /opt/stack/nova/nova/compute/api.py:1350}}
Dec 14 12:59:45.706225 dv-cinder-726180-10-iscsi devstack@n-api.service[116124]: DEBUG nova.compute.api [None req-7ed8b2fa-459e-4a31-86f6-b8135cc4423c tempest-VolumesActionsTest-1228705183 tempest-VolumesActionsTest-1228705183-project] [instance: 639e5bd5-ca9b-4d90-8e98-f9ab6fa2c982] block_device_mapping [BlockDeviceMapping(attachment_id=,boot_index=0,connection_info=None,created_at=,delete_on_termination=True,deleted=,deleted_at=,destination_type='local',device_name=None,device_type='disk',disk_bus=None,guest_format=None,id=,image_id='a8c4c197-46b7-4997-a387-cbd2f76b12f4',instance=,instance_uuid=,no_device=False,snapshot_id=None,source_type='image',tag=None,updated_at=,uuid=,volume_id=None,volume_size=None,volume_type=None)] {{(pid=116124) _bdm_validate_set_size_and_instance /opt/stack/nova/nova/compute/api.py:1757}}
Dec 14 12:59:45.774434 dv-cinder-726180-10-iscsi devstack@n-api.service[116124]: INFO nova.api.openstack.requestlog [None req-7ed8b2fa-459e-4a31-86f6-b8135cc4423c tempest-VolumesActionsTest-1228705183 tempest-VolumesActionsTest-1228705183-project] 10.222.0.18 "POST /compute/v2.1/servers" status: 202 len: 380 microversion: 2.1 time: 0.770905
Dec 14 12:59:45.775510 dv-cinder-726180-10-iscsi devstack@n-api.service[116124]: [pid: 116124|app: 0|req: 139/266] 10.222.0.18 () {60 vars in 1146 bytes} [Tue Dec 14 12:59:45 2021] POST /compute/v2.1/servers => generated 380 bytes in 773 msecs (HTTP/1.1 202) 10 headers in 451 bytes (1 switches on core 0)
Dec 14 12:59:45.785934 dv-cinder-726180-10-iscsi devstack@n-api.service[116138]: DEBUG nova.api.openstack.wsgi [None req-27f51a63-9164-4db3-8b9d-75b18eba32d8 tempest-VolumesActionsTest-1228705183 tempest-VolumesActionsTest-1228705183-project] Calling method '>' {{(pid=116138) _process_stack /opt/stack/nova/nova/api/openstack/wsgi.py:513}}
Dec 14 12:59:45.786633 dv-cinder-726180-10-iscsi devstack@n-api.service[116138]: DEBUG nova.compute.api [None req-27f51a63-9164-4db3-8b9d-75b18eba32d8 tempest-VolumesActionsTest-1228705183 tempest-VolumesActionsTest-1228705183-project] [instance: 639e5bd5-ca9b-4d90-8e98-f9ab6fa2c982] Fetching instance by UUID {{(pid=116138) get /opt/stack/nova/nova/compute/api.py:2865}}
Dec 14 12:59:45.867944 dv-cinder-726180-10-iscsi devstack@n-api.service[116138]: DEBUG nova.policy [None req-27f51a63-9164-4db3-8b9d-75b18eba32d8 tempest-VolumesActionsTest-1228705183 tempest-VolumesActionsTest-1228705183-project] Policy check for os_compute_api:os-extended-server-attributes failed with credentials {'is_admin': False, 'user_id': '128caada6a594262bb3f9282fc97bd14', 'user_domain_id': 'default', 'system_scope': None, 'domain_id': None, 'project_id': 'ae1a0affc1264c80a5857ba778627019', 'project_domain_id': 'default', 'roles': ['reader', 'member'], 'is_admin_project': True, 'service_user_id': None, 'service_user_domain_id': None, 'service_project_id': None, 'service_project_domain_id': None, 'service_roles': []} {{(pid=116138) authorize /opt/stack/nova/nova/policy.py:199}}
Dec 14 12:59:45.876010 dv-cinder-726180-10-iscsi devstack@n-api.service[116138]: INFO nova.api.openstack.requestlog [None req-27f51a63-9164-4db3-8b9d-75b18eba32d8 tempest-VolumesActionsTest-1228705183 tempest-VolumesActionsTest-1228705183-project] 10.222.0.18 "GET /compute/v2.1/servers/639e5bd5-ca9b-4d90-8e98-f9ab6fa2c982" status: 200 len: 1213 microversion: 2.1 time: 0.094602
Dec 14 12:59:45.877451 dv-cinder-726180-10-iscsi devstack@n-api.service[116138]: [pid: 116138|app: 0|req: 128/267] 10.222.0.18 () {58 vars in 1235 bytes} [Tue Dec 14 12:59:45 2021] GET /compute/v2.1/servers/639e5bd5-ca9b-4d90-8e98-f9ab6fa2c982 => generated 1213 bytes in 97 msecs (HTTP/1.1 200) 9 headers in 358 bytes (1 switches on core 0)
Dec 14 12:59:46.430456 dv-cinder-726180-10-iscsi devstack@n-api.service[116124]: DEBUG nova.api.openstack.wsgi [None req-32db1818-29be-488d-a726-62cda013ee67 tempest-AttachVolumeNegativeTest-741422241 tempest-AttachVolumeNegativeTest-741422241-project] Calling method '>' {{(pid=116124) _process_stack /opt/stack/nova/nova/api/openstack/wsgi.py:513}}
Dec 14 12:59:46.433128 dv-cinder-726180-10-iscsi devstack@n-api.service[116124]: DEBUG nova.compute.api [None req-32db1818-29be-488d-a726-62cda013ee67 tempest-AttachVolumeNegativeTest-741422241 tempest-AttachVolumeNegativeTest-741422241-project] [instance: 745756da-7e89-44d1-8f94-3a19898c1bf1] Fetching instance by UUID {{(pid=116124) get /opt/stack/nova/nova/compute/api.py:2865}}
Dec 14 12:59:46.442377 dv-cinder-726180-10-iscsi devstack@n-api.service[116124]: DEBUG oslo_concurrency.lockutils [None req-32db1818-29be-488d-a726-62cda013ee67 tempest-AttachVolumeNegativeTest-741422241 tempest-AttachVolumeNegativeTest-741422241-project] Lock "acf4d5dd-0585-4abe-ba7d-1d17d002fa21" acquired by "nova.context.set_target_cell..get_or_set_cached_cell_and_set_connections" :: waited 0.000s {{(pid=116124) inner /usr/local/lib/python3.8/dist-packages/oslo_concurrency/lockutils.py:386}}
Dec 14 12:59:46.443075 dv-cinder-726180-10-iscsi devstack@n-api.service[116124]: DEBUG oslo_concurrency.lockutils [None req-32db1818-29be-488d-a726-62cda013ee67 tempest-AttachVolumeNegativeTest-741422241 tempest-AttachVolumeNegativeTest-741422241-project] Lock "acf4d5dd-0585-4abe-ba7d-1d17d002fa21" "released" by "nova.context.set_target_cell..get_or_set_cached_cell_and_set_connections" :: held 0.001s {{(pid=116124) inner /usr/local/lib/python3.8/dist-packages/oslo_concurrency/lockutils.py:400}}
Dec 14 12:59:46.445129 dv-cinder-726180-10-iscsi devstack@n-api.service[116124]: DEBUG oslo_concurrency.lockutils [None req-32db1818-29be-488d-a726-62cda013ee67 tempest-AttachVolumeNegativeTest-741422241 tempest-AttachVolumeNegativeTest-741422241-project] Lock "acf4d5dd-0585-4abe-ba7d-1d17d002fa21" acquired by "nova.context.set_target_cell..get_or_set_cached_cell_and_set_connections" :: waited 0.000s {{(pid=116124) inner /usr/local/lib/python3.8/dist-packages/oslo_concurrency/lockutils.py:386}}
Dec 14 12:59:46.445651 dv-cinder-726180-10-iscsi devstack@n-api.service[116124]: DEBUG oslo_concurrency.lockutils [None req-32db1818-29be-488d-a726-62cda013ee67 tempest-AttachVolumeNegativeTest-741422241 tempest-AttachVolumeNegativeTest-741422241-project] Lock "acf4d5dd-0585-4abe-ba7d-1d17d002fa21" "released" by "nova.context.set_target_cell..get_or_set_cached_cell_and_set_connections" :: held 0.001s {{(pid=116124) inner /usr/local/lib/python3.8/dist-packages/oslo_concurrency/lockutils.py:400}}
Dec 14 12:59:46.747130 dv-cinder-726180-10-iscsi devstack@n-api.service[116124]: DEBUG nova.policy [None req-32db1818-29be-488d-a726-62cda013ee67 tempest-AttachVolumeNegativeTest-741422241 tempest-AttachVolumeNegativeTest-741422241-project] Policy check for os_compute_api:os-extended-server-attributes failed with credentials {'is_admin': False, 'user_id': 'efee4cab324845a7a2e68c59b746fc9a', 'user_domain_id': 'default', 'system_scope': None, 'domain_id': None, 'project_id': '53ada75ecb4e4c10897f92d33fc7e021', 'project_domain_id': 'default', 'roles': ['reader', 'member'], 'is_admin_project': True, 'service_user_id': None, 'service_user_domain_id': None, 'service_project_id': None, 'service_project_domain_id': None, 'service_roles': []} {{(pid=116124) authorize /opt/stack/nova/nova/policy.py:199}}
Dec 14 12:59:46.756816 dv-cinder-726180-10-iscsi devstack@n-api.service[116124]: INFO nova.api.openstack.requestlog [None req-32db1818-29be-488d-a726-62cda013ee67 tempest-AttachVolumeNegativeTest-741422241 tempest-AttachVolumeNegativeTest-741422241-project] 10.222.0.18 "GET /compute/v2.1/servers/745756da-7e89-44d1-8f94-3a19898c1bf1" status: 200 len: 1317 microversion: 2.1 time: 0.333421
Dec 14 12:59:46.757391 dv-cinder-726180-10-iscsi devstack@n-api.service[116124]: [pid: 116124|app: 0|req: 140/268] 10.222.0.18 () {58 vars in 1235 bytes} [Tue Dec 14 12:59:46 2021] GET /compute/v2.1/servers/745756da-7e89-44d1-8f94-3a19898c1bf1 => generated 1317 bytes in 335 msecs (HTTP/1.1 200) 9 headers in 358 bytes (1 switches on core 0)
Dec 14 12:59:46.893201 dv-cinder-726180-10-iscsi devstack@n-api.service[116138]: DEBUG nova.api.openstack.wsgi [None req-eeaca8c5-76b0-42b6-8bec-00de3a49d5e1 tempest-VolumesActionsTest-1228705183 tempest-VolumesActionsTest-1228705183-project] Calling method '>' {{(pid=116138) _process_stack /opt/stack/nova/nova/api/openstack/wsgi.py:513}}
Dec 14 12:59:46.893808 dv-cinder-726180-10-iscsi devstack@n-api.service[116138]: DEBUG nova.compute.api [None req-eeaca8c5-76b0-42b6-8bec-00de3a49d5e1 tempest-VolumesActionsTest-1228705183 tempest-VolumesActionsTest-1228705183-project] [instance: 639e5bd5-ca9b-4d90-8e98-f9ab6fa2c982] Fetching instance by UUID {{(pid=116138) get /opt/stack/nova/nova/compute/api.py:2865}}
Dec 14 12:59:46.900779 dv-cinder-726180-10-iscsi devstack@n-api.service[116138]: DEBUG oslo_concurrency.lockutils [None req-eeaca8c5-76b0-42b6-8bec-00de3a49d5e1 tempest-VolumesActionsTest-1228705183 tempest-VolumesActionsTest-1228705183-project] Lock "acf4d5dd-0585-4abe-ba7d-1d17d002fa21" acquired by "nova.context.set_target_cell..get_or_set_cached_cell_and_set_connections" :: waited 0.000s {{(pid=116138) inner /usr/local/lib/python3.8/dist-packages/oslo_concurrency/lockutils.py:386}}
Dec 14 12:59:46.901219 dv-cinder-726180-10-iscsi devstack@n-api.service[116138]: DEBUG oslo_concurrency.lockutils [None req-eeaca8c5-76b0-42b6-8bec-00de3a49d5e1 tempest-VolumesActionsTest-1228705183 tempest-VolumesActionsTest-1228705183-project] Lock "acf4d5dd-0585-4abe-ba7d-1d17d002fa21" "released" by "nova.context.set_target_cell..get_or_set_cached_cell_and_set_connections" :: held 0.001s {{(pid=116138) inner /usr/local/lib/python3.8/dist-packages/oslo_concurrency/lockutils.py:400}}
Dec 14 12:59:46.901985 dv-cinder-726180-10-iscsi devstack@n-api.service[116138]: DEBUG oslo_concurrency.lockutils [None req-eeaca8c5-76b0-42b6-8bec-00de3a49d5e1 tempest-VolumesActionsTest-1228705183 tempest-VolumesActionsTest-1228705183-project] Lock "acf4d5dd-0585-4abe-ba7d-1d17d002fa21" acquired by "nova.context.set_target_cell..get_or_set_cached_cell_and_set_connections" :: waited 0.000s {{(pid=116138) inner /usr/local/lib/python3.8/dist-packages/oslo_concurrency/lockutils.py:386}}
Dec 14 12:59:46.902414 dv-cinder-726180-10-iscsi devstack@n-api.service[116138]: DEBUG oslo_concurrency.lockutils [None req-eeaca8c5-76b0-42b6-8bec-00de3a49d5e1 tempest-VolumesActionsTest-1228705183 tempest-VolumesActionsTest-1228705183-project] Lock "acf4d5dd-0585-4abe-ba7d-1d17d002fa21" "released" by "nova.context.set_target_cell..get_or_set_cached_cell_and_set_connections" :: held 0.000s {{(pid=116138) inner /usr/local/lib/python3.8/dist-packages/oslo_concurrency/lockutils.py:400}}
Dec 14 12:59:46.969220 dv-cinder-726180-10-iscsi devstack@n-api.service[116138]: DEBUG nova.policy [None req-eeaca8c5-76b0-42b6-8bec-00de3a49d5e1 tempest-VolumesActionsTest-1228705183 tempest-VolumesActionsTest-1228705183-project] Policy check for os_compute_api:os-extended-server-attributes failed with credentials {'is_admin': False, 'user_id': '128caada6a594262bb3f9282fc97bd14', 'user_domain_id': 'default', 'system_scope': None, 'domain_id': None, 'project_id': 'ae1a0affc1264c80a5857ba778627019', 'project_domain_id': 'default', 'roles': ['reader', 'member'], 'is_admin_project': True, 'service_user_id': None, 'service_user_domain_id': None, 'service_project_id': None, 'service_project_domain_id': None, 'service_roles': []} {{(pid=116138) authorize /opt/stack/nova/nova/policy.py:199}}
Dec 14 12:59:46.976623 dv-cinder-726180-10-iscsi devstack@n-api.service[116138]: INFO nova.api.openstack.requestlog [None req-eeaca8c5-76b0-42b6-8bec-00de3a49d5e1 tempest-VolumesActionsTest-1228705183 tempest-VolumesActionsTest-1228705183-project] 10.222.0.18 "GET /compute/v2.1/servers/639e5bd5-ca9b-4d90-8e98-f9ab6fa2c982" status: 200 len: 1265 microversion: 2.1 time: 0.087059
Dec 14 12:59:46.977181 dv-cinder-726180-10-iscsi devstack@n-api.service[116138]: [pid: 116138|app: 0|req: 129/269] 10.222.0.18 () {58 vars in 1235 bytes} [Tue Dec 14 12:59:46 2021] GET /compute/v2.1/servers/639e5bd5-ca9b-4d90-8e98-f9ab6fa2c982 => generated 1265 bytes in 88 msecs (HTTP/1.1 200) 9 headers in 358 bytes (1 switches on core 0)
Dec 14 12:59:47.549537 dv-cinder-726180-10-iscsi devstack@n-api.service[116124]: DEBUG nova.api.openstack.wsgi [None req-63a26567-2600-4a35-b4e6-b7f8e129e832 tempest-VolumesNegativeTest-724748572 tempest-VolumesNegativeTest-724748572-project] Action: 'create', calling method: >, body: {"server": {"name": "tempest-VolumesNegativeTest-instance-1077647029", "imageRef": "a8c4c197-46b7-4997-a387-cbd2f76b12f4", "flavorRef": "452"}} {{(pid=116124) _process_stack /opt/stack/nova/nova/api/openstack/wsgi.py:511}}
Dec 14 12:59:47.607385 dv-cinder-726180-10-iscsi devstack@n-api.service[116124]: DEBUG nova.network.neutron [None req-63a26567-2600-4a35-b4e6-b7f8e129e832 tempest-VolumesNegativeTest-724748572 tempest-VolumesNegativeTest-724748572-project] validate_networks() for None {{(pid=116124) validate_networks /opt/stack/nova/nova/network/neutron.py:2482}}
Dec 14 12:59:47.773680 dv-cinder-726180-10-iscsi devstack@n-api.service[116138]: DEBUG nova.api.openstack.wsgi [None req-dae61a3e-8377-4d44-b29a-2a5d8bc576f6 tempest-AttachVolumeNegativeTest-741422241 tempest-AttachVolumeNegativeTest-741422241-project] Calling method '>' {{(pid=116138) _process_stack /opt/stack/nova/nova/api/openstack/wsgi.py:513}}
Dec 14 12:59:47.774282 dv-cinder-726180-10-iscsi devstack@n-api.service[116138]: DEBUG nova.compute.api [None req-dae61a3e-8377-4d44-b29a-2a5d8bc576f6 tempest-AttachVolumeNegativeTest-741422241 tempest-AttachVolumeNegativeTest-741422241-project] [instance: 745756da-7e89-44d1-8f94-3a19898c1bf1] Fetching instance by UUID {{(pid=116138) get /opt/stack/nova/nova/compute/api.py:2865}}
Dec 14 12:59:47.784693 dv-cinder-726180-10-iscsi devstack@n-api.service[116138]: DEBUG oslo_concurrency.lockutils [None req-dae61a3e-8377-4d44-b29a-2a5d8bc576f6 tempest-AttachVolumeNegativeTest-741422241 tempest-AttachVolumeNegativeTest-741422241-project] Lock "acf4d5dd-0585-4abe-ba7d-1d17d002fa21" acquired by "nova.context.set_target_cell..get_or_set_cached_cell_and_set_connections" :: waited 0.000s {{(pid=116138) inner /usr/local/lib/python3.8/dist-packages/oslo_concurrency/lockutils.py:386}}
Dec 14 12:59:47.785747 dv-cinder-726180-10-iscsi devstack@n-api.service[116138]: DEBUG oslo_concurrency.lockutils [None req-dae61a3e-8377-4d44-b29a-2a5d8bc576f6 tempest-AttachVolumeNegativeTest-741422241 tempest-AttachVolumeNegativeTest-741422241-project] Lock "acf4d5dd-0585-4abe-ba7d-1d17d002fa21" "released" by "nova.context.set_target_cell..get_or_set_cached_cell_and_set_connections" :: held 0.001s {{(pid=116138) inner /usr/local/lib/python3.8/dist-packages/oslo_concurrency/lockutils.py:400}}
Dec 14 12:59:47.786755 dv-cinder-726180-10-iscsi devstack@n-api.service[116138]: DEBUG oslo_concurrency.lockutils [None req-dae61a3e-8377-4d44-b29a-2a5d8bc576f6 tempest-AttachVolumeNegativeTest-741422241 tempest-AttachVolumeNegativeTest-741422241-project] Lock "acf4d5dd-0585-4abe-ba7d-1d17d002fa21" acquired by "nova.context.set_target_cell..get_or_set_cached_cell_and_set_connections" :: waited 0.000s {{(pid=116138) inner /usr/local/lib/python3.8/dist-packages/oslo_concurrency/lockutils.py:386}}
Dec 14 12:59:47.787232 dv-cinder-726180-10-iscsi devstack@n-api.service[116138]: DEBUG oslo_concurrency.lockutils [None req-dae61a3e-8377-4d44-b29a-2a5d8bc576f6 tempest-AttachVolumeNegativeTest-741422241 tempest-AttachVolumeNegativeTest-741422241-project] Lock "acf4d5dd-0585-4abe-ba7d-1d17d002fa21" "released" by "nova.context.set_target_cell..get_or_set_cached_cell_and_set_connections" :: held 0.001s {{(pid=116138) inner /usr/local/lib/python3.8/dist-packages/oslo_concurrency/lockutils.py:400}}
Dec 14 12:59:48.094566 dv-cinder-726180-10-iscsi devstack@n-api.service[116124]: DEBUG nova.virt.hardware [None req-63a26567-2600-4a35-b4e6-b7f8e129e832 tempest-VolumesNegativeTest-724748572 tempest-VolumesNegativeTest-724748572-project] Flavor limits 0:0:0 {{(pid=116124) get_cpu_topology_constraints /opt/stack/nova/nova/virt/hardware.py:343}}
Dec 14 12:59:48.095018 dv-cinder-726180-10-iscsi devstack@n-api.service[116124]: DEBUG nova.virt.hardware [None req-63a26567-2600-4a35-b4e6-b7f8e129e832 tempest-VolumesNegativeTest-724748572 tempest-VolumesNegativeTest-724748572-project] Image limits 0:0:0 {{(pid=116124) get_cpu_topology_constraints /opt/stack/nova/nova/virt/hardware.py:347}}
Dec 14 12:59:48.095652 dv-cinder-726180-10-iscsi devstack@n-api.service[116124]: DEBUG nova.virt.hardware [None req-63a26567-2600-4a35-b4e6-b7f8e129e832 tempest-VolumesNegativeTest-724748572 tempest-VolumesNegativeTest-724748572-project] Flavor pref 0:0:0 {{(pid=116124) get_cpu_topology_constraints /opt/stack/nova/nova/virt/hardware.py:383}}
Dec 14 12:59:48.096130 dv-cinder-726180-10-iscsi devstack@n-api.service[116124]: DEBUG nova.virt.hardware [None req-63a26567-2600-4a35-b4e6-b7f8e129e832 tempest-VolumesNegativeTest-724748572 tempest-VolumesNegativeTest-724748572-project] Image pref 0:0:0 {{(pid=116124) get_cpu_topology_constraints /opt/stack/nova/nova/virt/hardware.py:387}}
Dec 14 12:59:48.096462 dv-cinder-726180-10-iscsi devstack@n-api.service[116124]: DEBUG nova.virt.hardware [None req-63a26567-2600-4a35-b4e6-b7f8e129e832 tempest-VolumesNegativeTest-724748572 tempest-VolumesNegativeTest-724748572-project] Chose sockets=0, cores=0, threads=0; limits were sockets=65536, cores=65536, threads=65536 {{(pid=116124) get_cpu_topology_constraints /opt/stack/nova/nova/virt/hardware.py:425}}
Dec 14 12:59:48.105560 dv-cinder-726180-10-iscsi devstack@n-api.service[116124]: DEBUG oslo_concurrency.lockutils [None req-63a26567-2600-4a35-b4e6-b7f8e129e832 tempest-VolumesNegativeTest-724748572 tempest-VolumesNegativeTest-724748572-project] Lock "00000000-0000-0000-0000-000000000000" acquired by "nova.context.set_target_cell..get_or_set_cached_cell_and_set_connections" :: waited 0.000s {{(pid=116124) inner /usr/local/lib/python3.8/dist-packages/oslo_concurrency/lockutils.py:386}}
Dec 14 12:59:48.105999 dv-cinder-726180-10-iscsi devstack@n-api.service[116124]: DEBUG oslo_concurrency.lockutils [None req-63a26567-2600-4a35-b4e6-b7f8e129e832 tempest-VolumesNegativeTest-724748572 tempest-VolumesNegativeTest-724748572-project] Lock "00000000-0000-0000-0000-000000000000" "released" by "nova.context.set_target_cell..get_or_set_cached_cell_and_set_connections" :: held 0.001s {{(pid=116124) inner /usr/local/lib/python3.8/dist-packages/oslo_concurrency/lockutils.py:400}}
Dec 14 12:59:48.106829 dv-cinder-726180-10-iscsi devstack@n-api.service[116124]: DEBUG oslo_concurrency.lockutils [None req-63a26567-2600-4a35-b4e6-b7f8e129e832 tempest-VolumesNegativeTest-724748572 tempest-VolumesNegativeTest-724748572-project] Lock "acf4d5dd-0585-4abe-ba7d-1d17d002fa21" acquired by "nova.context.set_target_cell..get_or_set_cached_cell_and_set_connections" :: waited 0.000s {{(pid=116124) inner /usr/local/lib/python3.8/dist-packages/oslo_concurrency/lockutils.py:386}}
Dec 14 12:59:48.107473 dv-cinder-726180-10-iscsi devstack@n-api.service[116124]: DEBUG oslo_concurrency.lockutils [None req-63a26567-2600-4a35-b4e6-b7f8e129e832 tempest-VolumesNegativeTest-724748572 tempest-VolumesNegativeTest-724748572-project] Lock "acf4d5dd-0585-4abe-ba7d-1d17d002fa21" "released" by "nova.context.set_target_cell..get_or_set_cached_cell_and_set_connections" :: held 0.001s {{(pid=116124) inner /usr/local/lib/python3.8/dist-packages/oslo_concurrency/lockutils.py:400}}
Dec 14 12:59:48.109552 dv-cinder-726180-10-iscsi devstack@n-api.service[116138]: DEBUG nova.policy [None req-dae61a3e-8377-4d44-b29a-2a5d8bc576f6 tempest-AttachVolumeNegativeTest-741422241 tempest-AttachVolumeNegativeTest-741422241-project] Policy check for os_compute_api:os-extended-server-attributes failed with credentials {'is_admin': False, 'user_id': 'efee4cab324845a7a2e68c59b746fc9a', 'user_domain_id': 'default', 'system_scope': None, 'domain_id': None, 'project_id': '53ada75ecb4e4c10897f92d33fc7e021', 'project_domain_id': 'default', 'roles': ['reader', 'member'], 'is_admin_project': True, 'service_user_id': None, 'service_user_domain_id': None, 'service_project_id': None, 'service_project_domain_id': None, 'service_roles': []} {{(pid=116138) authorize /opt/stack/nova/nova/policy.py:199}}
Dec 14 12:59:48.117510 dv-cinder-726180-10-iscsi devstack@n-api.service[116138]: INFO nova.api.openstack.requestlog [None req-dae61a3e-8377-4d44-b29a-2a5d8bc576f6 tempest-AttachVolumeNegativeTest-741422241 tempest-AttachVolumeNegativeTest-741422241-project] 10.222.0.18 "GET /compute/v2.1/servers/745756da-7e89-44d1-8f94-3a19898c1bf1" status: 200 len: 1317 microversion: 2.1 time: 0.348002
Dec 14 12:59:48.128337 dv-cinder-726180-10-iscsi devstack@n-api.service[116138]: [pid: 116138|app: 0|req: 130/270] 10.222.0.18 () {58 vars in 1235 bytes} [Tue Dec 14 12:59:47 2021] GET /compute/v2.1/servers/745756da-7e89-44d1-8f94-3a19898c1bf1 => generated 1317 bytes in 359 msecs (HTTP/1.1 200) 9 headers in 358 bytes (2 switches on core 0)
Dec 14 12:59:48.133616 dv-cinder-726180-10-iscsi devstack@n-api.service[116138]: DEBUG nova.api.openstack.wsgi [None req-0c13e04e-e40c-4317-b907-44b6c352c57c tempest-VolumesActionsTest-1228705183 tempest-VolumesActionsTest-1228705183-project] Calling method '>' {{(pid=116138) _process_stack /opt/stack/nova/nova/api/openstack/wsgi.py:513}}
Dec 14 12:59:48.134416 dv-cinder-726180-10-iscsi devstack@n-api.service[116138]: DEBUG nova.compute.api [None req-0c13e04e-e40c-4317-b907-44b6c352c57c tempest-VolumesActionsTest-1228705183 tempest-VolumesActionsTest-1228705183-project] [instance: 639e5bd5-ca9b-4d90-8e98-f9ab6fa2c982] Fetching instance by UUID {{(pid=116138) get /opt/stack/nova/nova/compute/api.py:2865}}
Dec 14 12:59:48.135673 dv-cinder-726180-10-iscsi devstack@n-api.service[116124]: DEBUG nova.quota [None req-63a26567-2600-4a35-b4e6-b7f8e129e832 tempest-VolumesNegativeTest-724748572 tempest-VolumesNegativeTest-724748572-project] Getting quotas for project 7bdb861385344132a9ad4b7d09cad000. Resources: {'ram', 'instances', 'cores'} {{(pid=116124) _get_quotas /opt/stack/nova/nova/quota.py:387}}
Dec 14 12:59:48.140208 dv-cinder-726180-10-iscsi devstack@n-api.service[116124]: DEBUG nova.quota [None req-63a26567-2600-4a35-b4e6-b7f8e129e832 tempest-VolumesNegativeTest-724748572 tempest-VolumesNegativeTest-724748572-project] Getting quotas for user d1bbc37b9383483ebc456e928299d926 and project 7bdb861385344132a9ad4b7d09cad000. Resources: {'ram', 'instances', 'cores'} {{(pid=116124) _get_quotas /opt/stack/nova/nova/quota.py:377}}
Dec 14 12:59:48.140710 dv-cinder-726180-10-iscsi devstack@n-api.service[116138]: DEBUG oslo_concurrency.lockutils [None req-0c13e04e-e40c-4317-b907-44b6c352c57c tempest-VolumesActionsTest-1228705183 tempest-VolumesActionsTest-1228705183-project] Lock "acf4d5dd-0585-4abe-ba7d-1d17d002fa21" acquired by "nova.context.set_target_cell..get_or_set_cached_cell_and_set_connections" :: waited 0.000s {{(pid=116138) inner /usr/local/lib/python3.8/dist-packages/oslo_concurrency/lockutils.py:386}}
Dec 14 12:59:48.141310 dv-cinder-726180-10-iscsi devstack@n-api.service[116138]: DEBUG oslo_concurrency.lockutils [None req-0c13e04e-e40c-4317-b907-44b6c352c57c tempest-VolumesActionsTest-1228705183 tempest-VolumesActionsTest-1228705183-project] Lock "acf4d5dd-0585-4abe-ba7d-1d17d002fa21" "released" by "nova.context.set_target_cell..get_or_set_cached_cell_and_set_connections" :: held 0.001s {{(pid=116138) inner /usr/local/lib/python3.8/dist-packages/oslo_concurrency/lockutils.py:400}}
Dec 14 12:59:48.142239 dv-cinder-726180-10-iscsi devstack@n-api.service[116138]: DEBUG oslo_concurrency.lockutils [None req-0c13e04e-e40c-4317-b907-44b6c352c57c tempest-VolumesActionsTest-1228705183 tempest-VolumesActionsTest-1228705183-project] Lock "acf4d5dd-0585-4abe-ba7d-1d17d002fa21" acquired by "nova.context.set_target_cell..get_or_set_cached_cell_and_set_connections" :: waited 0.000s {{(pid=116138) inner /usr/local/lib/python3.8/dist-packages/oslo_concurrency/lockutils.py:386}}
Dec 14 12:59:48.142845 dv-cinder-726180-10-iscsi devstack@n-api.service[116138]: DEBUG oslo_concurrency.lockutils [None req-0c13e04e-e40c-4317-b907-44b6c352c57c tempest-VolumesActionsTest-1228705183 tempest-VolumesActionsTest-1228705183-project] Lock "acf4d5dd-0585-4abe-ba7d-1d17d002fa21" "released" by "nova.context.set_target_cell..get_or_set_cached_cell_and_set_connections" :: held 0.001s {{(pid=116138) inner /usr/local/lib/python3.8/dist-packages/oslo_concurrency/lockutils.py:400}}
Dec 14 12:59:48.153903 dv-cinder-726180-10-iscsi devstack@n-api.service[116124]: DEBUG nova.compute.api [None req-63a26567-2600-4a35-b4e6-b7f8e129e832 tempest-VolumesNegativeTest-724748572 tempest-VolumesNegativeTest-724748572-project] Going to run 1 instances... {{(pid=116124) _provision_instances /opt/stack/nova/nova/compute/api.py:1350}}
Dec 14 12:59:48.157597 dv-cinder-726180-10-iscsi devstack@n-api.service[116124]: DEBUG nova.compute.api [None req-63a26567-2600-4a35-b4e6-b7f8e129e832 tempest-VolumesNegativeTest-724748572 tempest-VolumesNegativeTest-724748572-project] [instance: 84e1dba8-9725-4116-9608-a1ca7a4f83bb] block_device_mapping [BlockDeviceMapping(attachment_id=,boot_index=0,connection_info=None,created_at=,delete_on_termination=True,deleted=,deleted_at=,destination_type='local',device_name=None,device_type='disk',disk_bus=None,guest_format=None,id=,image_id='a8c4c197-46b7-4997-a387-cbd2f76b12f4',instance=,instance_uuid=,no_device=False,snapshot_id=None,source_type='image',tag=None,updated_at=,uuid=,volume_id=None,volume_size=None,volume_type=None)] {{(pid=116124) _bdm_validate_set_size_and_instance /opt/stack/nova/nova/compute/api.py:1757}}
Dec 14 12:59:48.208282 dv-cinder-726180-10-iscsi devstack@n-api.service[116124]: INFO nova.api.openstack.requestlog [None req-63a26567-2600-4a35-b4e6-b7f8e129e832 tempest-VolumesNegativeTest-724748572 tempest-VolumesNegativeTest-724748572-project] 10.222.0.18 "POST /compute/v2.1/servers" status: 202 len: 380 microversion: 2.1 time: 0.662862
Dec 14 12:59:48.209142 dv-cinder-726180-10-iscsi devstack@n-api.service[116124]: [pid: 116124|app: 0|req: 141/271] 10.222.0.18 () {60 vars in 1146 bytes} [Tue Dec 14 12:59:47 2021] POST /compute/v2.1/servers => generated 380 bytes in 665 msecs (HTTP/1.1 202) 10 headers in 451 bytes (1 switches on core 0)
Dec 14 12:59:48.219846 dv-cinder-726180-10-iscsi devstack@n-api.service[116124]: DEBUG nova.api.openstack.wsgi [None req-ed13b1c8-c168-4cf6-8e84-3b6f2a528a04 tempest-VolumesNegativeTest-724748572 tempest-VolumesNegativeTest-724748572-project] Calling method '>' {{(pid=116124) _process_stack /opt/stack/nova/nova/api/openstack/wsgi.py:513}}
Dec 14 12:59:48.220321 dv-cinder-726180-10-iscsi devstack@n-api.service[116124]: DEBUG nova.compute.api [None req-ed13b1c8-c168-4cf6-8e84-3b6f2a528a04 tempest-VolumesNegativeTest-724748572 tempest-VolumesNegativeTest-724748572-project] [instance: 84e1dba8-9725-4116-9608-a1ca7a4f83bb] Fetching instance by UUID {{(pid=116124) get /opt/stack/nova/nova/compute/api.py:2865}}
Dec 14 12:59:48.223501 dv-cinder-726180-10-iscsi devstack@n-api.service[116138]: DEBUG nova.policy [None req-0c13e04e-e40c-4317-b907-44b6c352c57c tempest-VolumesActionsTest-1228705183 tempest-VolumesActionsTest-1228705183-project] Policy check for os_compute_api:os-extended-server-attributes failed with credentials {'is_admin': False, 'user_id': '128caada6a594262bb3f9282fc97bd14', 'user_domain_id': 'default', 'system_scope': None, 'domain_id': None, 'project_id': 'ae1a0affc1264c80a5857ba778627019', 'project_domain_id': 'default', 'roles': ['reader', 'member'], 'is_admin_project': True, 'service_user_id': None, 'service_user_domain_id': None, 'service_project_id': None, 'service_project_domain_id': None, 'service_roles': []} {{(pid=116138) authorize /opt/stack/nova/nova/policy.py:199}}
Dec 14 12:59:48.236975 dv-cinder-726180-10-iscsi devstack@n-api.service[116138]: INFO nova.api.openstack.requestlog [None req-0c13e04e-e40c-4317-b907-44b6c352c57c tempest-VolumesActionsTest-1228705183 tempest-VolumesActionsTest-1228705183-project] 10.222.0.18 "GET /compute/v2.1/servers/639e5bd5-ca9b-4d90-8e98-f9ab6fa2c982" status: 200 len: 1271 microversion: 2.1 time: 0.106959
Dec 14 12:59:48.237758 dv-cinder-726180-10-iscsi devstack@n-api.service[116138]: [pid: 116138|app: 0|req: 131/272] 10.222.0.18 () {58 vars in 1235 bytes} [Tue Dec 14 12:59:48 2021] GET /compute/v2.1/servers/639e5bd5-ca9b-4d90-8e98-f9ab6fa2c982 => generated 1271 bytes in 109 msecs (HTTP/1.1 200) 9 headers in 358 bytes (1 switches on core 0)
Dec 14 12:59:48.301912 dv-cinder-726180-10-iscsi devstack@n-api.service[116124]: DEBUG nova.policy [None req-ed13b1c8-c168-4cf6-8e84-3b6f2a528a04 tempest-VolumesNegativeTest-724748572 tempest-VolumesNegativeTest-724748572-project] Policy check for os_compute_api:os-extended-server-attributes failed with credentials {'is_admin': False, 'user_id': 'd1bbc37b9383483ebc456e928299d926', 'user_domain_id': 'default', 'system_scope': None, 'domain_id': None, 'project_id': '7bdb861385344132a9ad4b7d09cad000', 'project_domain_id': 'default', 'roles': ['reader', 'member'], 'is_admin_project': True, 'service_user_id': None, 'service_user_domain_id': None, 'service_project_id': None, 'service_project_domain_id': None, 'service_roles': []} {{(pid=116124) authorize /opt/stack/nova/nova/policy.py:199}}
Dec 14 12:59:48.312241 dv-cinder-726180-10-iscsi devstack@n-api.service[116124]: INFO nova.api.openstack.requestlog [None req-ed13b1c8-c168-4cf6-8e84-3b6f2a528a04 tempest-VolumesNegativeTest-724748572 tempest-VolumesNegativeTest-724748572-project] 10.222.0.18 "GET /compute/v2.1/servers/84e1dba8-9725-4116-9608-a1ca7a4f83bb" status: 200 len: 1215 microversion: 2.1 time: 0.096324
Dec 14 12:59:48.313049 dv-cinder-726180-10-iscsi devstack@n-api.service[116124]: [pid: 116124|app: 0|req: 142/273] 10.222.0.18 () {58 vars in 1235 bytes} [Tue Dec 14 12:59:48 2021] GET /compute/v2.1/servers/84e1dba8-9725-4116-9608-a1ca7a4f83bb => generated 1215 bytes in 97 msecs (HTTP/1.1 200) 9 headers in 358 bytes (1 switches on core 0)
Dec 14 12:59:49.039007 dv-cinder-726180-10-iscsi devstack@n-api.service[116138]: DEBUG nova.api.openstack.wsgi [req-937a5483-5ec3-4acd-8fa3-264513e1e7c4 req-83cdfcee-5f48-4c04-afdf-7aa2e885f47e service nova] Action: 'create', calling method: >, body: {"events": [{"name": "network-changed", "server_uuid": "639e5bd5-ca9b-4d90-8e98-f9ab6fa2c982", "tag": "8480aa72-d6eb-434a-8e8b-db23e4890272"}]} {{(pid=116138) _process_stack /opt/stack/nova/nova/api/openstack/wsgi.py:511}}
Dec 14 12:59:49.041007 dv-cinder-726180-10-iscsi devstack@n-api.service[116138]: /usr/local/lib/python3.8/dist-packages/oslo_policy/policy.py:1117: UserWarning: Policy "os_compute_api:os-server-external-events:create": "rule:system_admin_api" failed scope check. The token used to make the request was project scoped but the policy requires ['system'] scope. This behavior may change in the future where using the intended scope is required
Dec 14 12:59:49.041007 dv-cinder-726180-10-iscsi devstack@n-api.service[116138]: warnings.warn(msg)
Dec 14 12:59:49.049192 dv-cinder-726180-10-iscsi devstack@n-api.service[116138]: DEBUG oslo_concurrency.lockutils [req-937a5483-5ec3-4acd-8fa3-264513e1e7c4 req-83cdfcee-5f48-4c04-afdf-7aa2e885f47e service nova] Lock "acf4d5dd-0585-4abe-ba7d-1d17d002fa21" acquired by "nova.context.set_target_cell..get_or_set_cached_cell_and_set_connections" :: waited 0.000s {{(pid=116138) inner /usr/local/lib/python3.8/dist-packages/oslo_concurrency/lockutils.py:386}}
Dec 14 12:59:49.049784 dv-cinder-726180-10-iscsi devstack@n-api.service[116138]: DEBUG oslo_concurrency.lockutils [req-937a5483-5ec3-4acd-8fa3-264513e1e7c4 req-83cdfcee-5f48-4c04-afdf-7aa2e885f47e service nova] Lock "acf4d5dd-0585-4abe-ba7d-1d17d002fa21" "released" by "nova.context.set_target_cell..get_or_set_cached_cell_and_set_connections" :: held 0.001s {{(pid=116138) inner /usr/local/lib/python3.8/dist-packages/oslo_concurrency/lockutils.py:400}}
Dec 14 12:59:49.061627 dv-cinder-726180-10-iscsi devstack@n-api.service[116138]: INFO nova.api.openstack.compute.server_external_events [req-937a5483-5ec3-4acd-8fa3-264513e1e7c4 req-83cdfcee-5f48-4c04-afdf-7aa2e885f47e service nova] Creating event network-changed:8480aa72-d6eb-434a-8e8b-db23e4890272 for instance 639e5bd5-ca9b-4d90-8e98-f9ab6fa2c982 on hv-cinder-72618
Dec 14 12:59:49.066550 dv-cinder-726180-10-iscsi devstack@n-api.service[116138]: INFO nova.api.openstack.requestlog [req-937a5483-5ec3-4acd-8fa3-264513e1e7c4 req-83cdfcee-5f48-4c04-afdf-7aa2e885f47e service nova] 10.222.0.18 "POST /compute/v2.1/os-server-external-events" status: 200 len: 179 microversion: 2.1 time: 0.031831
Dec 14 12:59:49.067174 dv-cinder-726180-10-iscsi devstack@n-api.service[116138]: [pid: 116138|app: 0|req: 132/274] 10.222.0.18 () {64 vars in 1317 bytes} [Tue Dec 14 12:59:49 2021] POST /compute/v2.1/os-server-external-events => generated 179 bytes in 33 msecs (HTTP/1.1 200) 9 headers in 357 bytes (1 switches on core 0)
Dec 14 12:59:49.135257 dv-cinder-726180-10-iscsi devstack@n-api.service[116124]: DEBUG nova.api.openstack.wsgi [None req-3c52d951-96de-4719-9d52-091a9b021302 tempest-AttachVolumeNegativeTest-741422241 tempest-AttachVolumeNegativeTest-741422241-project] Calling method '>' {{(pid=116124) _process_stack /opt/stack/nova/nova/api/openstack/wsgi.py:513}}
Dec 14 12:59:49.135864 dv-cinder-726180-10-iscsi devstack@n-api.service[116124]: DEBUG nova.compute.api [None req-3c52d951-96de-4719-9d52-091a9b021302 tempest-AttachVolumeNegativeTest-741422241 tempest-AttachVolumeNegativeTest-741422241-project] [instance: 745756da-7e89-44d1-8f94-3a19898c1bf1] Fetching instance by UUID {{(pid=116124) get /opt/stack/nova/nova/compute/api.py:2865}}
Dec 14 12:59:49.142097 dv-cinder-726180-10-iscsi devstack@n-api.service[116124]: DEBUG oslo_concurrency.lockutils [None req-3c52d951-96de-4719-9d52-091a9b021302 tempest-AttachVolumeNegativeTest-741422241 tempest-AttachVolumeNegativeTest-741422241-project] Lock "acf4d5dd-0585-4abe-ba7d-1d17d002fa21" acquired by "nova.context.set_target_cell..get_or_set_cached_cell_and_set_connections" :: waited 0.000s {{(pid=116124) inner /usr/local/lib/python3.8/dist-packages/oslo_concurrency/lockutils.py:386}}
Dec 14 12:59:49.142542 dv-cinder-726180-10-iscsi devstack@n-api.service[116124]: DEBUG oslo_concurrency.lockutils [None req-3c52d951-96de-4719-9d52-091a9b021302 tempest-AttachVolumeNegativeTest-741422241 tempest-AttachVolumeNegativeTest-741422241-project] Lock "acf4d5dd-0585-4abe-ba7d-1d17d002fa21" "released" by "nova.context.set_target_cell..get_or_set_cached_cell_and_set_connections" :: held 0.000s {{(pid=116124) inner /usr/local/lib/python3.8/dist-packages/oslo_concurrency/lockutils.py:400}}
Dec 14 12:59:49.143332 dv-cinder-726180-10-iscsi devstack@n-api.service[116124]: DEBUG oslo_concurrency.lockutils [None req-3c52d951-96de-4719-9d52-091a9b021302 tempest-AttachVolumeNegativeTest-741422241 tempest-AttachVolumeNegativeTest-741422241-project] Lock "acf4d5dd-0585-4abe-ba7d-1d17d002fa21" acquired by "nova.context.set_target_cell..get_or_set_cached_cell_and_set_connections" :: waited 0.000s {{(pid=116124) inner /usr/local/lib/python3.8/dist-packages/oslo_concurrency/lockutils.py:386}}
Dec 14 12:59:49.143763 dv-cinder-726180-10-iscsi devstack@n-api.service[116124]: DEBUG oslo_concurrency.lockutils [None req-3c52d951-96de-4719-9d52-091a9b021302 tempest-AttachVolumeNegativeTest-741422241 tempest-AttachVolumeNegativeTest-741422241-project] Lock "acf4d5dd-0585-4abe-ba7d-1d17d002fa21" "released" by "nova.context.set_target_cell..get_or_set_cached_cell_and_set_connections" :: held 0.000s {{(pid=116124) inner /usr/local/lib/python3.8/dist-packages/oslo_concurrency/lockutils.py:400}}
Dec 14 12:59:49.255403 dv-cinder-726180-10-iscsi devstack@n-api.service[116138]: DEBUG nova.api.openstack.wsgi [None req-d5715a92-5cfb-4918-a179-99826ffb5db4 tempest-VolumesActionsTest-1228705183 tempest-VolumesActionsTest-1228705183-project] Calling method '>' {{(pid=116138) _process_stack /opt/stack/nova/nova/api/openstack/wsgi.py:513}}
Dec 14 12:59:49.256149 dv-cinder-726180-10-iscsi devstack@n-api.service[116138]: DEBUG nova.compute.api [None req-d5715a92-5cfb-4918-a179-99826ffb5db4 tempest-VolumesActionsTest-1228705183 tempest-VolumesActionsTest-1228705183-project] [instance: 639e5bd5-ca9b-4d90-8e98-f9ab6fa2c982] Fetching instance by UUID {{(pid=116138) get /opt/stack/nova/nova/compute/api.py:2865}}
Dec 14 12:59:49.271257 dv-cinder-726180-10-iscsi devstack@n-api.service[116138]: DEBUG oslo_concurrency.lockutils [None req-d5715a92-5cfb-4918-a179-99826ffb5db4 tempest-VolumesActionsTest-1228705183 tempest-VolumesActionsTest-1228705183-project] Lock "acf4d5dd-0585-4abe-ba7d-1d17d002fa21" acquired by "nova.context.set_target_cell..get_or_set_cached_cell_and_set_connections" :: waited 0.000s {{(pid=116138) inner /usr/local/lib/python3.8/dist-packages/oslo_concurrency/lockutils.py:386}}
Dec 14 12:59:49.271712 dv-cinder-726180-10-iscsi devstack@n-api.service[116138]: DEBUG oslo_concurrency.lockutils [None req-d5715a92-5cfb-4918-a179-99826ffb5db4 tempest-VolumesActionsTest-1228705183 tempest-VolumesActionsTest-1228705183-project] Lock "acf4d5dd-0585-4abe-ba7d-1d17d002fa21" "released" by "nova.context.set_target_cell..get_or_set_cached_cell_and_set_connections" :: held 0.001s {{(pid=116138) inner /usr/local/lib/python3.8/dist-packages/oslo_concurrency/lockutils.py:400}}
Dec 14 12:59:49.272508 dv-cinder-726180-10-iscsi devstack@n-api.service[116138]: DEBUG oslo_concurrency.lockutils [None req-d5715a92-5cfb-4918-a179-99826ffb5db4 tempest-VolumesActionsTest-1228705183 tempest-VolumesActionsTest-1228705183-project] Lock "acf4d5dd-0585-4abe-ba7d-1d17d002fa21" acquired by "nova.context.set_target_cell..get_or_set_cached_cell_and_set_connections" :: waited 0.000s {{(pid=116138) inner /usr/local/lib/python3.8/dist-packages/oslo_concurrency/lockutils.py:386}}
Dec 14 12:59:49.273112 dv-cinder-726180-10-iscsi devstack@n-api.service[116138]: DEBUG oslo_concurrency.lockutils [None req-d5715a92-5cfb-4918-a179-99826ffb5db4 tempest-VolumesActionsTest-1228705183 tempest-VolumesActionsTest-1228705183-project] Lock "acf4d5dd-0585-4abe-ba7d-1d17d002fa21" "released" by "nova.context.set_target_cell..get_or_set_cached_cell_and_set_connections" :: held 0.001s {{(pid=116138) inner /usr/local/lib/python3.8/dist-packages/oslo_concurrency/lockutils.py:400}}
Dec 14 12:59:49.804281 dv-cinder-726180-10-iscsi devstack@n-api.service[116124]: DEBUG nova.policy [None req-3c52d951-96de-4719-9d52-091a9b021302 tempest-AttachVolumeNegativeTest-741422241 tempest-AttachVolumeNegativeTest-741422241-project] Policy check for os_compute_api:os-extended-server-attributes failed with credentials {'is_admin': False, 'user_id': 'efee4cab324845a7a2e68c59b746fc9a', 'user_domain_id': 'default', 'system_scope': None, 'domain_id': None, 'project_id': '53ada75ecb4e4c10897f92d33fc7e021', 'project_domain_id': 'default', 'roles': ['reader', 'member'], 'is_admin_project': True, 'service_user_id': None, 'service_user_domain_id': None, 'service_project_id': None, 'service_project_domain_id': None, 'service_roles': []} {{(pid=116124) authorize /opt/stack/nova/nova/policy.py:199}}
Dec 14 12:59:49.821238 dv-cinder-726180-10-iscsi devstack@n-api.service[116124]: INFO nova.api.openstack.requestlog [None req-3c52d951-96de-4719-9d52-091a9b021302 tempest-AttachVolumeNegativeTest-741422241 tempest-AttachVolumeNegativeTest-741422241-project] 10.222.0.18 "GET /compute/v2.1/servers/745756da-7e89-44d1-8f94-3a19898c1bf1" status: 200 len: 1317 microversion: 2.1 time: 0.689482
Dec 14 12:59:49.822231 dv-cinder-726180-10-iscsi devstack@n-api.service[116124]: [pid: 116124|app: 0|req: 143/275] 10.222.0.18 () {58 vars in 1235 bytes} [Tue Dec 14 12:59:49 2021] GET /compute/v2.1/servers/745756da-7e89-44d1-8f94-3a19898c1bf1 => generated 1317 bytes in 691 msecs (HTTP/1.1 200) 9 headers in 358 bytes (1 switches on core 0)
Dec 14 12:59:49.827299 dv-cinder-726180-10-iscsi devstack@n-api.service[116124]: DEBUG nova.api.openstack.wsgi [None req-bfcc3e0c-d425-4f0e-a86b-42487a238316 tempest-VolumesNegativeTest-724748572 tempest-VolumesNegativeTest-724748572-project] Calling method '>' {{(pid=116124) _process_stack /opt/stack/nova/nova/api/openstack/wsgi.py:513}}
Dec 14 12:59:49.828097 dv-cinder-726180-10-iscsi devstack@n-api.service[116124]: DEBUG nova.compute.api [None req-bfcc3e0c-d425-4f0e-a86b-42487a238316 tempest-VolumesNegativeTest-724748572 tempest-VolumesNegativeTest-724748572-project] [instance: 84e1dba8-9725-4116-9608-a1ca7a4f83bb] Fetching instance by UUID {{(pid=116124) get /opt/stack/nova/nova/compute/api.py:2865}}
Dec 14 12:59:49.834641 dv-cinder-726180-10-iscsi devstack@n-api.service[116124]: DEBUG oslo_concurrency.lockutils [None req-bfcc3e0c-d425-4f0e-a86b-42487a238316 tempest-VolumesNegativeTest-724748572 tempest-VolumesNegativeTest-724748572-project] Lock "acf4d5dd-0585-4abe-ba7d-1d17d002fa21" acquired by "nova.context.set_target_cell..get_or_set_cached_cell_and_set_connections" :: waited 0.000s {{(pid=116124) inner /usr/local/lib/python3.8/dist-packages/oslo_concurrency/lockutils.py:386}}
Dec 14 12:59:49.835394 dv-cinder-726180-10-iscsi devstack@n-api.service[116124]: DEBUG oslo_concurrency.lockutils [None req-bfcc3e0c-d425-4f0e-a86b-42487a238316 tempest-VolumesNegativeTest-724748572 tempest-VolumesNegativeTest-724748572-project] Lock "acf4d5dd-0585-4abe-ba7d-1d17d002fa21" "released" by "nova.context.set_target_cell..get_or_set_cached_cell_and_set_connections" :: held 0.001s {{(pid=116124) inner /usr/local/lib/python3.8/dist-packages/oslo_concurrency/lockutils.py:400}}
Dec 14 12:59:49.837130 dv-cinder-726180-10-iscsi devstack@n-api.service[116124]: DEBUG oslo_concurrency.lockutils [None req-bfcc3e0c-d425-4f0e-a86b-42487a238316 tempest-VolumesNegativeTest-724748572 tempest-VolumesNegativeTest-724748572-project] Lock "acf4d5dd-0585-4abe-ba7d-1d17d002fa21" acquired by "nova.context.set_target_cell..get_or_set_cached_cell_and_set_connections" :: waited 0.000s {{(pid=116124) inner /usr/local/lib/python3.8/dist-packages/oslo_concurrency/lockutils.py:386}}
Dec 14 12:59:49.837784 dv-cinder-726180-10-iscsi devstack@n-api.service[116124]: DEBUG oslo_concurrency.lockutils [None req-bfcc3e0c-d425-4f0e-a86b-42487a238316 tempest-VolumesNegativeTest-724748572 tempest-VolumesNegativeTest-724748572-project] Lock "acf4d5dd-0585-4abe-ba7d-1d17d002fa21" "released" by "nova.context.set_target_cell..get_or_set_cached_cell_and_set_connections" :: held 0.001s {{(pid=116124) inner /usr/local/lib/python3.8/dist-packages/oslo_concurrency/lockutils.py:400}}
Dec 14 12:59:49.842123 dv-cinder-726180-10-iscsi devstack@n-api.service[116138]: DEBUG nova.policy [None req-d5715a92-5cfb-4918-a179-99826ffb5db4 tempest-VolumesActionsTest-1228705183 tempest-VolumesActionsTest-1228705183-project] Policy check for os_compute_api:os-extended-server-attributes failed with credentials {'is_admin': False, 'user_id': '128caada6a594262bb3f9282fc97bd14', 'user_domain_id': 'default', 'system_scope': None, 'domain_id': None, 'project_id': 'ae1a0affc1264c80a5857ba778627019', 'project_domain_id': 'default', 'roles': ['reader', 'member'], 'is_admin_project': True, 'service_user_id': None, 'service_user_domain_id': None, 'service_project_id': None, 'service_project_domain_id': None, 'service_roles': []} {{(pid=116138) authorize /opt/stack/nova/nova/policy.py:199}}
Dec 14 12:59:49.863262 dv-cinder-726180-10-iscsi devstack@n-api.service[116138]: INFO nova.api.openstack.requestlog [None req-d5715a92-5cfb-4918-a179-99826ffb5db4 tempest-VolumesActionsTest-1228705183 tempest-VolumesActionsTest-1228705183-project] 10.222.0.18 "GET /compute/v2.1/servers/639e5bd5-ca9b-4d90-8e98-f9ab6fa2c982" status: 200 len: 1313 microversion: 2.1 time: 0.612425
Dec 14 12:59:49.864145 dv-cinder-726180-10-iscsi devstack@n-api.service[116138]: [pid: 116138|app: 0|req: 133/276] 10.222.0.18 () {58 vars in 1235 bytes} [Tue Dec 14 12:59:49 2021] GET /compute/v2.1/servers/639e5bd5-ca9b-4d90-8e98-f9ab6fa2c982 => generated 1313 bytes in 614 msecs (HTTP/1.1 200) 9 headers in 358 bytes (2 switches on core 0)
Dec 14 12:59:49.973819 dv-cinder-726180-10-iscsi devstack@n-api.service[116124]: DEBUG nova.policy [None req-bfcc3e0c-d425-4f0e-a86b-42487a238316 tempest-VolumesNegativeTest-724748572 tempest-VolumesNegativeTest-724748572-project] Policy check for os_compute_api:os-extended-server-attributes failed with credentials {'is_admin': False, 'user_id': 'd1bbc37b9383483ebc456e928299d926', 'user_domain_id': 'default', 'system_scope': None, 'domain_id': None, 'project_id': '7bdb861385344132a9ad4b7d09cad000', 'project_domain_id': 'default', 'roles': ['reader', 'member'], 'is_admin_project': True, 'service_user_id': None, 'service_user_domain_id': None, 'service_project_id': None, 'service_project_domain_id': None, 'service_roles': []} {{(pid=116124) authorize /opt/stack/nova/nova/policy.py:199}}
Dec 14 12:59:49.983176 dv-cinder-726180-10-iscsi devstack@n-api.service[116124]: INFO nova.api.openstack.requestlog [None req-bfcc3e0c-d425-4f0e-a86b-42487a238316 tempest-VolumesNegativeTest-724748572 tempest-VolumesNegativeTest-724748572-project] 10.222.0.18 "GET /compute/v2.1/servers/84e1dba8-9725-4116-9608-a1ca7a4f83bb" status: 200 len: 1273 microversion: 2.1 time: 0.158592
Dec 14 12:59:49.983710 dv-cinder-726180-10-iscsi devstack@n-api.service[116124]: [pid: 116124|app: 0|req: 144/277] 10.222.0.18 () {58 vars in 1235 bytes} [Tue Dec 14 12:59:49 2021] GET /compute/v2.1/servers/84e1dba8-9725-4116-9608-a1ca7a4f83bb => generated 1273 bytes in 161 msecs (HTTP/1.1 200) 9 headers in 358 bytes (1 switches on core 0)
Dec 14 12:59:50.839082 dv-cinder-726180-10-iscsi devstack@n-api.service[116138]: DEBUG nova.api.openstack.wsgi [None req-3dd61216-5ccd-4a6b-8be8-3a4bbd4e2a7b tempest-AttachVolumeNegativeTest-741422241 tempest-AttachVolumeNegativeTest-741422241-project] Calling method '>' {{(pid=116138) _process_stack /opt/stack/nova/nova/api/openstack/wsgi.py:513}}
Dec 14 12:59:50.841339 dv-cinder-726180-10-iscsi devstack@n-api.service[116138]: DEBUG nova.compute.api [None req-3dd61216-5ccd-4a6b-8be8-3a4bbd4e2a7b tempest-AttachVolumeNegativeTest-741422241 tempest-AttachVolumeNegativeTest-741422241-project] [instance: 745756da-7e89-44d1-8f94-3a19898c1bf1] Fetching instance by UUID {{(pid=116138) get /opt/stack/nova/nova/compute/api.py:2865}}
Dec 14 12:59:50.851135 dv-cinder-726180-10-iscsi devstack@n-api.service[116138]: DEBUG oslo_concurrency.lockutils [None req-3dd61216-5ccd-4a6b-8be8-3a4bbd4e2a7b tempest-AttachVolumeNegativeTest-741422241 tempest-AttachVolumeNegativeTest-741422241-project] Lock "acf4d5dd-0585-4abe-ba7d-1d17d002fa21" acquired by "nova.context.set_target_cell..get_or_set_cached_cell_and_set_connections" :: waited 0.000s {{(pid=116138) inner /usr/local/lib/python3.8/dist-packages/oslo_concurrency/lockutils.py:386}}
