Nov 11 17:09:11.116502 dv-cinder-694140-2-smb devstack@c-api.service[108688]: /usr/local/lib/python3.8/dist-packages/webob/acceptparse.py:1047: DeprecationWarning: The behavior of AcceptValidHeader.best_match is currently being maintained for backward compatibility, but it will be deprecated in the future, as it does not conform to the RFC.
Nov 11 17:09:11.116502 dv-cinder-694140-2-smb devstack@c-api.service[108688]: warnings.warn(
Nov 11 17:09:11.116870 dv-cinder-694140-2-smb devstack@c-api.service[108688]: DEBUG cinder.api.openstack.wsgi [req-edc2772c-830e-420f-b4e3-806d28f57632 req-93e8d23f-9363-428c-a2b2-328801fbc156 tempest-DeleteServersTestJSON-1799579292 tempest-DeleteServersTestJSON-1799579292-project] Calling method 'all' {{(pid=108688) _process_stack /opt/stack/cinder/cinder/api/openstack/wsgi.py:856}}
Nov 11 17:09:11.118500 dv-cinder-694140-2-smb devstack@c-api.service[108688]: INFO cinder.api.openstack.wsgi [req-edc2772c-830e-420f-b4e3-806d28f57632 req-93e8d23f-9363-428c-a2b2-328801fbc156 tempest-DeleteServersTestJSON-1799579292 tempest-DeleteServersTestJSON-1799579292-project] http://10.222.0.73/volume// returned with HTTP 300
Nov 11 17:09:11.123451 dv-cinder-694140-2-smb devstack@c-api.service[108688]: [pid: 108688|app: 0|req: 128/248] 10.222.0.43 () {56 vars in 1098 bytes} [Thu Nov 11 17:09:11 2021] GET /volume/ => generated 386 bytes in 8 msecs (HTTP/1.1 300) 5 headers in 169 bytes (1 switches on core 0)
Nov 11 17:09:11.129815 dv-cinder-694140-2-smb devstack@c-api.service[108689]: /usr/local/lib/python3.8/dist-packages/oslo_context/context.py:105: DeprecationWarning: Policy enforcement is depending on the value of is_admin. This key is deprecated. Please update your policy file to use the standard policy values.
Nov 11 17:09:11.129815 dv-cinder-694140-2-smb devstack@c-api.service[108689]: warnings.warn('Policy enforcement is depending on the value of '
Nov 11 17:09:11.149944 dv-cinder-694140-2-smb devstack@c-api.service[108689]: INFO cinder.volume.api [None req-448ab693-9a86-496a-a1a3-b3a9c9caa72f tempest-DeleteServersTestJSON-1799579292 tempest-DeleteServersTestJSON-1799579292-project] Volume info retrieved successfully.
Nov 11 17:09:11.169938 dv-cinder-694140-2-smb devstack@c-api.service[108689]: INFO cinder.api.openstack.wsgi [None req-448ab693-9a86-496a-a1a3-b3a9c9caa72f tempest-DeleteServersTestJSON-1799579292 tempest-DeleteServersTestJSON-1799579292-project] http://10.222.0.73/volume/v3/0b887dea1b7b4cf5a1f7571c177ebf88/volumes/92e669d1-d49a-4102-a0e7-19e2834cbc7e returned with HTTP 200
Nov 11 17:09:11.173385 dv-cinder-694140-2-smb devstack@c-api.service[108689]: [pid: 108689|app: 0|req: 121/249] 10.222.0.73 () {58 vars in 1324 bytes} [Thu Nov 11 17:09:11 2021] GET /volume/v3/0b887dea1b7b4cf5a1f7571c177ebf88/volumes/92e669d1-d49a-4102-a0e7-19e2834cbc7e => generated 913 bytes in 96 msecs (HTTP/1.1 200) 7 headers in 285 bytes (1 switches on core 0)
Nov 11 17:09:11.183500 dv-cinder-694140-2-smb devstack@c-api.service[108688]: INFO cinder.api.openstack.wsgi [req-edc2772c-830e-420f-b4e3-806d28f57632 req-84866627-1458-4865-a2e1-2e43333eca60 tempest-DeleteServersTestJSON-1799579292 tempest-DeleteServersTestJSON-1799579292-project] GET http://10.222.0.73/volume/v3/0b887dea1b7b4cf5a1f7571c177ebf88/volumes/92e669d1-d49a-4102-a0e7-19e2834cbc7e
Nov 11 17:09:11.184168 dv-cinder-694140-2-smb devstack@c-api.service[108688]: DEBUG cinder.api.openstack.wsgi [req-edc2772c-830e-420f-b4e3-806d28f57632 req-84866627-1458-4865-a2e1-2e43333eca60 tempest-DeleteServersTestJSON-1799579292 tempest-DeleteServersTestJSON-1799579292-project] Empty body provided in request {{(pid=108688) get_body /opt/stack/cinder/cinder/api/openstack/wsgi.py:703}}
Nov 11 17:09:11.184584 dv-cinder-694140-2-smb devstack@c-api.service[108688]: DEBUG cinder.api.openstack.wsgi [req-edc2772c-830e-420f-b4e3-806d28f57632 req-84866627-1458-4865-a2e1-2e43333eca60 tempest-DeleteServersTestJSON-1799579292 tempest-DeleteServersTestJSON-1799579292-project] Calling method 'show' {{(pid=108688) _process_stack /opt/stack/cinder/cinder/api/openstack/wsgi.py:856}}
Nov 11 17:09:11.216376 dv-cinder-694140-2-smb devstack@c-api.service[108688]: /usr/local/lib/python3.8/dist-packages/oslo_context/context.py:105: DeprecationWarning: Policy enforcement is depending on the value of is_admin. This key is deprecated. Please update your policy file to use the standard policy values.
Nov 11 17:09:11.216376 dv-cinder-694140-2-smb devstack@c-api.service[108688]: warnings.warn('Policy enforcement is depending on the value of '
Nov 11 17:09:11.236041 dv-cinder-694140-2-smb devstack@c-api.service[108688]: INFO cinder.volume.api [req-edc2772c-830e-420f-b4e3-806d28f57632 req-84866627-1458-4865-a2e1-2e43333eca60 tempest-DeleteServersTestJSON-1799579292 tempest-DeleteServersTestJSON-1799579292-project] Volume info retrieved successfully.
Nov 11 17:09:11.246290 dv-cinder-694140-2-smb devstack@c-api.service[108688]: INFO cinder.api.openstack.wsgi [req-edc2772c-830e-420f-b4e3-806d28f57632 req-84866627-1458-4865-a2e1-2e43333eca60 tempest-DeleteServersTestJSON-1799579292 tempest-DeleteServersTestJSON-1799579292-project] http://10.222.0.73/volume/v3/0b887dea1b7b4cf5a1f7571c177ebf88/volumes/92e669d1-d49a-4102-a0e7-19e2834cbc7e returned with HTTP 200
Nov 11 17:09:11.247654 dv-cinder-694140-2-smb devstack@c-api.service[108688]: [pid: 108688|app: 0|req: 129/250] 10.222.0.43 () {60 vars in 1412 bytes} [Thu Nov 11 17:09:11 2021] GET /volume/v3/0b887dea1b7b4cf5a1f7571c177ebf88/volumes/92e669d1-d49a-4102-a0e7-19e2834cbc7e => generated 1012 bytes in 68 msecs (HTTP/1.1 200) 7 headers in 287 bytes (1 switches on core 0)
Nov 11 17:09:11.339342 dv-cinder-694140-2-smb devstack@c-api.service[108689]: INFO cinder.api.openstack.wsgi [None req-4bee9bbc-c5dd-4b60-a0c0-9808942081a9 tempest-VolumesDeleteCascade-1336959146 tempest-VolumesDeleteCascade-1336959146-project] POST http://10.222.0.73/volume/v3/8ed5e76024234f089d887c389e672e39/volumes
Nov 11 17:09:11.339859 dv-cinder-694140-2-smb devstack@c-api.service[108689]: /usr/local/lib/python3.8/dist-packages/webob/acceptparse.py:1047: DeprecationWarning: The behavior of AcceptValidHeader.best_match is currently being maintained for backward compatibility, but it will be deprecated in the future, as it does not conform to the RFC.
Nov 11 17:09:11.339859 dv-cinder-694140-2-smb devstack@c-api.service[108689]: warnings.warn(
Nov 11 17:09:11.340510 dv-cinder-694140-2-smb devstack@c-api.service[108689]: DEBUG cinder.api.openstack.wsgi [None req-4bee9bbc-c5dd-4b60-a0c0-9808942081a9 tempest-VolumesDeleteCascade-1336959146 tempest-VolumesDeleteCascade-1336959146-project] Action: 'create', calling method: create, body: {"volume": {"size": 1, "name": "tempest-VolumesDeleteCascade-Volume-1464505195"}} {{(pid=108689) _process_stack /opt/stack/cinder/cinder/api/openstack/wsgi.py:854}}
Nov 11 17:09:11.341638 dv-cinder-694140-2-smb devstack@c-api.service[108689]: DEBUG cinder.api.v3.volumes [None req-4bee9bbc-c5dd-4b60-a0c0-9808942081a9 tempest-VolumesDeleteCascade-1336959146 tempest-VolumesDeleteCascade-1336959146-project] Create volume request body: {'volume': {'size': 1, 'name': 'tempest-VolumesDeleteCascade-Volume-1464505195'}} {{(pid=108689) create /opt/stack/cinder/cinder/api/v3/volumes.py:298}}
Nov 11 17:09:11.342009 dv-cinder-694140-2-smb devstack@c-api.service[108689]: INFO cinder.api.v3.volumes [None req-4bee9bbc-c5dd-4b60-a0c0-9808942081a9 tempest-VolumesDeleteCascade-1336959146 tempest-VolumesDeleteCascade-1336959146-project] Create volume of 1 GB
Nov 11 17:09:11.345416 dv-cinder-694140-2-smb devstack@c-api.service[108688]: INFO cinder.api.openstack.wsgi [req-edc2772c-830e-420f-b4e3-806d28f57632 req-21eb9a65-04a0-43f0-a845-94cfdd4cb1f6 tempest-DeleteServersTestJSON-1799579292 tempest-DeleteServersTestJSON-1799579292-project] PUT http://10.222.0.73/volume/v3/0b887dea1b7b4cf5a1f7571c177ebf88/attachments/abac50be-5425-4ea3-8c06-59e373fdd49a
Nov 11 17:09:11.346087 dv-cinder-694140-2-smb devstack@c-api.service[108688]: /usr/local/lib/python3.8/dist-packages/webob/acceptparse.py:1047: DeprecationWarning: The behavior of AcceptValidHeader.best_match is currently being maintained for backward compatibility, but it will be deprecated in the future, as it does not conform to the RFC.
Nov 11 17:09:11.346087 dv-cinder-694140-2-smb devstack@c-api.service[108688]: warnings.warn(
Nov 11 17:09:11.346544 dv-cinder-694140-2-smb devstack@c-api.service[108688]: DEBUG cinder.api.openstack.wsgi [req-edc2772c-830e-420f-b4e3-806d28f57632 req-21eb9a65-04a0-43f0-a845-94cfdd4cb1f6 tempest-DeleteServersTestJSON-1799579292 tempest-DeleteServersTestJSON-1799579292-project] Action: 'update', calling method: version_select, body: {"attachment": {"connector": {"platform": "AMD64", "os_type": "win32", "ip": "10.222.0.43", "host": "hv-cinder-69414", "multipath": false, "initiator": "iqn.1991-05.com.microsoft:hv-cinder-69414", "mountpoint": "/dev/sdb"}}} {{(pid=108688) _process_stack /opt/stack/cinder/cinder/api/openstack/wsgi.py:854}}
Nov 11 17:09:11.349300 dv-cinder-694140-2-smb devstack@c-api.service[108689]: INFO cinder.volume.api [None req-4bee9bbc-c5dd-4b60-a0c0-9808942081a9 tempest-VolumesDeleteCascade-1336959146 tempest-VolumesDeleteCascade-1336959146-project] Availability Zones retrieved successfully.
Nov 11 17:09:11.364866 dv-cinder-694140-2-smb devstack@c-api.service[108689]: DEBUG cinder.volume.api [None req-4bee9bbc-c5dd-4b60-a0c0-9808942081a9 tempest-VolumesDeleteCascade-1336959146 tempest-VolumesDeleteCascade-1336959146-project] Flow 'volume_create_api' (873b6583-5b73-4ba2-92b3-6cdaf4000ab8) transitioned into state 'RUNNING' from state 'PENDING' {{(pid=108689) _flow_receiver /usr/local/lib/python3.8/dist-packages/taskflow/listeners/logging.py:141}}
Nov 11 17:09:11.368530 dv-cinder-694140-2-smb devstack@c-api.service[108688]: /usr/local/lib/python3.8/dist-packages/tenacity/__init__.py:333: DeprecationWarning: "retry" function must accept single "retry_state" parameter, please update tooz._retry.retry..
Nov 11 17:09:11.368530 dv-cinder-694140-2-smb devstack@c-api.service[108688]: return self(f, *args, **kw)
Nov 11 17:09:11.369023 dv-cinder-694140-2-smb devstack@c-api.service[108688]: DEBUG cinder.coordination [req-edc2772c-830e-420f-b4e3-806d28f57632 req-21eb9a65-04a0-43f0-a845-94cfdd4cb1f6 tempest-DeleteServersTestJSON-1799579292 tempest-DeleteServersTestJSON-1799579292-project] Lock "b'cinder-attachment_update-92e669d1-d49a-4102-a0e7-19e2834cbc7e-hv-cinder-69414'" acquired by "attachment_update" :: waited 0.010s {{(pid=108688) _synchronized /opt/stack/cinder/cinder/coordination.py:186}}
Nov 11 17:09:11.369373 dv-cinder-694140-2-smb devstack@c-api.service[108689]: DEBUG cinder.volume.api [None req-4bee9bbc-c5dd-4b60-a0c0-9808942081a9 tempest-VolumesDeleteCascade-1336959146 tempest-VolumesDeleteCascade-1336959146-project] Task 'cinder.volume.flows.api.create_volume.ExtractVolumeRequestTask;volume:create' (b628a793-f56f-429b-9888-157b8e1f6002) transitioned into state 'RUNNING' from state 'PENDING' {{(pid=108689) _task_receiver /usr/local/lib/python3.8/dist-packages/taskflow/listeners/logging.py:190}}
Nov 11 17:09:11.371060 dv-cinder-694140-2-smb devstack@c-api.service[108688]: /usr/local/lib/python3.8/dist-packages/oslo_context/context.py:105: DeprecationWarning: Policy enforcement is depending on the value of is_admin. This key is deprecated. Please update your policy file to use the standard policy values.
Nov 11 17:09:11.371060 dv-cinder-694140-2-smb devstack@c-api.service[108688]: warnings.warn('Policy enforcement is depending on the value of '
Nov 11 17:09:11.371805 dv-cinder-694140-2-smb devstack@c-api.service[108689]: DEBUG cinder.volume.flows.api.create_volume [None req-4bee9bbc-c5dd-4b60-a0c0-9808942081a9 tempest-VolumesDeleteCascade-1336959146 tempest-VolumesDeleteCascade-1336959146-project] Validating volume size '1' using validate_int {{(pid=108689) _extract_size /opt/stack/cinder/cinder/volume/flows/api/create_volume.py:225}}
Nov 11 17:09:11.403266 dv-cinder-694140-2-smb devstack@c-api.service[108689]: DEBUG cinder.volume.api [None req-4bee9bbc-c5dd-4b60-a0c0-9808942081a9 tempest-VolumesDeleteCascade-1336959146 tempest-VolumesDeleteCascade-1336959146-project] Task 'cinder.volume.flows.api.create_volume.ExtractVolumeRequestTask;volume:create' (b628a793-f56f-429b-9888-157b8e1f6002) transitioned into state 'SUCCESS' from state 'RUNNING' with result '{'size': 1, 'snapshot_id': None, 'source_volid': None, 'volume_type': VolumeType(created_at=2021-11-11T16:58:48Z,deleted=False,deleted_at=None,description='Default Volume Type',extra_specs={},id=d94533f4-0777-45ef-b058-991dfbb0e42e,is_public=True,name='__DEFAULT__',projects=[],qos_specs=,qos_specs_id=None,updated_at=2021-11-11T16:58:48Z), 'volume_type_id': 'd94533f4-0777-45ef-b058-991dfbb0e42e', 'encryption_key_id': None, 'qos_specs': None, 'consistencygroup_id': None, 'cgsnapshot_id': None, 'group_id': None, 'replication_status': 'disabled', 'refresh_az': False, 'backup_id': None, 'multiattach': False, 'availability_zones': ['nova']}' {{(pid=108689) _task_receiver /usr/local/lib/python3.8/dist-packages/taskflow/listeners/logging.py:178}}
Nov 11 17:09:11.405379 dv-cinder-694140-2-smb devstack@c-api.service[108689]: DEBUG cinder.volume.api [None req-4bee9bbc-c5dd-4b60-a0c0-9808942081a9 tempest-VolumesDeleteCascade-1336959146 tempest-VolumesDeleteCascade-1336959146-project] Task 'cinder.volume.flows.api.create_volume.QuotaReserveTask;volume:create' (3a50deaa-123b-4dcd-9af9-f5e9b8722dc8) transitioned into state 'RUNNING' from state 'PENDING' {{(pid=108689) _task_receiver /usr/local/lib/python3.8/dist-packages/taskflow/listeners/logging.py:190}}
Nov 11 17:09:11.495038 dv-cinder-694140-2-smb devstack@c-api.service[108689]: DEBUG cinder.quota [None req-4bee9bbc-c5dd-4b60-a0c0-9808942081a9 tempest-VolumesDeleteCascade-1336959146 tempest-VolumesDeleteCascade-1336959146-project] Created reservations ['de6fba7d-854b-48e1-adb7-0c05436bd457', '5873a47c-2718-467a-bad6-6653223e6431', '71d9cd43-3054-4f27-a717-92c261d09387', '86644fad-7977-4ade-8eba-8786460ef373'] {{(pid=108689) reserve /opt/stack/cinder/cinder/quota.py:755}}
Nov 11 17:09:11.497132 dv-cinder-694140-2-smb devstack@c-api.service[108689]: DEBUG cinder.volume.api [None req-4bee9bbc-c5dd-4b60-a0c0-9808942081a9 tempest-VolumesDeleteCascade-1336959146 tempest-VolumesDeleteCascade-1336959146-project] Task 'cinder.volume.flows.api.create_volume.QuotaReserveTask;volume:create' (3a50deaa-123b-4dcd-9af9-f5e9b8722dc8) transitioned into state 'SUCCESS' from state 'RUNNING' with result '{'reservations': ['de6fba7d-854b-48e1-adb7-0c05436bd457', '5873a47c-2718-467a-bad6-6653223e6431', '71d9cd43-3054-4f27-a717-92c261d09387', '86644fad-7977-4ade-8eba-8786460ef373']}' {{(pid=108689) _task_receiver /usr/local/lib/python3.8/dist-packages/taskflow/listeners/logging.py:178}}
Nov 11 17:09:11.499061 dv-cinder-694140-2-smb devstack@c-api.service[108689]: DEBUG cinder.volume.api [None req-4bee9bbc-c5dd-4b60-a0c0-9808942081a9 tempest-VolumesDeleteCascade-1336959146 tempest-VolumesDeleteCascade-1336959146-project] Task 'cinder.volume.flows.api.create_volume.EntryCreateTask;volume:create' (f0f41559-ff86-4af1-882f-8b14a23c115c) transitioned into state 'RUNNING' from state 'PENDING' {{(pid=108689) _task_receiver /usr/local/lib/python3.8/dist-packages/taskflow/listeners/logging.py:190}}
Nov 11 17:09:11.527037 dv-cinder-694140-2-smb devstack@c-api.service[108689]: DEBUG cinder.volume.api [None req-4bee9bbc-c5dd-4b60-a0c0-9808942081a9 tempest-VolumesDeleteCascade-1336959146 tempest-VolumesDeleteCascade-1336959146-project] Task 'cinder.volume.flows.api.create_volume.EntryCreateTask;volume:create' (f0f41559-ff86-4af1-882f-8b14a23c115c) transitioned into state 'SUCCESS' from state 'RUNNING' with result '{'volume_id': '387c9686-a47a-4879-a82d-156f62752f08', 'volume_properties': VolumeProperties(attach_status='detached',availability_zone='nova',cgsnapshot_id=None,consistencygroup_id=None,display_description=None,display_name='tempest-VolumesDeleteCascade-Volume-1464505195',encryption_key_id=None,group_id=None,group_type_id=,metadata={},multiattach=False,project_id='8ed5e76024234f089d887c389e672e39',qos_specs=None,replication_status=,reservations=['de6fba7d-854b-48e1-adb7-0c05436bd457','5873a47c-2718-467a-bad6-6653223e6431','71d9cd43-3054-4f27-a717-92c261d09387','86644fad-7977-4ade-8eba-8786460ef373'],size=1,snapshot_id=None,source_replicaid=,source_volid=None,status='creating',user_id='b20fe03460ca496db478f95eeae2caa2',volume_type_id=d94533f4-0777-45ef-b058-991dfbb0e42e), 'volume': Volume(_name_id=None,admin_metadata=,attach_status='detached',availability_zone='nova',bootable=False,cluster=,cluster_name=None,consistencygroup=,consistencygroup_id=None,created_at=2021-11-11T17:09:11Z,deleted=False,deleted_at=None,display_description=None,display_name='tempest-VolumesDeleteCascade-Volume-1464505195',ec2_id=None,encryption_key_id=None,glance_metadata=,group=,group_id=None,host=None,id=387c9686-a47a-4879-a82d-156f62752f08,launched_at=None,metadata={},migration_status=None,multiattach=False,previous_status=None,project_id='8ed5e76024234f089d887c389e672e39',provider_auth=None,provider_geometry=None,provider_id=None,provider_location=None,replication_driver_data=None,replication_extended_status=None,replication_status=None,scheduled_at=None,service_uuid=None,shared_targets=True,size=1,snapshot_id=None,snapshots=,source_volid=None,status='creating',terminated_at=None,updated_at=None,use_quota=True,user_id='b20fe03460ca496db478f95eeae2caa2',volume_attachment=VolumeAttachmentList,volume_type=VolumeType(d94533f4-0777-45ef-b058-991dfbb0e42e),volume_type_id=d94533f4-0777-45ef-b058-991dfbb0e42e)}' {{(pid=108689) _task_receiver /usr/local/lib/python3.8/dist-packages/taskflow/listeners/logging.py:178}}
Nov 11 17:09:11.529102 dv-cinder-694140-2-smb devstack@c-api.service[108689]: DEBUG cinder.volume.api [None req-4bee9bbc-c5dd-4b60-a0c0-9808942081a9 tempest-VolumesDeleteCascade-1336959146 tempest-VolumesDeleteCascade-1336959146-project] Task 'cinder.volume.flows.api.create_volume.QuotaCommitTask;volume:create' (f2a35f41-9763-4d2d-802f-dd995e35d114) transitioned into state 'RUNNING' from state 'PENDING' {{(pid=108689) _task_receiver /usr/local/lib/python3.8/dist-packages/taskflow/listeners/logging.py:190}}
Nov 11 17:09:11.568759 dv-cinder-694140-2-smb devstack@c-api.service[108689]: DEBUG cinder.volume.api [None req-4bee9bbc-c5dd-4b60-a0c0-9808942081a9 tempest-VolumesDeleteCascade-1336959146 tempest-VolumesDeleteCascade-1336959146-project] Task 'cinder.volume.flows.api.create_volume.QuotaCommitTask;volume:create' (f2a35f41-9763-4d2d-802f-dd995e35d114) transitioned into state 'SUCCESS' from state 'RUNNING' with result '{'volume_properties': VolumeProperties(attach_status='detached',availability_zone='nova',cgsnapshot_id=None,consistencygroup_id=None,display_description=None,display_name='tempest-VolumesDeleteCascade-Volume-1464505195',encryption_key_id=None,group_id=None,group_type_id=,metadata={},multiattach=False,project_id='8ed5e76024234f089d887c389e672e39',qos_specs=None,replication_status=,reservations=['de6fba7d-854b-48e1-adb7-0c05436bd457','5873a47c-2718-467a-bad6-6653223e6431','71d9cd43-3054-4f27-a717-92c261d09387','86644fad-7977-4ade-8eba-8786460ef373'],size=1,snapshot_id=None,source_replicaid=,source_volid=None,status='creating',user_id='b20fe03460ca496db478f95eeae2caa2',volume_type_id=d94533f4-0777-45ef-b058-991dfbb0e42e)}' {{(pid=108689) _task_receiver /usr/local/lib/python3.8/dist-packages/taskflow/listeners/logging.py:178}}
Nov 11 17:09:11.573321 dv-cinder-694140-2-smb devstack@c-api.service[108689]: DEBUG cinder.volume.api [None req-4bee9bbc-c5dd-4b60-a0c0-9808942081a9 tempest-VolumesDeleteCascade-1336959146 tempest-VolumesDeleteCascade-1336959146-project] Task 'cinder.volume.flows.api.create_volume.VolumeCastTask;volume:create' (ba949e22-3f18-4255-8c6d-29199de94137) transitioned into state 'RUNNING' from state 'PENDING' {{(pid=108689) _task_receiver /usr/local/lib/python3.8/dist-packages/taskflow/listeners/logging.py:190}}
Nov 11 17:09:11.574539 dv-cinder-694140-2-smb devstack@c-api.service[108688]: DEBUG cinder.coordination [req-edc2772c-830e-420f-b4e3-806d28f57632 req-21eb9a65-04a0-43f0-a845-94cfdd4cb1f6 tempest-DeleteServersTestJSON-1799579292 tempest-DeleteServersTestJSON-1799579292-project] Lock "b'cinder-attachment_update-92e669d1-d49a-4102-a0e7-19e2834cbc7e-hv-cinder-69414'" released by "attachment_update" :: held 0.205s {{(pid=108688) _synchronized /opt/stack/cinder/cinder/coordination.py:198}}
Nov 11 17:09:11.575079 dv-cinder-694140-2-smb devstack@c-api.service[108688]: INFO cinder.api.openstack.wsgi [req-edc2772c-830e-420f-b4e3-806d28f57632 req-21eb9a65-04a0-43f0-a845-94cfdd4cb1f6 tempest-DeleteServersTestJSON-1799579292 tempest-DeleteServersTestJSON-1799579292-project] http://10.222.0.73/volume/v3/0b887dea1b7b4cf5a1f7571c177ebf88/attachments/abac50be-5425-4ea3-8c06-59e373fdd49a returned with HTTP 200
Nov 11 17:09:11.576586 dv-cinder-694140-2-smb devstack@c-api.service[108688]: [pid: 108688|app: 0|req: 130/251] 10.222.0.43 () {64 vars in 1477 bytes} [Thu Nov 11 17:09:11 2021] PUT /volume/v3/0b887dea1b7b4cf5a1f7571c177ebf88/attachments/abac50be-5425-4ea3-8c06-59e373fdd49a => generated 652 bytes in 237 msecs (HTTP/1.1 200) 7 headers in 286 bytes (2 switches on core 0)
Nov 11 17:09:11.595381 dv-cinder-694140-2-smb devstack@c-api.service[108689]: DEBUG cinder.volume.api [None req-4bee9bbc-c5dd-4b60-a0c0-9808942081a9 tempest-VolumesDeleteCascade-1336959146 tempest-VolumesDeleteCascade-1336959146-project] Task 'cinder.volume.flows.api.create_volume.VolumeCastTask;volume:create' (ba949e22-3f18-4255-8c6d-29199de94137) transitioned into state 'SUCCESS' from state 'RUNNING' with result 'None' {{(pid=108689) _task_receiver /usr/local/lib/python3.8/dist-packages/taskflow/listeners/logging.py:178}}
Nov 11 17:09:11.598814 dv-cinder-694140-2-smb devstack@c-api.service[108689]: DEBUG cinder.volume.api [None req-4bee9bbc-c5dd-4b60-a0c0-9808942081a9 tempest-VolumesDeleteCascade-1336959146 tempest-VolumesDeleteCascade-1336959146-project] Flow 'volume_create_api' (873b6583-5b73-4ba2-92b3-6cdaf4000ab8) transitioned into state 'SUCCESS' from state 'RUNNING' {{(pid=108689) _flow_receiver /usr/local/lib/python3.8/dist-packages/taskflow/listeners/logging.py:141}}
Nov 11 17:09:11.599507 dv-cinder-694140-2-smb devstack@c-api.service[108689]: INFO cinder.volume.api [None req-4bee9bbc-c5dd-4b60-a0c0-9808942081a9 tempest-VolumesDeleteCascade-1336959146 tempest-VolumesDeleteCascade-1336959146-project] Create volume request issued successfully.
Nov 11 17:09:11.600923 dv-cinder-694140-2-smb devstack@c-api.service[108689]: INFO cinder.api.openstack.wsgi [None req-4bee9bbc-c5dd-4b60-a0c0-9808942081a9 tempest-VolumesDeleteCascade-1336959146 tempest-VolumesDeleteCascade-1336959146-project] http://10.222.0.73/volume/v3/8ed5e76024234f089d887c389e672e39/volumes returned with HTTP 202
Nov 11 17:09:11.602109 dv-cinder-694140-2-smb devstack@c-api.service[108689]: [pid: 108689|app: 0|req: 122/252] 10.222.0.73 () {60 vars in 1234 bytes} [Thu Nov 11 17:09:11 2021] POST /volume/v3/8ed5e76024234f089d887c389e672e39/volumes => generated 820 bytes in 390 msecs (HTTP/1.1 202) 7 headers in 291 bytes (2 switches on core 0)
Nov 11 17:09:11.619704 dv-cinder-694140-2-smb devstack@c-api.service[108688]: INFO cinder.api.openstack.wsgi [None req-b2c58312-e62d-482d-a0d6-bf3f29b77916 tempest-VolumesDeleteCascade-1336959146 tempest-VolumesDeleteCascade-1336959146-project] GET http://10.222.0.73/volume/v3/8ed5e76024234f089d887c389e672e39/volumes/387c9686-a47a-4879-a82d-156f62752f08
Nov 11 17:09:11.620533 dv-cinder-694140-2-smb devstack@c-api.service[108688]: DEBUG cinder.api.openstack.wsgi [None req-b2c58312-e62d-482d-a0d6-bf3f29b77916 tempest-VolumesDeleteCascade-1336959146 tempest-VolumesDeleteCascade-1336959146-project] Empty body provided in request {{(pid=108688) get_body /opt/stack/cinder/cinder/api/openstack/wsgi.py:703}}
Nov 11 17:09:11.620705 dv-cinder-694140-2-smb devstack@c-api.service[108688]: /usr/local/lib/python3.8/dist-packages/webob/acceptparse.py:1047: DeprecationWarning: The behavior of AcceptValidHeader.best_match is currently being maintained for backward compatibility, but it will be deprecated in the future, as it does not conform to the RFC.
Nov 11 17:09:11.620705 dv-cinder-694140-2-smb devstack@c-api.service[108688]: warnings.warn(
Nov 11 17:09:11.621684 dv-cinder-694140-2-smb devstack@c-api.service[108688]: DEBUG cinder.api.openstack.wsgi [None req-b2c58312-e62d-482d-a0d6-bf3f29b77916 tempest-VolumesDeleteCascade-1336959146 tempest-VolumesDeleteCascade-1336959146-project] Calling method 'show' {{(pid=108688) _process_stack /opt/stack/cinder/cinder/api/openstack/wsgi.py:856}}
Nov 11 17:09:11.623605 dv-cinder-694140-2-smb devstack@c-api.service[108689]: INFO cinder.api.openstack.wsgi [None req-0f04b913-6f3e-4476-9a4d-ecd74914bea2 tempest-VolumeManageAdminTest-19733546 tempest-VolumeManageAdminTest-19733546-project-admin] GET http://10.222.0.73/volume/v3/daf3ef9fdece43e78755f240a4917251/volumes/d795af6f-f120-4655-99a4-c05adf46991f
Nov 11 17:09:11.624055 dv-cinder-694140-2-smb devstack@c-api.service[108689]: DEBUG cinder.api.openstack.wsgi [None req-0f04b913-6f3e-4476-9a4d-ecd74914bea2 tempest-VolumeManageAdminTest-19733546 tempest-VolumeManageAdminTest-19733546-project-admin] Empty body provided in request {{(pid=108689) get_body /opt/stack/cinder/cinder/api/openstack/wsgi.py:703}}
Nov 11 17:09:11.624223 dv-cinder-694140-2-smb devstack@c-api.service[108689]: /usr/local/lib/python3.8/dist-packages/webob/acceptparse.py:1047: DeprecationWarning: The behavior of AcceptValidHeader.best_match is currently being maintained for backward compatibility, but it will be deprecated in the future, as it does not conform to the RFC.
Nov 11 17:09:11.624223 dv-cinder-694140-2-smb devstack@c-api.service[108689]: warnings.warn(
Nov 11 17:09:11.624541 dv-cinder-694140-2-smb devstack@c-api.service[108689]: DEBUG cinder.api.openstack.wsgi [None req-0f04b913-6f3e-4476-9a4d-ecd74914bea2 tempest-VolumeManageAdminTest-19733546 tempest-VolumeManageAdminTest-19733546-project-admin] Calling method 'show' {{(pid=108689) _process_stack /opt/stack/cinder/cinder/api/openstack/wsgi.py:856}}
Nov 11 17:09:11.644527 dv-cinder-694140-2-smb devstack@c-api.service[108689]: INFO cinder.api.openstack.wsgi [None req-0f04b913-6f3e-4476-9a4d-ecd74914bea2 tempest-VolumeManageAdminTest-19733546 tempest-VolumeManageAdminTest-19733546-project-admin] http://10.222.0.73/volume/v3/daf3ef9fdece43e78755f240a4917251/volumes/d795af6f-f120-4655-99a4-c05adf46991f returned with HTTP 404
Nov 11 17:09:11.645852 dv-cinder-694140-2-smb devstack@c-api.service[108689]: [pid: 108689|app: 0|req: 123/253] 10.222.0.73 () {58 vars in 1324 bytes} [Thu Nov 11 17:09:11 2021] GET /volume/v3/daf3ef9fdece43e78755f240a4917251/volumes/d795af6f-f120-4655-99a4-c05adf46991f => generated 109 bytes in 27 msecs (HTTP/1.1 404) 7 headers in 292 bytes (1 switches on core 0)
Nov 11 17:09:11.647181 dv-cinder-694140-2-smb devstack@c-api.service[108688]: /usr/local/lib/python3.8/dist-packages/oslo_context/context.py:105: DeprecationWarning: Policy enforcement is depending on the value of is_admin. This key is deprecated. Please update your policy file to use the standard policy values.
Nov 11 17:09:11.647181 dv-cinder-694140-2-smb devstack@c-api.service[108688]: warnings.warn('Policy enforcement is depending on the value of '
Nov 11 17:09:11.654886 dv-cinder-694140-2-smb devstack@c-api.service[108689]: INFO cinder.api.openstack.wsgi [None req-9923b934-1d3d-4ecd-a9c3-765290eab2d5 tempest-VolumeManageAdminTest-19733546 tempest-VolumeManageAdminTest-19733546-project-admin] GET http://10.222.0.73/volume/v3/daf3ef9fdece43e78755f240a4917251/volumes/detail?all_tenants=1
Nov 11 17:09:11.655351 dv-cinder-694140-2-smb devstack@c-api.service[108689]: DEBUG cinder.api.openstack.wsgi [None req-9923b934-1d3d-4ecd-a9c3-765290eab2d5 tempest-VolumeManageAdminTest-19733546 tempest-VolumeManageAdminTest-19733546-project-admin] Empty body provided in request {{(pid=108689) get_body /opt/stack/cinder/cinder/api/openstack/wsgi.py:703}}
Nov 11 17:09:11.656200 dv-cinder-694140-2-smb devstack@c-api.service[108689]: DEBUG cinder.api.openstack.wsgi [None req-9923b934-1d3d-4ecd-a9c3-765290eab2d5 tempest-VolumeManageAdminTest-19733546 tempest-VolumeManageAdminTest-19733546-project-admin] Calling method 'detail' {{(pid=108689) _process_stack /opt/stack/cinder/cinder/api/openstack/wsgi.py:856}}
Nov 11 17:09:11.657792 dv-cinder-694140-2-smb devstack@c-api.service[108689]: /usr/local/lib/python3.8/dist-packages/oslo_context/context.py:105: DeprecationWarning: Policy enforcement is depending on the value of is_admin. This key is deprecated. Please update your policy file to use the standard policy values.
Nov 11 17:09:11.657792 dv-cinder-694140-2-smb devstack@c-api.service[108689]: warnings.warn('Policy enforcement is depending on the value of '
Nov 11 17:09:11.658731 dv-cinder-694140-2-smb devstack@c-api.service[108689]: DEBUG cinder.volume.api [None req-9923b934-1d3d-4ecd-a9c3-765290eab2d5 tempest-VolumeManageAdminTest-19733546 tempest-VolumeManageAdminTest-19733546-project-admin] Searching by: MultiDict([('all_tenants', 1)]). {{(pid=108689) get_all /opt/stack/cinder/cinder/volume/api.py:619}}
Nov 11 17:09:11.664487 dv-cinder-694140-2-smb devstack@c-api.service[108688]: INFO cinder.volume.api [None req-b2c58312-e62d-482d-a0d6-bf3f29b77916 tempest-VolumesDeleteCascade-1336959146 tempest-VolumesDeleteCascade-1336959146-project] Volume info retrieved successfully.
Nov 11 17:09:11.686653 dv-cinder-694140-2-smb devstack@c-api.service[108688]: INFO cinder.api.openstack.wsgi [None req-b2c58312-e62d-482d-a0d6-bf3f29b77916 tempest-VolumesDeleteCascade-1336959146 tempest-VolumesDeleteCascade-1336959146-project] http://10.222.0.73/volume/v3/8ed5e76024234f089d887c389e672e39/volumes/387c9686-a47a-4879-a82d-156f62752f08 returned with HTTP 200
Nov 11 17:09:11.696915 dv-cinder-694140-2-smb devstack@c-api.service[108688]: [pid: 108688|app: 0|req: 131/254] 10.222.0.73 () {58 vars in 1324 bytes} [Thu Nov 11 17:09:11 2021] GET /volume/v3/8ed5e76024234f089d887c389e672e39/volumes/387c9686-a47a-4879-a82d-156f62752f08 => generated 888 bytes in 77 msecs (HTTP/1.1 200) 7 headers in 285 bytes (1 switches on core 0)
Nov 11 17:09:11.727169 dv-cinder-694140-2-smb devstack@c-api.service[108689]: INFO cinder.volume.api [None req-9923b934-1d3d-4ecd-a9c3-765290eab2d5 tempest-VolumeManageAdminTest-19733546 tempest-VolumeManageAdminTest-19733546-project-admin] Get all volumes completed successfully.
Nov 11 17:09:11.729549 dv-cinder-694140-2-smb devstack@c-api.service[108689]: /usr/local/lib/python3.8/dist-packages/oslo_context/context.py:105: DeprecationWarning: Policy enforcement is depending on the value of is_admin. This key is deprecated. Please update your policy file to use the standard policy values.
Nov 11 17:09:11.729549 dv-cinder-694140-2-smb devstack@c-api.service[108689]: warnings.warn('Policy enforcement is depending on the value of '
Nov 11 17:09:11.736662 dv-cinder-694140-2-smb devstack@c-api.service[108689]: INFO cinder.api.openstack.wsgi [None req-9923b934-1d3d-4ecd-a9c3-765290eab2d5 tempest-VolumeManageAdminTest-19733546 tempest-VolumeManageAdminTest-19733546-project-admin] http://10.222.0.73/volume/v3/daf3ef9fdece43e78755f240a4917251/volumes/detail?all_tenants=1 returned with HTTP 200
Nov 11 17:09:11.737428 dv-cinder-694140-2-smb devstack@c-api.service[108689]: [pid: 108689|app: 0|req: 124/255] 10.222.0.73 () {58 vars in 1261 bytes} [Thu Nov 11 17:09:11 2021] GET /volume/v3/daf3ef9fdece43e78755f240a4917251/volumes/detail?all_tenants=1 => generated 3166 bytes in 88 msecs (HTTP/1.1 200) 7 headers in 286 bytes (1 switches on core 0)
Nov 11 17:09:11.755035 dv-cinder-694140-2-smb devstack@c-api.service[108688]: INFO cinder.api.openstack.wsgi [None req-4e0289c2-ff7e-46e8-86bb-25ecf738d0b3 tempest-VolumeManageAdminTest-19733546 tempest-VolumeManageAdminTest-19733546-project-admin] POST http://10.222.0.73/volume/v3/daf3ef9fdece43e78755f240a4917251/os-volume-manage
Nov 11 17:09:11.755438 dv-cinder-694140-2-smb devstack@c-api.service[108688]: /usr/local/lib/python3.8/dist-packages/webob/acceptparse.py:1047: DeprecationWarning: The behavior of AcceptValidHeader.best_match is currently being maintained for backward compatibility, but it will be deprecated in the future, as it does not conform to the RFC.
Nov 11 17:09:11.755438 dv-cinder-694140-2-smb devstack@c-api.service[108688]: warnings.warn(
Nov 11 17:09:11.755806 dv-cinder-694140-2-smb devstack@c-api.service[108688]: DEBUG cinder.api.openstack.wsgi [None req-4e0289c2-ff7e-46e8-86bb-25ecf738d0b3 tempest-VolumeManageAdminTest-19733546 tempest-VolumeManageAdminTest-19733546-project-admin] Action: 'create', calling method: create, body: {"volume": {"name": "tempest-VolumeManageAdminTest-volume-1633107577", "host": "hv-cinder-69414@wincnd#smbshare", "ref": {"source-name": "//127.0.0.1/smbshare/volume-d795af6f-f120-4655-99a4-c05adf46991f.vhdx"}, "volume_type": "__DEFAULT__", "availability_zone": "nova"}} {{(pid=108688) _process_stack /opt/stack/cinder/cinder/api/openstack/wsgi.py:854}}
Nov 11 17:09:11.758123 dv-cinder-694140-2-smb devstack@c-api.service[108688]: DEBUG cinder.api.contrib.volume_manage [None req-4e0289c2-ff7e-46e8-86bb-25ecf738d0b3 tempest-VolumeManageAdminTest-19733546 tempest-VolumeManageAdminTest-19733546-project-admin] Manage volume request body: {'volume': {'name': 'tempest-VolumeManageAdminTest-volume-1633107577', 'host': 'hv-cinder-69414@wincnd#smbshare', 'ref': {'source-name': '//127.0.0.1/smbshare/volume-d795af6f-f120-4655-99a4-c05adf46991f.vhdx'}, 'volume_type': '__DEFAULT__', 'availability_zone': 'nova'}} {{(pid=108688) create /opt/stack/cinder/cinder/api/contrib/volume_manage.py:113}}
Nov 11 17:09:11.783987 dv-cinder-694140-2-smb devstack@c-api.service[108688]: DEBUG cinder.volume.api [None req-4e0289c2-ff7e-46e8-86bb-25ecf738d0b3 tempest-VolumeManageAdminTest-19733546 tempest-VolumeManageAdminTest-19733546-project-admin] Flow 'volume_manage_existing_api' (e15adebc-2ac3-4b6f-8da8-f75350f66949) transitioned into state 'RUNNING' from state 'PENDING' {{(pid=108688) _flow_receiver /usr/local/lib/python3.8/dist-packages/taskflow/listeners/logging.py:141}}
Nov 11 17:09:11.786501 dv-cinder-694140-2-smb devstack@c-api.service[108688]: DEBUG cinder.volume.api [None req-4e0289c2-ff7e-46e8-86bb-25ecf738d0b3 tempest-VolumeManageAdminTest-19733546 tempest-VolumeManageAdminTest-19733546-project-admin] Task 'cinder.volume.flows.api.create_volume.QuotaReserveTask;volume:create' (1302e9a5-b44c-4f74-9236-21df90c377fb) transitioned into state 'RUNNING' from state 'PENDING' {{(pid=108688) _task_receiver /usr/local/lib/python3.8/dist-packages/taskflow/listeners/logging.py:190}}
Nov 11 17:09:11.888023 dv-cinder-694140-2-smb devstack@c-api.service[108688]: DEBUG cinder.quota [None req-4e0289c2-ff7e-46e8-86bb-25ecf738d0b3 tempest-VolumeManageAdminTest-19733546 tempest-VolumeManageAdminTest-19733546-project-admin] Created reservations ['7cd85f55-b477-4395-bb5a-90664eaf0ab7', 'dee90910-abda-4e16-9275-a7d7768c8ac5', '82592bf2-066d-436a-8e79-f5953494e489', 'b5d2a413-8a51-462c-a328-88fef89bd717'] {{(pid=108688) reserve /opt/stack/cinder/cinder/quota.py:755}}
Nov 11 17:09:11.891285 dv-cinder-694140-2-smb devstack@c-api.service[108688]: DEBUG cinder.volume.api [None req-4e0289c2-ff7e-46e8-86bb-25ecf738d0b3 tempest-VolumeManageAdminTest-19733546 tempest-VolumeManageAdminTest-19733546-project-admin] Task 'cinder.volume.flows.api.create_volume.QuotaReserveTask;volume:create' (1302e9a5-b44c-4f74-9236-21df90c377fb) transitioned into state 'SUCCESS' from state 'RUNNING' with result '{'reservations': ['7cd85f55-b477-4395-bb5a-90664eaf0ab7', 'dee90910-abda-4e16-9275-a7d7768c8ac5', '82592bf2-066d-436a-8e79-f5953494e489', 'b5d2a413-8a51-462c-a328-88fef89bd717']}' {{(pid=108688) _task_receiver /usr/local/lib/python3.8/dist-packages/taskflow/listeners/logging.py:178}}
Nov 11 17:09:11.894513 dv-cinder-694140-2-smb devstack@c-api.service[108688]: DEBUG cinder.volume.api [None req-4e0289c2-ff7e-46e8-86bb-25ecf738d0b3 tempest-VolumeManageAdminTest-19733546 tempest-VolumeManageAdminTest-19733546-project-admin] Task 'cinder.volume.flows.api.manage_existing.EntryCreateTask;volume:manage_existing' (8f1e99d7-45f9-4da9-9930-7cab08939464) transitioned into state 'RUNNING' from state 'PENDING' {{(pid=108688) _task_receiver /usr/local/lib/python3.8/dist-packages/taskflow/listeners/logging.py:190}}
Nov 11 17:09:11.933946 dv-cinder-694140-2-smb devstack@c-api.service[108688]: DEBUG cinder.volume.api [None req-4e0289c2-ff7e-46e8-86bb-25ecf738d0b3 tempest-VolumeManageAdminTest-19733546 tempest-VolumeManageAdminTest-19733546-project-admin] Task 'cinder.volume.flows.api.manage_existing.EntryCreateTask;volume:manage_existing' (8f1e99d7-45f9-4da9-9930-7cab08939464) transitioned into state 'SUCCESS' from state 'RUNNING' with result '{'volume_properties': {'size': 0, 'user_id': '86433d929bbe4f12bbad712caf7b25d8', 'project_id': 'daf3ef9fdece43e78755f240a4917251', 'status': 'managing', 'attach_status': 'detached', 'display_description': None, 'display_name': 'tempest-VolumeManageAdminTest-volume-1633107577', 'host': 'hv-cinder-69414@wincnd#smbshare', 'cluster_name': None, 'availability_zone': 'nova', 'volume_type_id': 'd94533f4-0777-45ef-b058-991dfbb0e42e', 'metadata': {}, 'bootable': False, 'multiattach': False}, 'volume': Volume(_name_id=None,admin_metadata={},attach_status='detached',availability_zone='nova',bootable=False,cluster=,cluster_name=None,consistencygroup=,consistencygroup_id=None,created_at=2021-11-11T17:09:11Z,deleted=False,deleted_at=None,display_description=None,display_name='tempest-VolumeManageAdminTest-volume-1633107577',ec2_id=None,encryption_key_id=None,glance_metadata=,group=,group_id=None,host='hv-cinder-69414@wincnd#smbshare',id=19385bfd-2399-47a8-a88d-3f31103a93dc,launched_at=None,metadata={},migration_status=None,multiattach=False,previous_status=None,project_id='daf3ef9fdece43e78755f240a4917251',provider_auth=None,provider_geometry=None,provider_id=None,provider_location=None,replication_driver_data=None,replication_extended_status=None,replication_status=None,scheduled_at=None,service_uuid=None,shared_targets=True,size=0,snapshot_id=None,snapshots=,source_volid=None,status='managing',terminated_at=None,updated_at=None,use_quota=True,user_id='86433d929bbe4f12bbad712caf7b25d8',volume_attachment=VolumeAttachmentList,volume_type=VolumeType(d94533f4-0777-45ef-b058-991dfbb0e42e),volume_type_id=d94533f4-0777-45ef-b058-991dfbb0e42e)}' {{(pid=108688) _task_receiver /usr/local/lib/python3.8/dist-packages/taskflow/listeners/logging.py:178}}
Nov 11 17:09:11.937145 dv-cinder-694140-2-smb devstack@c-api.service[108688]: DEBUG cinder.volume.api [None req-4e0289c2-ff7e-46e8-86bb-25ecf738d0b3 tempest-VolumeManageAdminTest-19733546 tempest-VolumeManageAdminTest-19733546-project-admin] Task 'cinder.volume.flows.api.create_volume.QuotaCommitTask;volume:create' (bd686f3e-db57-4b43-93a3-0070a4e75e19) transitioned into state 'RUNNING' from state 'PENDING' {{(pid=108688) _task_receiver /usr/local/lib/python3.8/dist-packages/taskflow/listeners/logging.py:190}}
Nov 11 17:09:11.971549 dv-cinder-694140-2-smb devstack@c-api.service[108688]: DEBUG cinder.volume.api [None req-4e0289c2-ff7e-46e8-86bb-25ecf738d0b3 tempest-VolumeManageAdminTest-19733546 tempest-VolumeManageAdminTest-19733546-project-admin] Task 'cinder.volume.flows.api.create_volume.QuotaCommitTask;volume:create' (bd686f3e-db57-4b43-93a3-0070a4e75e19) transitioned into state 'SUCCESS' from state 'RUNNING' with result '{'volume_properties': {'size': 0, 'user_id': '86433d929bbe4f12bbad712caf7b25d8', 'project_id': 'daf3ef9fdece43e78755f240a4917251', 'status': 'managing', 'attach_status': 'detached', 'display_description': None, 'display_name': 'tempest-VolumeManageAdminTest-volume-1633107577', 'host': 'hv-cinder-69414@wincnd#smbshare', 'cluster_name': None, 'availability_zone': 'nova', 'volume_type_id': 'd94533f4-0777-45ef-b058-991dfbb0e42e', 'metadata': {}, 'bootable': False, 'multiattach': False}}' {{(pid=108688) _task_receiver /usr/local/lib/python3.8/dist-packages/taskflow/listeners/logging.py:178}}
Nov 11 17:09:11.972392 dv-cinder-694140-2-smb devstack@c-api.service[108689]: INFO cinder.api.openstack.wsgi [None req-7bb037f1-5f57-4628-88ca-5514034babc3 tempest-SnapshotsActionsTest-1181539808 tempest-SnapshotsActionsTest-1181539808-project] GET http://10.222.0.73/volume/v3/ee908d61e39b442ea31ec9e3e16529aa/snapshots/096d721c-c24f-4b52-9c87-c48d5aa33509
Nov 11 17:09:11.973010 dv-cinder-694140-2-smb devstack@c-api.service[108689]: DEBUG cinder.api.openstack.wsgi [None req-7bb037f1-5f57-4628-88ca-5514034babc3 tempest-SnapshotsActionsTest-1181539808 tempest-SnapshotsActionsTest-1181539808-project] Empty body provided in request {{(pid=108689) get_body /opt/stack/cinder/cinder/api/openstack/wsgi.py:703}}
Nov 11 17:09:11.973243 dv-cinder-694140-2-smb devstack@c-api.service[108689]: /usr/local/lib/python3.8/dist-packages/webob/acceptparse.py:1047: DeprecationWarning: The behavior of AcceptValidHeader.best_match is currently being maintained for backward compatibility, but it will be deprecated in the future, as it does not conform to the RFC.
Nov 11 17:09:11.973243 dv-cinder-694140-2-smb devstack@c-api.service[108689]: warnings.warn(
Nov 11 17:09:11.973720 dv-cinder-694140-2-smb devstack@c-api.service[108689]: DEBUG cinder.api.openstack.wsgi [None req-7bb037f1-5f57-4628-88ca-5514034babc3 tempest-SnapshotsActionsTest-1181539808 tempest-SnapshotsActionsTest-1181539808-project] Calling method 'show' {{(pid=108689) _process_stack /opt/stack/cinder/cinder/api/openstack/wsgi.py:856}}
Nov 11 17:09:11.974045 dv-cinder-694140-2-smb devstack@c-api.service[108688]: DEBUG cinder.volume.api [None req-4e0289c2-ff7e-46e8-86bb-25ecf738d0b3 tempest-VolumeManageAdminTest-19733546 tempest-VolumeManageAdminTest-19733546-project-admin] Task 'cinder.volume.flows.api.manage_existing.ManageCastTask;volume:manage_existing' (5fce7d01-b877-4b73-98a9-65cb5a33a93c) transitioned into state 'RUNNING' from state 'PENDING' {{(pid=108688) _task_receiver /usr/local/lib/python3.8/dist-packages/taskflow/listeners/logging.py:190}}
Nov 11 17:09:11.985670 dv-cinder-694140-2-smb devstack@c-api.service[108689]: /usr/local/lib/python3.8/dist-packages/oslo_context/context.py:105: DeprecationWarning: Policy enforcement is depending on the value of is_admin. This key is deprecated. Please update your policy file to use the standard policy values.
Nov 11 17:09:11.985670 dv-cinder-694140-2-smb devstack@c-api.service[108689]: warnings.warn('Policy enforcement is depending on the value of '
Nov 11 17:09:11.986837 dv-cinder-694140-2-smb devstack@c-api.service[108689]: INFO cinder.volume.api [None req-7bb037f1-5f57-4628-88ca-5514034babc3 tempest-SnapshotsActionsTest-1181539808 tempest-SnapshotsActionsTest-1181539808-project] Snapshot retrieved successfully.
Nov 11 17:09:11.988980 dv-cinder-694140-2-smb devstack@c-api.service[108689]: INFO cinder.api.openstack.wsgi [None req-7bb037f1-5f57-4628-88ca-5514034babc3 tempest-SnapshotsActionsTest-1181539808 tempest-SnapshotsActionsTest-1181539808-project] http://10.222.0.73/volume/v3/ee908d61e39b442ea31ec9e3e16529aa/snapshots/096d721c-c24f-4b52-9c87-c48d5aa33509 returned with HTTP 200
Nov 11 17:09:11.989786 dv-cinder-694140-2-smb devstack@c-api.service[108689]: [pid: 108689|app: 0|req: 125/256] 10.222.0.73 () {58 vars in 1330 bytes} [Thu Nov 11 17:09:11 2021] GET /volume/v3/ee908d61e39b442ea31ec9e3e16529aa/snapshots/096d721c-c24f-4b52-9c87-c48d5aa33509 => generated 568 bytes in 23 msecs (HTTP/1.1 200) 7 headers in 285 bytes (2 switches on core 0)
Nov 11 17:09:11.991162 dv-cinder-694140-2-smb devstack@c-api.service[108688]: DEBUG cinder.volume.api [None req-4e0289c2-ff7e-46e8-86bb-25ecf738d0b3 tempest-VolumeManageAdminTest-19733546 tempest-VolumeManageAdminTest-19733546-project-admin] Task 'cinder.volume.flows.api.manage_existing.ManageCastTask;volume:manage_existing' (5fce7d01-b877-4b73-98a9-65cb5a33a93c) transitioned into state 'SUCCESS' from state 'RUNNING' with result 'None' {{(pid=108688) _task_receiver /usr/local/lib/python3.8/dist-packages/taskflow/listeners/logging.py:178}}
Nov 11 17:09:11.993572 dv-cinder-694140-2-smb devstack@c-api.service[108688]: DEBUG cinder.volume.api [None req-4e0289c2-ff7e-46e8-86bb-25ecf738d0b3 tempest-VolumeManageAdminTest-19733546 tempest-VolumeManageAdminTest-19733546-project-admin] Flow 'volume_manage_existing_api' (e15adebc-2ac3-4b6f-8da8-f75350f66949) transitioned into state 'SUCCESS' from state 'RUNNING' {{(pid=108688) _flow_receiver /usr/local/lib/python3.8/dist-packages/taskflow/listeners/logging.py:141}}
Nov 11 17:09:11.994431 dv-cinder-694140-2-smb devstack@c-api.service[108688]: INFO cinder.volume.api [None req-4e0289c2-ff7e-46e8-86bb-25ecf738d0b3 tempest-VolumeManageAdminTest-19733546 tempest-VolumeManageAdminTest-19733546-project-admin] Manage volume request issued successfully.
Nov 11 17:09:11.995552 dv-cinder-694140-2-smb devstack@c-api.service[108688]: INFO cinder.api.openstack.wsgi [None req-4e0289c2-ff7e-46e8-86bb-25ecf738d0b3 tempest-VolumeManageAdminTest-19733546 tempest-VolumeManageAdminTest-19733546-project-admin] http://10.222.0.73/volume/v3/daf3ef9fdece43e78755f240a4917251/os-volume-manage returned with HTTP 202
Nov 11 17:09:12.000400 dv-cinder-694140-2-smb devstack@c-api.service[108688]: [pid: 108688|app: 0|req: 132/257] 10.222.0.73 () {60 vars in 1262 bytes} [Thu Nov 11 17:09:11 2021] POST /volume/v3/daf3ef9fdece43e78755f240a4917251/os-volume-manage => generated 847 bytes in 251 msecs (HTTP/1.1 202) 7 headers in 291 bytes (1 switches on core 0)
Nov 11 17:09:12.006212 dv-cinder-694140-2-smb devstack@c-api.service[108689]: INFO cinder.api.openstack.wsgi [None req-dbd2c9e9-b730-4af1-b229-097db42420b1 tempest-SnapshotsActionsTest-286696403 tempest-SnapshotsActionsTest-286696403-project-admin] POST http://10.222.0.73/volume/v3/466f6ede541f444d8029a016222128c4/snapshots/096d721c-c24f-4b52-9c87-c48d5aa33509/action
Nov 11 17:09:12.009053 dv-cinder-694140-2-smb devstack@c-api.service[108689]: /usr/local/lib/python3.8/dist-packages/webob/acceptparse.py:1047: DeprecationWarning: The behavior of AcceptValidHeader.best_match is currently being maintained for backward compatibility, but it will be deprecated in the future, as it does not conform to the RFC.
Nov 11 17:09:12.009053 dv-cinder-694140-2-smb devstack@c-api.service[108689]: warnings.warn(
Nov 11 17:09:12.010883 dv-cinder-694140-2-smb devstack@c-api.service[108689]: DEBUG cinder.api.openstack.wsgi [None req-dbd2c9e9-b730-4af1-b229-097db42420b1 tempest-SnapshotsActionsTest-286696403 tempest-SnapshotsActionsTest-286696403-project-admin] Action body: b'{"os-reset_status": {"status": "error_deleting"}}' {{(pid=108689) get_method /opt/stack/cinder/cinder/api/openstack/wsgi.py:971}}
Nov 11 17:09:12.011825 dv-cinder-694140-2-smb devstack@c-api.service[108689]: DEBUG cinder.api.openstack.wsgi [None req-dbd2c9e9-b730-4af1-b229-097db42420b1 tempest-SnapshotsActionsTest-286696403 tempest-SnapshotsActionsTest-286696403-project-admin] Action: 'action', calling method: _reset_status, body: {"os-reset_status": {"status": "error_deleting"}} {{(pid=108689) _process_stack /opt/stack/cinder/cinder/api/openstack/wsgi.py:854}}
Nov 11 17:09:12.013807 dv-cinder-694140-2-smb devstack@c-api.service[108689]: DEBUG cinder.api.contrib.admin_actions [None req-dbd2c9e9-b730-4af1-b229-097db42420b1 tempest-SnapshotsActionsTest-286696403 tempest-SnapshotsActionsTest-286696403-project-admin] Updating snapshot '096d721c-c24f-4b52-9c87-c48d5aa33509' with '{'status': 'error_deleting'}' {{(pid=108689) _reset_status /opt/stack/cinder/cinder/api/contrib/admin_actions.py:100}}
Nov 11 17:09:12.026091 dv-cinder-694140-2-smb devstack@c-api.service[108688]: INFO cinder.api.openstack.wsgi [None req-7ae89186-ca30-4f31-af36-55fcf8b12602 tempest-VolumeManageAdminTest-19733546 tempest-VolumeManageAdminTest-19733546-project-admin] GET http://10.222.0.73/volume/v3/daf3ef9fdece43e78755f240a4917251/volumes/19385bfd-2399-47a8-a88d-3f31103a93dc
Nov 11 17:09:12.031268 dv-cinder-694140-2-smb devstack@c-api.service[108688]: DEBUG cinder.api.openstack.wsgi [None req-7ae89186-ca30-4f31-af36-55fcf8b12602 tempest-VolumeManageAdminTest-19733546 tempest-VolumeManageAdminTest-19733546-project-admin] Empty body provided in request {{(pid=108688) get_body /opt/stack/cinder/cinder/api/openstack/wsgi.py:703}}
Nov 11 17:09:12.031429 dv-cinder-694140-2-smb devstack@c-api.service[108688]: /usr/local/lib/python3.8/dist-packages/webob/acceptparse.py:1047: DeprecationWarning: The behavior of AcceptValidHeader.best_match is currently being maintained for backward compatibility, but it will be deprecated in the future, as it does not conform to the RFC.
Nov 11 17:09:12.031429 dv-cinder-694140-2-smb devstack@c-api.service[108688]: warnings.warn(
Nov 11 17:09:12.033914 dv-cinder-694140-2-smb devstack@c-api.service[108688]: DEBUG cinder.api.openstack.wsgi [None req-7ae89186-ca30-4f31-af36-55fcf8b12602 tempest-VolumeManageAdminTest-19733546 tempest-VolumeManageAdminTest-19733546-project-admin] Calling method 'show' {{(pid=108688) _process_stack /opt/stack/cinder/cinder/api/openstack/wsgi.py:856}}
Nov 11 17:09:12.047675 dv-cinder-694140-2-smb devstack@c-api.service[108689]: /usr/local/lib/python3.8/dist-packages/oslo_context/context.py:105: DeprecationWarning: Policy enforcement is depending on the value of is_admin. This key is deprecated. Please update your policy file to use the standard policy values.
Nov 11 17:09:12.047675 dv-cinder-694140-2-smb devstack@c-api.service[108689]: warnings.warn('Policy enforcement is depending on the value of '
