Aug 04 15:24:16.040507 dv-cinder-689486-15-smb devstack@c-api.service[100117]: DEBUG cinder.api.openstack.wsgi [None req-d32b8b8f-0491-4d35-8c9b-3915d816ea83 tempest-VolumeTypesAccessTest-2143752097 tempest-VolumeTypesAccessTest-2143752097-project-admin] Action body: b'{"addProjectAccess": {"project": "7d02359f34624fda9a06a4b267cf9c4b"}}' {{(pid=100117) get_method /opt/stack/cinder/cinder/api/openstack/wsgi.py:971}}
Aug 04 15:24:16.040931 dv-cinder-689486-15-smb devstack@c-api.service[100117]: DEBUG cinder.api.openstack.wsgi [None req-d32b8b8f-0491-4d35-8c9b-3915d816ea83 tempest-VolumeTypesAccessTest-2143752097 tempest-VolumeTypesAccessTest-2143752097-project-admin] Action: 'action', calling method: _addProjectAccess, body: {"addProjectAccess": {"project": "7d02359f34624fda9a06a4b267cf9c4b"}} {{(pid=100117) _process_stack /opt/stack/cinder/cinder/api/openstack/wsgi.py:854}}
Aug 04 15:24:16.041618 dv-cinder-689486-15-smb devstack@c-api.service[100116]: INFO cinder.api.openstack.wsgi [None req-1e2c74ff-2ee7-4298-8c32-725ea3aaad73 tempest-SnapshotsActionsTest-288331337 tempest-SnapshotsActionsTest-288331337-project] http://10.222.0.53/volume/v3/9317bc13309f49fb8ae347e2f0f35e80/snapshots/eb8928bc-5bd7-4341-ab45-6eb00d4ced04 returned with HTTP 200
Aug 04 15:24:16.042531 dv-cinder-689486-15-smb devstack@c-api.service[100116]: [pid: 100116|app: 0|req: 194/386] 10.222.0.53 () {58 vars in 1331 bytes} [Wed Aug 4 15:24:16 2021] GET /volume/v3/9317bc13309f49fb8ae347e2f0f35e80/snapshots/eb8928bc-5bd7-4341-ab45-6eb00d4ced04 => generated 531 bytes in 29 msecs (HTTP/1.1 200) 7 headers in 285 bytes (1 switches on core 0)
Aug 04 15:24:16.054629 dv-cinder-689486-15-smb devstack@c-api.service[100116]: INFO cinder.api.openstack.wsgi [None req-484ec676-89a7-419f-a23d-a7fc108dd7ae tempest-VolumeRetypeWithoutMigrationTest-914472757 tempest-VolumeRetypeWithoutMigrationTest-914472757-project-admin] GET http://10.222.0.53/volume/v3/0071312e90f5492a9c8167a1d7291bf9/types/10bc7aa2-57c7-42a3-b707-ecad48b7e8da
Aug 04 15:24:16.055343 dv-cinder-689486-15-smb devstack@c-api.service[100116]: DEBUG cinder.api.openstack.wsgi [None req-484ec676-89a7-419f-a23d-a7fc108dd7ae tempest-VolumeRetypeWithoutMigrationTest-914472757 tempest-VolumeRetypeWithoutMigrationTest-914472757-project-admin] Empty body provided in request {{(pid=100116) get_body /opt/stack/cinder/cinder/api/openstack/wsgi.py:703}}
Aug 04 15:24:16.055671 dv-cinder-689486-15-smb devstack@c-api.service[100116]: /usr/local/lib/python3.8/dist-packages/webob/acceptparse.py:1047: DeprecationWarning: The behavior of AcceptValidHeader.best_match is currently being maintained for backward compatibility, but it will be deprecated in the future, as it does not conform to the RFC.
Aug 04 15:24:16.055671 dv-cinder-689486-15-smb devstack@c-api.service[100116]: warnings.warn(
Aug 04 15:24:16.056241 dv-cinder-689486-15-smb devstack@c-api.service[100116]: DEBUG cinder.api.openstack.wsgi [None req-484ec676-89a7-419f-a23d-a7fc108dd7ae tempest-VolumeRetypeWithoutMigrationTest-914472757 tempest-VolumeRetypeWithoutMigrationTest-914472757-project-admin] Calling method 'show' {{(pid=100116) _process_stack /opt/stack/cinder/cinder/api/openstack/wsgi.py:856}}
Aug 04 15:24:16.060269 dv-cinder-689486-15-smb devstack@c-api.service[100117]: INFO cinder.api.openstack.wsgi [None req-d32b8b8f-0491-4d35-8c9b-3915d816ea83 tempest-VolumeTypesAccessTest-2143752097 tempest-VolumeTypesAccessTest-2143752097-project-admin] http://10.222.0.53/volume/v3/68d0b62c6bcb40acadfd651e205ebeed/types/24ff3193-d5f5-40ab-a87b-7a036af61909/action returned with HTTP 202
Aug 04 15:24:16.061900 dv-cinder-689486-15-smb devstack@c-api.service[100117]: [pid: 100117|app: 0|req: 193/387] 10.222.0.53 () {60 vars in 1361 bytes} [Wed Aug 4 15:24:16 2021] POST /volume/v3/68d0b62c6bcb40acadfd651e205ebeed/types/24ff3193-d5f5-40ab-a87b-7a036af61909/action => generated 0 bytes in 28 msecs (HTTP/1.1 202) 6 headers in 233 bytes (1 switches on core 0)
Aug 04 15:24:16.067526 dv-cinder-689486-15-smb devstack@c-api.service[100116]: INFO cinder.api.openstack.wsgi [None req-484ec676-89a7-419f-a23d-a7fc108dd7ae tempest-VolumeRetypeWithoutMigrationTest-914472757 tempest-VolumeRetypeWithoutMigrationTest-914472757-project-admin] http://10.222.0.53/volume/v3/0071312e90f5492a9c8167a1d7291bf9/types/10bc7aa2-57c7-42a3-b707-ecad48b7e8da returned with HTTP 404
Aug 04 15:24:16.068549 dv-cinder-689486-15-smb devstack@c-api.service[100117]: INFO cinder.api.openstack.wsgi [None req-c6319335-b168-4cf4-aa88-9aa5ee2ee12b tempest-SnapshotsActionsTest-2010963221 tempest-SnapshotsActionsTest-2010963221-project-admin] POST http://10.222.0.53/volume/v3/43ac45eea54248b0b320ca4df9b8f436/snapshots/eb8928bc-5bd7-4341-ab45-6eb00d4ced04/action
Aug 04 15:24:16.068920 dv-cinder-689486-15-smb devstack@c-api.service[100116]: [pid: 100116|app: 0|req: 195/388] 10.222.0.53 () {58 vars in 1319 bytes} [Wed Aug 4 15:24:16 2021] GET /volume/v3/0071312e90f5492a9c8167a1d7291bf9/types/10bc7aa2-57c7-42a3-b707-ecad48b7e8da => generated 114 bytes in 19 msecs (HTTP/1.1 404) 7 headers in 292 bytes (1 switches on core 0)
Aug 04 15:24:16.070094 dv-cinder-689486-15-smb devstack@c-api.service[100117]: DEBUG cinder.api.openstack.wsgi [None req-c6319335-b168-4cf4-aa88-9aa5ee2ee12b tempest-SnapshotsActionsTest-2010963221 tempest-SnapshotsActionsTest-2010963221-project-admin] Action body: b'{"os-reset_status": {"status": "creating"}}' {{(pid=100117) get_method /opt/stack/cinder/cinder/api/openstack/wsgi.py:971}}
Aug 04 15:24:16.070718 dv-cinder-689486-15-smb devstack@c-api.service[100117]: DEBUG cinder.api.openstack.wsgi [None req-c6319335-b168-4cf4-aa88-9aa5ee2ee12b tempest-SnapshotsActionsTest-2010963221 tempest-SnapshotsActionsTest-2010963221-project-admin] Action: 'action', calling method: _reset_status, body: {"os-reset_status": {"status": "creating"}} {{(pid=100117) _process_stack /opt/stack/cinder/cinder/api/openstack/wsgi.py:854}}
Aug 04 15:24:16.072111 dv-cinder-689486-15-smb devstack@c-api.service[100117]: DEBUG cinder.api.contrib.admin_actions [None req-c6319335-b168-4cf4-aa88-9aa5ee2ee12b tempest-SnapshotsActionsTest-2010963221 tempest-SnapshotsActionsTest-2010963221-project-admin] Updating snapshot 'eb8928bc-5bd7-4341-ab45-6eb00d4ced04' with '{'status': 'creating'}' {{(pid=100117) _reset_status /opt/stack/cinder/cinder/api/contrib/admin_actions.py:100}}
Aug 04 15:24:16.078573 dv-cinder-689486-15-smb devstack@c-api.service[100116]: INFO cinder.api.openstack.wsgi [None req-41e1748c-214a-411c-98ff-1f1aa4d279c5 tempest-VolumeTypesAccessTest-2143752097 tempest-VolumeTypesAccessTest-2143752097-project-admin] GET http://10.222.0.53/volume/v3/68d0b62c6bcb40acadfd651e205ebeed/types/24ff3193-d5f5-40ab-a87b-7a036af61909/os-volume-type-access
Aug 04 15:24:16.079249 dv-cinder-689486-15-smb devstack@c-api.service[100116]: DEBUG cinder.api.openstack.wsgi [None req-41e1748c-214a-411c-98ff-1f1aa4d279c5 tempest-VolumeTypesAccessTest-2143752097 tempest-VolumeTypesAccessTest-2143752097-project-admin] Empty body provided in request {{(pid=100116) get_body /opt/stack/cinder/cinder/api/openstack/wsgi.py:703}}
Aug 04 15:24:16.079833 dv-cinder-689486-15-smb devstack@c-api.service[100116]: DEBUG cinder.api.openstack.wsgi [None req-41e1748c-214a-411c-98ff-1f1aa4d279c5 tempest-VolumeTypesAccessTest-2143752097 tempest-VolumeTypesAccessTest-2143752097-project-admin] Calling method 'index' {{(pid=100116) _process_stack /opt/stack/cinder/cinder/api/openstack/wsgi.py:856}}
Aug 04 15:24:16.096020 dv-cinder-689486-15-smb devstack@c-api.service[100117]: /usr/local/lib/python3.8/dist-packages/oslo_context/context.py:105: DeprecationWarning: Policy enforcement is depending on the value of is_admin. This key is deprecated. Please update your policy file to use the standard policy values.
Aug 04 15:24:16.096020 dv-cinder-689486-15-smb devstack@c-api.service[100117]: warnings.warn('Policy enforcement is depending on the value of '
Aug 04 15:24:16.101264 dv-cinder-689486-15-smb devstack@c-api.service[100116]: INFO cinder.api.openstack.wsgi [None req-41e1748c-214a-411c-98ff-1f1aa4d279c5 tempest-VolumeTypesAccessTest-2143752097 tempest-VolumeTypesAccessTest-2143752097-project-admin] http://10.222.0.53/volume/v3/68d0b62c6bcb40acadfd651e205ebeed/types/24ff3193-d5f5-40ab-a87b-7a036af61909/os-volume-type-access returned with HTTP 200
Aug 04 15:24:16.102382 dv-cinder-689486-15-smb devstack@c-api.service[100116]: [pid: 100116|app: 0|req: 196/389] 10.222.0.53 () {58 vars in 1385 bytes} [Wed Aug 4 15:24:16 2021] GET /volume/v3/68d0b62c6bcb40acadfd651e205ebeed/types/24ff3193-d5f5-40ab-a87b-7a036af61909/os-volume-type-access => generated 244 bytes in 33 msecs (HTTP/1.1 200) 7 headers in 285 bytes (1 switches on core 0)
Aug 04 15:24:16.112771 dv-cinder-689486-15-smb devstack@c-api.service[100116]: INFO cinder.api.openstack.wsgi [None req-8133281f-b9e0-4ee1-81f5-e1a90b8ba793 tempest-VolumeTypesAccessTest-2143752097 tempest-VolumeTypesAccessTest-2143752097-project-admin] POST http://10.222.0.53/volume/v3/68d0b62c6bcb40acadfd651e205ebeed/types/24ff3193-d5f5-40ab-a87b-7a036af61909/action
Aug 04 15:24:16.114246 dv-cinder-689486-15-smb devstack@c-api.service[100116]: DEBUG cinder.api.openstack.wsgi [None req-8133281f-b9e0-4ee1-81f5-e1a90b8ba793 tempest-VolumeTypesAccessTest-2143752097 tempest-VolumeTypesAccessTest-2143752097-project-admin] Action body: b'{"removeProjectAccess": {"project": "7d02359f34624fda9a06a4b267cf9c4b"}}' {{(pid=100116) get_method /opt/stack/cinder/cinder/api/openstack/wsgi.py:971}}
Aug 04 15:24:16.115280 dv-cinder-689486-15-smb devstack@c-api.service[100116]: DEBUG cinder.api.openstack.wsgi [None req-8133281f-b9e0-4ee1-81f5-e1a90b8ba793 tempest-VolumeTypesAccessTest-2143752097 tempest-VolumeTypesAccessTest-2143752097-project-admin] Action: 'action', calling method: _removeProjectAccess, body: {"removeProjectAccess": {"project": "7d02359f34624fda9a06a4b267cf9c4b"}} {{(pid=100116) _process_stack /opt/stack/cinder/cinder/api/openstack/wsgi.py:854}}
Aug 04 15:24:16.128888 dv-cinder-689486-15-smb devstack@c-api.service[100117]: INFO cinder.api.openstack.wsgi [None req-c6319335-b168-4cf4-aa88-9aa5ee2ee12b tempest-SnapshotsActionsTest-2010963221 tempest-SnapshotsActionsTest-2010963221-project-admin] http://10.222.0.53/volume/v3/43ac45eea54248b0b320ca4df9b8f436/snapshots/eb8928bc-5bd7-4341-ab45-6eb00d4ced04/action returned with HTTP 202
Aug 04 15:24:16.130328 dv-cinder-689486-15-smb devstack@c-api.service[100117]: [pid: 100117|app: 0|req: 194/390] 10.222.0.53 () {60 vars in 1373 bytes} [Wed Aug 4 15:24:16 2021] POST /volume/v3/43ac45eea54248b0b320ca4df9b8f436/snapshots/eb8928bc-5bd7-4341-ab45-6eb00d4ced04/action => generated 0 bytes in 67 msecs (HTTP/1.1 202) 7 headers in 289 bytes (1 switches on core 0)
Aug 04 15:24:16.134787 dv-cinder-689486-15-smb devstack@c-api.service[100116]: INFO cinder.api.openstack.wsgi [None req-8133281f-b9e0-4ee1-81f5-e1a90b8ba793 tempest-VolumeTypesAccessTest-2143752097 tempest-VolumeTypesAccessTest-2143752097-project-admin] http://10.222.0.53/volume/v3/68d0b62c6bcb40acadfd651e205ebeed/types/24ff3193-d5f5-40ab-a87b-7a036af61909/action returned with HTTP 202
Aug 04 15:24:16.136025 dv-cinder-689486-15-smb devstack@c-api.service[100116]: [pid: 100116|app: 0|req: 197/391] 10.222.0.53 () {60 vars in 1361 bytes} [Wed Aug 4 15:24:16 2021] POST /volume/v3/68d0b62c6bcb40acadfd651e205ebeed/types/24ff3193-d5f5-40ab-a87b-7a036af61909/action => generated 0 bytes in 27 msecs (HTTP/1.1 202) 6 headers in 233 bytes (1 switches on core 0)
Aug 04 15:24:16.142004 dv-cinder-689486-15-smb devstack@c-api.service[100117]: INFO cinder.api.openstack.wsgi [None req-bc584e07-dccf-408f-9ee7-53eba723bceb tempest-SnapshotsActionsTest-288331337 tempest-SnapshotsActionsTest-288331337-project] GET http://10.222.0.53/volume/v3/9317bc13309f49fb8ae347e2f0f35e80/snapshots/eb8928bc-5bd7-4341-ab45-6eb00d4ced04
Aug 04 15:24:16.142545 dv-cinder-689486-15-smb devstack@c-api.service[100117]: DEBUG cinder.api.openstack.wsgi [None req-bc584e07-dccf-408f-9ee7-53eba723bceb tempest-SnapshotsActionsTest-288331337 tempest-SnapshotsActionsTest-288331337-project] Empty body provided in request {{(pid=100117) get_body /opt/stack/cinder/cinder/api/openstack/wsgi.py:703}}
Aug 04 15:24:16.142718 dv-cinder-689486-15-smb devstack@c-api.service[100117]: /usr/local/lib/python3.8/dist-packages/webob/acceptparse.py:1047: DeprecationWarning: The behavior of AcceptValidHeader.best_match is currently being maintained for backward compatibility, but it will be deprecated in the future, as it does not conform to the RFC.
Aug 04 15:24:16.142718 dv-cinder-689486-15-smb devstack@c-api.service[100117]: warnings.warn(
Aug 04 15:24:16.143043 dv-cinder-689486-15-smb devstack@c-api.service[100117]: DEBUG cinder.api.openstack.wsgi [None req-bc584e07-dccf-408f-9ee7-53eba723bceb tempest-SnapshotsActionsTest-288331337 tempest-SnapshotsActionsTest-288331337-project] Calling method 'show' {{(pid=100117) _process_stack /opt/stack/cinder/cinder/api/openstack/wsgi.py:856}}
Aug 04 15:24:16.144524 dv-cinder-689486-15-smb devstack@c-api.service[100116]: INFO cinder.api.openstack.wsgi [None req-9e5bb90d-45e4-4bdb-acc4-a2aef5f5cc0d tempest-VolumeTypesAccessTest-2143752097 tempest-VolumeTypesAccessTest-2143752097-project-admin] POST http://10.222.0.53/volume/v3/68d0b62c6bcb40acadfd651e205ebeed/types/24ff3193-d5f5-40ab-a87b-7a036af61909/action
Aug 04 15:24:16.145331 dv-cinder-689486-15-smb devstack@c-api.service[100116]: DEBUG cinder.api.openstack.wsgi [None req-9e5bb90d-45e4-4bdb-acc4-a2aef5f5cc0d tempest-VolumeTypesAccessTest-2143752097 tempest-VolumeTypesAccessTest-2143752097-project-admin] Action body: b'{"removeProjectAccess": {"project": "6ab5d5511214483d831f18cdd879f0f4"}}' {{(pid=100116) get_method /opt/stack/cinder/cinder/api/openstack/wsgi.py:971}}
Aug 04 15:24:16.146243 dv-cinder-689486-15-smb devstack@c-api.service[100116]: DEBUG cinder.api.openstack.wsgi [None req-9e5bb90d-45e4-4bdb-acc4-a2aef5f5cc0d tempest-VolumeTypesAccessTest-2143752097 tempest-VolumeTypesAccessTest-2143752097-project-admin] Action: 'action', calling method: _removeProjectAccess, body: {"removeProjectAccess": {"project": "6ab5d5511214483d831f18cdd879f0f4"}} {{(pid=100116) _process_stack /opt/stack/cinder/cinder/api/openstack/wsgi.py:854}}
Aug 04 15:24:16.154452 dv-cinder-689486-15-smb devstack@c-api.service[100117]: /usr/local/lib/python3.8/dist-packages/oslo_context/context.py:105: DeprecationWarning: Policy enforcement is depending on the value of is_admin. This key is deprecated. Please update your policy file to use the standard policy values.
Aug 04 15:24:16.154452 dv-cinder-689486-15-smb devstack@c-api.service[100117]: warnings.warn('Policy enforcement is depending on the value of '
Aug 04 15:24:16.155542 dv-cinder-689486-15-smb devstack@c-api.service[100117]: INFO cinder.volume.api [None req-bc584e07-dccf-408f-9ee7-53eba723bceb tempest-SnapshotsActionsTest-288331337 tempest-SnapshotsActionsTest-288331337-project] Snapshot retrieved successfully.
Aug 04 15:24:16.157826 dv-cinder-689486-15-smb devstack@c-api.service[100117]: INFO cinder.api.openstack.wsgi [None req-bc584e07-dccf-408f-9ee7-53eba723bceb tempest-SnapshotsActionsTest-288331337 tempest-SnapshotsActionsTest-288331337-project] http://10.222.0.53/volume/v3/9317bc13309f49fb8ae347e2f0f35e80/snapshots/eb8928bc-5bd7-4341-ab45-6eb00d4ced04 returned with HTTP 200
Aug 04 15:24:16.158609 dv-cinder-689486-15-smb devstack@c-api.service[100117]: [pid: 100117|app: 0|req: 195/392] 10.222.0.53 () {58 vars in 1331 bytes} [Wed Aug 4 15:24:16 2021] GET /volume/v3/9317bc13309f49fb8ae347e2f0f35e80/snapshots/eb8928bc-5bd7-4341-ab45-6eb00d4ced04 => generated 530 bytes in 25 msecs (HTTP/1.1 200) 7 headers in 285 bytes (2 switches on core 0)
Aug 04 15:24:16.165118 dv-cinder-689486-15-smb devstack@c-api.service[100116]: INFO cinder.api.openstack.wsgi [None req-9e5bb90d-45e4-4bdb-acc4-a2aef5f5cc0d tempest-VolumeTypesAccessTest-2143752097 tempest-VolumeTypesAccessTest-2143752097-project-admin] http://10.222.0.53/volume/v3/68d0b62c6bcb40acadfd651e205ebeed/types/24ff3193-d5f5-40ab-a87b-7a036af61909/action returned with HTTP 202
Aug 04 15:24:16.166391 dv-cinder-689486-15-smb devstack@c-api.service[100116]: [pid: 100116|app: 0|req: 198/393] 10.222.0.53 () {60 vars in 1361 bytes} [Wed Aug 4 15:24:16 2021] POST /volume/v3/68d0b62c6bcb40acadfd651e205ebeed/types/24ff3193-d5f5-40ab-a87b-7a036af61909/action => generated 0 bytes in 27 msecs (HTTP/1.1 202) 6 headers in 233 bytes (2 switches on core 0)
Aug 04 15:24:16.175763 dv-cinder-689486-15-smb devstack@c-api.service[100117]: INFO cinder.api.openstack.wsgi [None req-750a7e5c-45b5-4e9c-8bd0-3a1ae5242e22 tempest-SnapshotsActionsTest-288331337 tempest-SnapshotsActionsTest-288331337-project] POST http://10.222.0.53/volume/v3/9317bc13309f49fb8ae347e2f0f35e80/snapshots/eb8928bc-5bd7-4341-ab45-6eb00d4ced04/action
Aug 04 15:24:16.176243 dv-cinder-689486-15-smb devstack@c-api.service[100117]: /usr/local/lib/python3.8/dist-packages/webob/acceptparse.py:1047: DeprecationWarning: The behavior of AcceptValidHeader.best_match is currently being maintained for backward compatibility, but it will be deprecated in the future, as it does not conform to the RFC.
Aug 04 15:24:16.176243 dv-cinder-689486-15-smb devstack@c-api.service[100117]: warnings.warn(
Aug 04 15:24:16.176660 dv-cinder-689486-15-smb devstack@c-api.service[100117]: DEBUG cinder.api.openstack.wsgi [None req-750a7e5c-45b5-4e9c-8bd0-3a1ae5242e22 tempest-SnapshotsActionsTest-288331337 tempest-SnapshotsActionsTest-288331337-project] Action body: b'{"os-update_snapshot_status": {"status": "error", "progress": "80%"}}' {{(pid=100117) get_method /opt/stack/cinder/cinder/api/openstack/wsgi.py:971}}
Aug 04 15:24:16.177040 dv-cinder-689486-15-smb devstack@c-api.service[100117]: DEBUG cinder.api.openstack.wsgi [None req-750a7e5c-45b5-4e9c-8bd0-3a1ae5242e22 tempest-SnapshotsActionsTest-288331337 tempest-SnapshotsActionsTest-288331337-project] Action: 'action', calling method: _update_snapshot_status, body: {"os-update_snapshot_status": {"status": "error", "progress": "80%"}} {{(pid=100117) _process_stack /opt/stack/cinder/cinder/api/openstack/wsgi.py:854}}
Aug 04 15:24:16.177654 dv-cinder-689486-15-smb devstack@c-api.service[100116]: INFO cinder.api.openstack.wsgi [None req-a09b25e0-0484-4770-91ff-a1aba6f30392 tempest-VolumeTypesAccessTest-2143752097 tempest-VolumeTypesAccessTest-2143752097-project-admin] DELETE http://10.222.0.53/volume/v3/68d0b62c6bcb40acadfd651e205ebeed/types/24ff3193-d5f5-40ab-a87b-7a036af61909
Aug 04 15:24:16.178129 dv-cinder-689486-15-smb devstack@c-api.service[100117]: DEBUG cinder.api.contrib.snapshot_actions [None req-750a7e5c-45b5-4e9c-8bd0-3a1ae5242e22 tempest-SnapshotsActionsTest-288331337 tempest-SnapshotsActionsTest-288331337-project] body: {'os-update_snapshot_status': {'status': 'error', 'progress': '80%'}} {{(pid=100117) _update_snapshot_status /opt/stack/cinder/cinder/api/contrib/snapshot_actions.py:46}}
Aug 04 15:24:16.178705 dv-cinder-689486-15-smb devstack@c-api.service[100116]: DEBUG cinder.api.openstack.wsgi [None req-a09b25e0-0484-4770-91ff-a1aba6f30392 tempest-VolumeTypesAccessTest-2143752097 tempest-VolumeTypesAccessTest-2143752097-project-admin] Empty body provided in request {{(pid=100116) get_body /opt/stack/cinder/cinder/api/openstack/wsgi.py:703}}
Aug 04 15:24:16.179386 dv-cinder-689486-15-smb devstack@c-api.service[100116]: DEBUG cinder.api.openstack.wsgi [None req-a09b25e0-0484-4770-91ff-a1aba6f30392 tempest-VolumeTypesAccessTest-2143752097 tempest-VolumeTypesAccessTest-2143752097-project-admin] Calling method '_delete' {{(pid=100116) _process_stack /opt/stack/cinder/cinder/api/openstack/wsgi.py:856}}
Aug 04 15:24:16.189482 dv-cinder-689486-15-smb devstack@c-api.service[100117]: /usr/local/lib/python3.8/dist-packages/oslo_context/context.py:105: DeprecationWarning: Policy enforcement is depending on the value of is_admin. This key is deprecated. Please update your policy file to use the standard policy values.
Aug 04 15:24:16.189482 dv-cinder-689486-15-smb devstack@c-api.service[100117]: warnings.warn('Policy enforcement is depending on the value of '
Aug 04 15:24:16.190006 dv-cinder-689486-15-smb devstack@c-api.service[100117]: INFO cinder.api.contrib.snapshot_actions [None req-750a7e5c-45b5-4e9c-8bd0-3a1ae5242e22 tempest-SnapshotsActionsTest-288331337 tempest-SnapshotsActionsTest-288331337-project] Updating snapshot eb8928bc-5bd7-4341-ab45-6eb00d4ced04 with info {'id': 'eb8928bc-5bd7-4341-ab45-6eb00d4ced04', 'status': 'error', 'progress': '80%'}
Aug 04 15:24:16.204012 dv-cinder-689486-15-smb devstack@c-api.service[100117]: INFO cinder.api.openstack.wsgi [None req-750a7e5c-45b5-4e9c-8bd0-3a1ae5242e22 tempest-SnapshotsActionsTest-288331337 tempest-SnapshotsActionsTest-288331337-project] http://10.222.0.53/volume/v3/9317bc13309f49fb8ae347e2f0f35e80/snapshots/eb8928bc-5bd7-4341-ab45-6eb00d4ced04/action returned with HTTP 202
Aug 04 15:24:16.210139 dv-cinder-689486-15-smb devstack@c-api.service[100117]: [pid: 100117|app: 0|req: 196/394] 10.222.0.53 () {60 vars in 1373 bytes} [Wed Aug 4 15:24:16 2021] POST /volume/v3/9317bc13309f49fb8ae347e2f0f35e80/snapshots/eb8928bc-5bd7-4341-ab45-6eb00d4ced04/action => generated 0 bytes in 39 msecs (HTTP/1.1 202) 6 headers in 233 bytes (1 switches on core 0)
Aug 04 15:24:16.216222 dv-cinder-689486-15-smb devstack@c-api.service[100117]: INFO cinder.api.openstack.wsgi [None req-4b4670a2-80ec-4513-bf2c-93ef2177ca2f tempest-SnapshotsActionsTest-2010963221 tempest-SnapshotsActionsTest-2010963221-project-admin] GET http://10.222.0.53/volume/v3/43ac45eea54248b0b320ca4df9b8f436/snapshots/eb8928bc-5bd7-4341-ab45-6eb00d4ced04
Aug 04 15:24:16.216775 dv-cinder-689486-15-smb devstack@c-api.service[100117]: DEBUG cinder.api.openstack.wsgi [None req-4b4670a2-80ec-4513-bf2c-93ef2177ca2f tempest-SnapshotsActionsTest-2010963221 tempest-SnapshotsActionsTest-2010963221-project-admin] Empty body provided in request {{(pid=100117) get_body /opt/stack/cinder/cinder/api/openstack/wsgi.py:703}}
Aug 04 15:24:16.217068 dv-cinder-689486-15-smb devstack@c-api.service[100117]: /usr/local/lib/python3.8/dist-packages/webob/acceptparse.py:1047: DeprecationWarning: The behavior of AcceptValidHeader.best_match is currently being maintained for backward compatibility, but it will be deprecated in the future, as it does not conform to the RFC.
Aug 04 15:24:16.217068 dv-cinder-689486-15-smb devstack@c-api.service[100117]: warnings.warn(
Aug 04 15:24:16.217546 dv-cinder-689486-15-smb devstack@c-api.service[100117]: DEBUG cinder.api.openstack.wsgi [None req-4b4670a2-80ec-4513-bf2c-93ef2177ca2f tempest-SnapshotsActionsTest-2010963221 tempest-SnapshotsActionsTest-2010963221-project-admin] Calling method 'show' {{(pid=100117) _process_stack /opt/stack/cinder/cinder/api/openstack/wsgi.py:856}}
Aug 04 15:24:16.235995 dv-cinder-689486-15-smb devstack@c-api.service[100117]: /usr/local/lib/python3.8/dist-packages/oslo_context/context.py:105: DeprecationWarning: Policy enforcement is depending on the value of is_admin. This key is deprecated. Please update your policy file to use the standard policy values.
Aug 04 15:24:16.235995 dv-cinder-689486-15-smb devstack@c-api.service[100117]: warnings.warn('Policy enforcement is depending on the value of '
Aug 04 15:24:16.236746 dv-cinder-689486-15-smb devstack@c-api.service[100117]: INFO cinder.volume.api [None req-4b4670a2-80ec-4513-bf2c-93ef2177ca2f tempest-SnapshotsActionsTest-2010963221 tempest-SnapshotsActionsTest-2010963221-project-admin] Snapshot retrieved successfully.
Aug 04 15:24:16.240694 dv-cinder-689486-15-smb devstack@c-api.service[100117]: INFO cinder.api.openstack.wsgi [None req-4b4670a2-80ec-4513-bf2c-93ef2177ca2f tempest-SnapshotsActionsTest-2010963221 tempest-SnapshotsActionsTest-2010963221-project-admin] http://10.222.0.53/volume/v3/43ac45eea54248b0b320ca4df9b8f436/snapshots/eb8928bc-5bd7-4341-ab45-6eb00d4ced04 returned with HTTP 200
Aug 04 15:24:16.245835 dv-cinder-689486-15-smb devstack@c-api.service[100116]: INFO cinder.api.openstack.wsgi [None req-a09b25e0-0484-4770-91ff-a1aba6f30392 tempest-VolumeTypesAccessTest-2143752097 tempest-VolumeTypesAccessTest-2143752097-project-admin] http://10.222.0.53/volume/v3/68d0b62c6bcb40acadfd651e205ebeed/types/24ff3193-d5f5-40ab-a87b-7a036af61909 returned with HTTP 202
Aug 04 15:24:16.246769 dv-cinder-689486-15-smb devstack@c-api.service[100117]: [pid: 100117|app: 0|req: 197/395] 10.222.0.53 () {58 vars in 1331 bytes} [Wed Aug 4 15:24:16 2021] GET /volume/v3/43ac45eea54248b0b320ca4df9b8f436/snapshots/eb8928bc-5bd7-4341-ab45-6eb00d4ced04 => generated 526 bytes in 36 msecs (HTTP/1.1 200) 7 headers in 285 bytes (1 switches on core 0)
Aug 04 15:24:16.248302 dv-cinder-689486-15-smb devstack@c-api.service[100116]: [pid: 100116|app: 0|req: 199/396] 10.222.0.53 () {58 vars in 1322 bytes} [Wed Aug 4 15:24:16 2021] DELETE /volume/v3/68d0b62c6bcb40acadfd651e205ebeed/types/24ff3193-d5f5-40ab-a87b-7a036af61909 => generated 0 bytes in 76 msecs (HTTP/1.1 202) 6 headers in 233 bytes (1 switches on core 0)
Aug 04 15:24:16.253053 dv-cinder-689486-15-smb devstack@c-api.service[100117]: INFO cinder.api.openstack.wsgi [None req-43940337-13ef-478a-978c-694ef8beff6d tempest-DeleteServersTestJSON-1906810960 tempest-DeleteServersTestJSON-1906810960-project] GET http://10.222.0.53/volume/v3/bd0da0ba77074c96847f6aa56fa32bf5/volumes/01326019-2c36-4b7e-b32c-2cfa35e30c73
Aug 04 15:24:16.253514 dv-cinder-689486-15-smb devstack@c-api.service[100117]: DEBUG cinder.api.openstack.wsgi [None req-43940337-13ef-478a-978c-694ef8beff6d tempest-DeleteServersTestJSON-1906810960 tempest-DeleteServersTestJSON-1906810960-project] Empty body provided in request {{(pid=100117) get_body /opt/stack/cinder/cinder/api/openstack/wsgi.py:703}}
Aug 04 15:24:16.253692 dv-cinder-689486-15-smb devstack@c-api.service[100117]: /usr/local/lib/python3.8/dist-packages/webob/acceptparse.py:1047: DeprecationWarning: The behavior of AcceptValidHeader.best_match is currently being maintained for backward compatibility, but it will be deprecated in the future, as it does not conform to the RFC.
Aug 04 15:24:16.253692 dv-cinder-689486-15-smb devstack@c-api.service[100117]: warnings.warn(
Aug 04 15:24:16.253998 dv-cinder-689486-15-smb devstack@c-api.service[100117]: DEBUG cinder.api.openstack.wsgi [None req-43940337-13ef-478a-978c-694ef8beff6d tempest-DeleteServersTestJSON-1906810960 tempest-DeleteServersTestJSON-1906810960-project] Calling method 'show' {{(pid=100117) _process_stack /opt/stack/cinder/cinder/api/openstack/wsgi.py:856}}
Aug 04 15:24:16.256418 dv-cinder-689486-15-smb devstack@c-api.service[100116]: INFO cinder.api.openstack.wsgi [None req-a3ccd623-98cb-44db-b8fd-4be4777dcc4d tempest-SnapshotsActionsTest-2010963221 tempest-SnapshotsActionsTest-2010963221-project-admin] POST http://10.222.0.53/volume/v3/43ac45eea54248b0b320ca4df9b8f436/snapshots/eb8928bc-5bd7-4341-ab45-6eb00d4ced04/action
Aug 04 15:24:16.257384 dv-cinder-689486-15-smb devstack@c-api.service[100116]: DEBUG cinder.api.openstack.wsgi [None req-a3ccd623-98cb-44db-b8fd-4be4777dcc4d tempest-SnapshotsActionsTest-2010963221 tempest-SnapshotsActionsTest-2010963221-project-admin] Action body: b'{"os-reset_status": {"status": "available"}}' {{(pid=100116) get_method /opt/stack/cinder/cinder/api/openstack/wsgi.py:971}}
Aug 04 15:24:16.258721 dv-cinder-689486-15-smb devstack@c-api.service[100116]: DEBUG cinder.api.openstack.wsgi [None req-a3ccd623-98cb-44db-b8fd-4be4777dcc4d tempest-SnapshotsActionsTest-2010963221 tempest-SnapshotsActionsTest-2010963221-project-admin] Action: 'action', calling method: _reset_status, body: {"os-reset_status": {"status": "available"}} {{(pid=100116) _process_stack /opt/stack/cinder/cinder/api/openstack/wsgi.py:854}}
Aug 04 15:24:16.259596 dv-cinder-689486-15-smb devstack@c-api.service[100116]: DEBUG cinder.api.contrib.admin_actions [None req-a3ccd623-98cb-44db-b8fd-4be4777dcc4d tempest-SnapshotsActionsTest-2010963221 tempest-SnapshotsActionsTest-2010963221-project-admin] Updating snapshot 'eb8928bc-5bd7-4341-ab45-6eb00d4ced04' with '{'status': 'available'}' {{(pid=100116) _reset_status /opt/stack/cinder/cinder/api/contrib/admin_actions.py:100}}
Aug 04 15:24:16.278957 dv-cinder-689486-15-smb devstack@c-api.service[100117]: /usr/local/lib/python3.8/dist-packages/oslo_context/context.py:105: DeprecationWarning: Policy enforcement is depending on the value of is_admin. This key is deprecated. Please update your policy file to use the standard policy values.
Aug 04 15:24:16.278957 dv-cinder-689486-15-smb devstack@c-api.service[100117]: warnings.warn('Policy enforcement is depending on the value of '
Aug 04 15:24:16.279653 dv-cinder-689486-15-smb devstack@c-api.service[100116]: /usr/local/lib/python3.8/dist-packages/oslo_context/context.py:105: DeprecationWarning: Policy enforcement is depending on the value of is_admin. This key is deprecated. Please update your policy file to use the standard policy values.
Aug 04 15:24:16.279653 dv-cinder-689486-15-smb devstack@c-api.service[100116]: warnings.warn('Policy enforcement is depending on the value of '
Aug 04 15:24:16.296272 dv-cinder-689486-15-smb devstack@c-api.service[100117]: INFO cinder.volume.api [None req-43940337-13ef-478a-978c-694ef8beff6d tempest-DeleteServersTestJSON-1906810960 tempest-DeleteServersTestJSON-1906810960-project] Volume info retrieved successfully.
Aug 04 15:24:16.299462 dv-cinder-689486-15-smb devstack@c-api.service[100116]: INFO cinder.api.openstack.wsgi [None req-a3ccd623-98cb-44db-b8fd-4be4777dcc4d tempest-SnapshotsActionsTest-2010963221 tempest-SnapshotsActionsTest-2010963221-project-admin] http://10.222.0.53/volume/v3/43ac45eea54248b0b320ca4df9b8f436/snapshots/eb8928bc-5bd7-4341-ab45-6eb00d4ced04/action returned with HTTP 202
Aug 04 15:24:16.300618 dv-cinder-689486-15-smb devstack@c-api.service[100116]: [pid: 100116|app: 0|req: 200/397] 10.222.0.53 () {60 vars in 1373 bytes} [Wed Aug 4 15:24:16 2021] POST /volume/v3/43ac45eea54248b0b320ca4df9b8f436/snapshots/eb8928bc-5bd7-4341-ab45-6eb00d4ced04/action => generated 0 bytes in 51 msecs (HTTP/1.1 202) 7 headers in 289 bytes (1 switches on core 0)
Aug 04 15:24:16.306352 dv-cinder-689486-15-smb devstack@c-api.service[100116]: INFO cinder.api.openstack.wsgi [None req-2b3c823b-b307-444d-9a2f-b5d385cb6ac9 tempest-VolumeTypesAccessTest-2143752097 tempest-VolumeTypesAccessTest-2143752097-project-admin] GET http://10.222.0.53/volume/v3/68d0b62c6bcb40acadfd651e205ebeed/types/24ff3193-d5f5-40ab-a87b-7a036af61909
Aug 04 15:24:16.307057 dv-cinder-689486-15-smb devstack@c-api.service[100116]: DEBUG cinder.api.openstack.wsgi [None req-2b3c823b-b307-444d-9a2f-b5d385cb6ac9 tempest-VolumeTypesAccessTest-2143752097 tempest-VolumeTypesAccessTest-2143752097-project-admin] Empty body provided in request {{(pid=100116) get_body /opt/stack/cinder/cinder/api/openstack/wsgi.py:703}}
Aug 04 15:24:16.307554 dv-cinder-689486-15-smb devstack@c-api.service[100116]: /usr/local/lib/python3.8/dist-packages/webob/acceptparse.py:1047: DeprecationWarning: The behavior of AcceptValidHeader.best_match is currently being maintained for backward compatibility, but it will be deprecated in the future, as it does not conform to the RFC.
Aug 04 15:24:16.307554 dv-cinder-689486-15-smb devstack@c-api.service[100116]: warnings.warn(
Aug 04 15:24:16.308093 dv-cinder-689486-15-smb devstack@c-api.service[100116]: DEBUG cinder.api.openstack.wsgi [None req-2b3c823b-b307-444d-9a2f-b5d385cb6ac9 tempest-VolumeTypesAccessTest-2143752097 tempest-VolumeTypesAccessTest-2143752097-project-admin] Calling method 'show' {{(pid=100116) _process_stack /opt/stack/cinder/cinder/api/openstack/wsgi.py:856}}
Aug 04 15:24:16.313687 dv-cinder-689486-15-smb devstack@c-api.service[100116]: INFO cinder.api.openstack.wsgi [None req-2b3c823b-b307-444d-9a2f-b5d385cb6ac9 tempest-VolumeTypesAccessTest-2143752097 tempest-VolumeTypesAccessTest-2143752097-project-admin] http://10.222.0.53/volume/v3/68d0b62c6bcb40acadfd651e205ebeed/types/24ff3193-d5f5-40ab-a87b-7a036af61909 returned with HTTP 404
Aug 04 15:24:16.315356 dv-cinder-689486-15-smb devstack@c-api.service[100116]: [pid: 100116|app: 0|req: 201/398] 10.222.0.53 () {58 vars in 1319 bytes} [Wed Aug 4 15:24:16 2021] GET /volume/v3/68d0b62c6bcb40acadfd651e205ebeed/types/24ff3193-d5f5-40ab-a87b-7a036af61909 => generated 114 bytes in 14 msecs (HTTP/1.1 404) 7 headers in 292 bytes (1 switches on core 0)
Aug 04 15:24:16.321425 dv-cinder-689486-15-smb devstack@c-api.service[100116]: INFO cinder.api.openstack.wsgi [None req-8345453b-f84c-45fa-8a12-2777491e78fd tempest-SnapshotsActionsTest-288331337 tempest-SnapshotsActionsTest-288331337-project] GET http://10.222.0.53/volume/v3/9317bc13309f49fb8ae347e2f0f35e80/snapshots/eb8928bc-5bd7-4341-ab45-6eb00d4ced04
Aug 04 15:24:16.322080 dv-cinder-689486-15-smb devstack@c-api.service[100116]: DEBUG cinder.api.openstack.wsgi [None req-8345453b-f84c-45fa-8a12-2777491e78fd tempest-SnapshotsActionsTest-288331337 tempest-SnapshotsActionsTest-288331337-project] Empty body provided in request {{(pid=100116) get_body /opt/stack/cinder/cinder/api/openstack/wsgi.py:703}}
Aug 04 15:24:16.322694 dv-cinder-689486-15-smb devstack@c-api.service[100116]: DEBUG cinder.api.openstack.wsgi [None req-8345453b-f84c-45fa-8a12-2777491e78fd tempest-SnapshotsActionsTest-288331337 tempest-SnapshotsActionsTest-288331337-project] Calling method 'show' {{(pid=100116) _process_stack /opt/stack/cinder/cinder/api/openstack/wsgi.py:856}}
Aug 04 15:24:16.327634 dv-cinder-689486-15-smb devstack@c-api.service[100117]: INFO cinder.api.openstack.wsgi [None req-43940337-13ef-478a-978c-694ef8beff6d tempest-DeleteServersTestJSON-1906810960 tempest-DeleteServersTestJSON-1906810960-project] http://10.222.0.53/volume/v3/bd0da0ba77074c96847f6aa56fa32bf5/volumes/01326019-2c36-4b7e-b32c-2cfa35e30c73 returned with HTTP 200
Aug 04 15:24:16.338985 dv-cinder-689486-15-smb devstack@c-api.service[100117]: [pid: 100117|app: 0|req: 198/399] 10.222.0.53 () {58 vars in 1325 bytes} [Wed Aug 4 15:24:16 2021] GET /volume/v3/bd0da0ba77074c96847f6aa56fa32bf5/volumes/01326019-2c36-4b7e-b32c-2cfa35e30c73 => generated 913 bytes in 81 msecs (HTTP/1.1 200) 7 headers in 285 bytes (1 switches on core 0)
Aug 04 15:24:16.338985 dv-cinder-689486-15-smb devstack@c-api.service[100117]: INFO cinder.api.openstack.wsgi [None req-1799f151-0992-49cc-8a34-1ef24d9397dd tempest-VolumeTypesAccessTest-1304449505 tempest-VolumeTypesAccessTest-1304449505-project] DELETE http://10.222.0.53/volume/v3/6ab5d5511214483d831f18cdd879f0f4/volumes/1efd0063-25a7-4eb0-8452-683270f731db
Aug 04 15:24:16.338985 dv-cinder-689486-15-smb devstack@c-api.service[100117]: DEBUG cinder.api.openstack.wsgi [None req-1799f151-0992-49cc-8a34-1ef24d9397dd tempest-VolumeTypesAccessTest-1304449505 tempest-VolumeTypesAccessTest-1304449505-project] Empty body provided in request {{(pid=100117) get_body /opt/stack/cinder/cinder/api/openstack/wsgi.py:703}}
Aug 04 15:24:16.339511 dv-cinder-689486-15-smb devstack@c-api.service[100117]: /usr/local/lib/python3.8/dist-packages/webob/acceptparse.py:1047: DeprecationWarning: The behavior of AcceptValidHeader.best_match is currently being maintained for backward compatibility, but it will be deprecated in the future, as it does not conform to the RFC.
Aug 04 15:24:16.339511 dv-cinder-689486-15-smb devstack@c-api.service[100117]: warnings.warn(
Aug 04 15:24:16.339511 dv-cinder-689486-15-smb devstack@c-api.service[100117]: DEBUG cinder.api.openstack.wsgi [None req-1799f151-0992-49cc-8a34-1ef24d9397dd tempest-VolumeTypesAccessTest-1304449505 tempest-VolumeTypesAccessTest-1304449505-project] Calling method 'delete' {{(pid=100117) _process_stack /opt/stack/cinder/cinder/api/openstack/wsgi.py:856}}
Aug 04 15:24:16.339883 dv-cinder-689486-15-smb devstack@c-api.service[100117]: INFO cinder.api.v3.volumes [None req-1799f151-0992-49cc-8a34-1ef24d9397dd tempest-VolumeTypesAccessTest-1304449505 tempest-VolumeTypesAccessTest-1304449505-project] Delete volume with id: 1efd0063-25a7-4eb0-8452-683270f731db
Aug 04 15:24:16.346503 dv-cinder-689486-15-smb devstack@c-api.service[100116]: /usr/local/lib/python3.8/dist-packages/oslo_context/context.py:105: DeprecationWarning: Policy enforcement is depending on the value of is_admin. This key is deprecated. Please update your policy file to use the standard policy values.
Aug 04 15:24:16.346503 dv-cinder-689486-15-smb devstack@c-api.service[100116]: warnings.warn('Policy enforcement is depending on the value of '
Aug 04 15:24:16.347897 dv-cinder-689486-15-smb devstack@c-api.service[100116]: INFO cinder.volume.api [None req-8345453b-f84c-45fa-8a12-2777491e78fd tempest-SnapshotsActionsTest-288331337 tempest-SnapshotsActionsTest-288331337-project] Snapshot retrieved successfully.
Aug 04 15:24:16.351338 dv-cinder-689486-15-smb devstack@c-api.service[100116]: INFO cinder.api.openstack.wsgi [None req-8345453b-f84c-45fa-8a12-2777491e78fd tempest-SnapshotsActionsTest-288331337 tempest-SnapshotsActionsTest-288331337-project] http://10.222.0.53/volume/v3/9317bc13309f49fb8ae347e2f0f35e80/snapshots/eb8928bc-5bd7-4341-ab45-6eb00d4ced04 returned with HTTP 200
Aug 04 15:24:16.352124 dv-cinder-689486-15-smb devstack@c-api.service[100116]: [pid: 100116|app: 0|req: 202/400] 10.222.0.53 () {58 vars in 1331 bytes} [Wed Aug 4 15:24:16 2021] GET /volume/v3/9317bc13309f49fb8ae347e2f0f35e80/snapshots/eb8928bc-5bd7-4341-ab45-6eb00d4ced04 => generated 530 bytes in 36 msecs (HTTP/1.1 200) 7 headers in 285 bytes (1 switches on core 0)
Aug 04 15:24:16.358728 dv-cinder-689486-15-smb devstack@c-api.service[100116]: INFO cinder.api.openstack.wsgi [None req-5da555d3-6c17-4557-8fd9-6fe885399a5b tempest-DeleteServersTestJSON-1906810960 tempest-DeleteServersTestJSON-1906810960-project] GET http://10.222.0.53/volume/v3/bd0da0ba77074c96847f6aa56fa32bf5/volumes/01326019-2c36-4b7e-b32c-2cfa35e30c73
Aug 04 15:24:16.359198 dv-cinder-689486-15-smb devstack@c-api.service[100116]: DEBUG cinder.api.openstack.wsgi [None req-5da555d3-6c17-4557-8fd9-6fe885399a5b tempest-DeleteServersTestJSON-1906810960 tempest-DeleteServersTestJSON-1906810960-project] Empty body provided in request {{(pid=100116) get_body /opt/stack/cinder/cinder/api/openstack/wsgi.py:703}}
Aug 04 15:24:16.359367 dv-cinder-689486-15-smb devstack@c-api.service[100116]: /usr/local/lib/python3.8/dist-packages/webob/acceptparse.py:1047: DeprecationWarning: The behavior of AcceptValidHeader.best_match is currently being maintained for backward compatibility, but it will be deprecated in the future, as it does not conform to the RFC.
Aug 04 15:24:16.359367 dv-cinder-689486-15-smb devstack@c-api.service[100116]: warnings.warn(
Aug 04 15:24:16.359982 dv-cinder-689486-15-smb devstack@c-api.service[100116]: DEBUG cinder.api.openstack.wsgi [None req-5da555d3-6c17-4557-8fd9-6fe885399a5b tempest-DeleteServersTestJSON-1906810960 tempest-DeleteServersTestJSON-1906810960-project] Calling method 'show' {{(pid=100116) _process_stack /opt/stack/cinder/cinder/api/openstack/wsgi.py:856}}
Aug 04 15:24:16.369353 dv-cinder-689486-15-smb devstack@c-api.service[100117]: /usr/local/lib/python3.8/dist-packages/oslo_context/context.py:105: DeprecationWarning: Policy enforcement is depending on the value of is_admin. This key is deprecated. Please update your policy file to use the standard policy values.
Aug 04 15:24:16.369353 dv-cinder-689486-15-smb devstack@c-api.service[100117]: warnings.warn('Policy enforcement is depending on the value of '
Aug 04 15:24:16.373359 dv-cinder-689486-15-smb devstack@c-api.service[100117]: INFO cinder.volume.api [None req-1799f151-0992-49cc-8a34-1ef24d9397dd tempest-VolumeTypesAccessTest-1304449505 tempest-VolumeTypesAccessTest-1304449505-project] Volume info retrieved successfully.
Aug 04 15:24:16.374391 dv-cinder-689486-15-smb devstack@c-api.service[100116]: /usr/local/lib/python3.8/dist-packages/oslo_context/context.py:105: DeprecationWarning: Policy enforcement is depending on the value of is_admin. This key is deprecated. Please update your policy file to use the standard policy values.
Aug 04 15:24:16.374391 dv-cinder-689486-15-smb devstack@c-api.service[100116]: warnings.warn('Policy enforcement is depending on the value of '
Aug 04 15:24:16.382636 dv-cinder-689486-15-smb devstack@c-api.service[100116]: INFO cinder.volume.api [None req-5da555d3-6c17-4557-8fd9-6fe885399a5b tempest-DeleteServersTestJSON-1906810960 tempest-DeleteServersTestJSON-1906810960-project] Volume info retrieved successfully.
Aug 04 15:24:16.407430 dv-cinder-689486-15-smb devstack@c-api.service[100116]: INFO cinder.api.openstack.wsgi [None req-5da555d3-6c17-4557-8fd9-6fe885399a5b tempest-DeleteServersTestJSON-1906810960 tempest-DeleteServersTestJSON-1906810960-project] http://10.222.0.53/volume/v3/bd0da0ba77074c96847f6aa56fa32bf5/volumes/01326019-2c36-4b7e-b32c-2cfa35e30c73 returned with HTTP 200
Aug 04 15:24:16.409947 dv-cinder-689486-15-smb devstack@c-api.service[100116]: [pid: 100116|app: 0|req: 203/401] 10.222.0.53 () {58 vars in 1325 bytes} [Wed Aug 4 15:24:16 2021] GET /volume/v3/bd0da0ba77074c96847f6aa56fa32bf5/volumes/01326019-2c36-4b7e-b32c-2cfa35e30c73 => generated 913 bytes in 57 msecs (HTTP/1.1 200) 7 headers in 285 bytes (1 switches on core 0)
Aug 04 15:24:16.424696 dv-cinder-689486-15-smb devstack@c-api.service[100116]: INFO cinder.api.openstack.wsgi [None req-236f365a-9a0f-4af1-bd2b-5474f301db06 tempest-SnapshotsActionsTest-288331337 tempest-SnapshotsActionsTest-288331337-project] DELETE http://10.222.0.53/volume/v3/9317bc13309f49fb8ae347e2f0f35e80/snapshots/7c74147f-1c4f-48ae-897d-8b87056564af
Aug 04 15:24:16.425135 dv-cinder-689486-15-smb devstack@c-api.service[100116]: DEBUG cinder.api.openstack.wsgi [None req-236f365a-9a0f-4af1-bd2b-5474f301db06 tempest-SnapshotsActionsTest-288331337 tempest-SnapshotsActionsTest-288331337-project] Empty body provided in request {{(pid=100116) get_body /opt/stack/cinder/cinder/api/openstack/wsgi.py:703}}
Aug 04 15:24:16.425301 dv-cinder-689486-15-smb devstack@c-api.service[100116]: /usr/local/lib/python3.8/dist-packages/webob/acceptparse.py:1047: DeprecationWarning: The behavior of AcceptValidHeader.best_match is currently being maintained for backward compatibility, but it will be deprecated in the future, as it does not conform to the RFC.
Aug 04 15:24:16.425301 dv-cinder-689486-15-smb devstack@c-api.service[100116]: warnings.warn(
Aug 04 15:24:16.425858 dv-cinder-689486-15-smb devstack@c-api.service[100116]: DEBUG cinder.api.openstack.wsgi [None req-236f365a-9a0f-4af1-bd2b-5474f301db06 tempest-SnapshotsActionsTest-288331337 tempest-SnapshotsActionsTest-288331337-project] Calling method 'delete' {{(pid=100116) _process_stack /opt/stack/cinder/cinder/api/openstack/wsgi.py:856}}
Aug 04 15:24:16.426323 dv-cinder-689486-15-smb devstack@c-api.service[100116]: INFO cinder.api.v2.snapshots [None req-236f365a-9a0f-4af1-bd2b-5474f301db06 tempest-SnapshotsActionsTest-288331337 tempest-SnapshotsActionsTest-288331337-project] Delete snapshot with id: 7c74147f-1c4f-48ae-897d-8b87056564af
Aug 04 15:24:16.434622 dv-cinder-689486-15-smb devstack@c-api.service[100116]: INFO cinder.api.openstack.wsgi [None req-236f365a-9a0f-4af1-bd2b-5474f301db06 tempest-SnapshotsActionsTest-288331337 tempest-SnapshotsActionsTest-288331337-project] http://10.222.0.53/volume/v3/9317bc13309f49fb8ae347e2f0f35e80/snapshots/7c74147f-1c4f-48ae-897d-8b87056564af returned with HTTP 404
Aug 04 15:24:16.436126 dv-cinder-689486-15-smb devstack@c-api.service[100116]: [pid: 100116|app: 0|req: 204/402] 10.222.0.53 () {58 vars in 1334 bytes} [Wed Aug 4 15:24:16 2021] DELETE /volume/v3/9317bc13309f49fb8ae347e2f0f35e80/snapshots/7c74147f-1c4f-48ae-897d-8b87056564af => generated 111 bytes in 15 msecs (HTTP/1.1 404) 7 headers in 292 bytes (1 switches on core 0)
Aug 04 15:24:16.440731 dv-cinder-689486-15-smb devstack@c-api.service[100116]: INFO cinder.api.openstack.wsgi [None req-195f08b5-6c66-4f2f-9993-92b31fece19f tempest-DeleteServersTestJSON-1906810960 tempest-DeleteServersTestJSON-1906810960-project] GET http://10.222.0.53/volume/v3/bd0da0ba77074c96847f6aa56fa32bf5/volumes/01326019-2c36-4b7e-b32c-2cfa35e30c73
Aug 04 15:24:16.441452 dv-cinder-689486-15-smb devstack@c-api.service[100116]: DEBUG cinder.api.openstack.wsgi [None req-195f08b5-6c66-4f2f-9993-92b31fece19f tempest-DeleteServersTestJSON-1906810960 tempest-DeleteServersTestJSON-1906810960-project] Empty body provided in request {{(pid=100116) get_body /opt/stack/cinder/cinder/api/openstack/wsgi.py:703}}
Aug 04 15:24:16.442088 dv-cinder-689486-15-smb devstack@c-api.service[100116]: DEBUG cinder.api.openstack.wsgi [None req-195f08b5-6c66-4f2f-9993-92b31fece19f tempest-DeleteServersTestJSON-1906810960 tempest-DeleteServersTestJSON-1906810960-project] Calling method 'show' {{(pid=100116) _process_stack /opt/stack/cinder/cinder/api/openstack/wsgi.py:856}}
Aug 04 15:24:16.451575 dv-cinder-689486-15-smb devstack@c-api.service[100117]: INFO cinder.volume.api [None req-1799f151-0992-49cc-8a34-1ef24d9397dd tempest-VolumeTypesAccessTest-1304449505 tempest-VolumeTypesAccessTest-1304449505-project] Delete volume request issued successfully.
Aug 04 15:24:16.454297 dv-cinder-689486-15-smb devstack@c-api.service[100117]: INFO cinder.api.openstack.wsgi [None req-1799f151-0992-49cc-8a34-1ef24d9397dd tempest-VolumeTypesAccessTest-1304449505 tempest-VolumeTypesAccessTest-1304449505-project] http://10.222.0.53/volume/v3/6ab5d5511214483d831f18cdd879f0f4/volumes/1efd0063-25a7-4eb0-8452-683270f731db returned with HTTP 202
Aug 04 15:24:16.457831 dv-cinder-689486-15-smb devstack@c-api.service[100116]: /usr/local/lib/python3.8/dist-packages/oslo_context/context.py:105: DeprecationWarning: Policy enforcement is depending on the value of is_admin. This key is deprecated. Please update your policy file to use the standard policy values.
Aug 04 15:24:16.457831 dv-cinder-689486-15-smb devstack@c-api.service[100116]: warnings.warn('Policy enforcement is depending on the value of '
Aug 04 15:24:16.458908 dv-cinder-689486-15-smb devstack@c-api.service[100117]: [pid: 100117|app: 0|req: 199/403] 10.222.0.53 () {58 vars in 1328 bytes} [Wed Aug 4 15:24:16 2021] DELETE /volume/v3/6ab5d5511214483d831f18cdd879f0f4/volumes/1efd0063-25a7-4eb0-8452-683270f731db => generated 0 bytes in 130 msecs (HTTP/1.1 202) 6 headers in 233 bytes (1 switches on core 0)
Aug 04 15:24:16.465657 dv-cinder-689486-15-smb devstack@c-api.service[100116]: INFO cinder.volume.api [None req-195f08b5-6c66-4f2f-9993-92b31fece19f tempest-DeleteServersTestJSON-1906810960 tempest-DeleteServersTestJSON-1906810960-project] Volume info retrieved successfully.
Aug 04 15:24:16.468898 dv-cinder-689486-15-smb devstack@c-api.service[100117]: INFO cinder.api.openstack.wsgi [None req-cf8d077e-c556-422c-af10-61c9fcd59247 tempest-SnapshotsActionsTest-288331337 tempest-SnapshotsActionsTest-288331337-project] DELETE http://10.222.0.53/volume/v3/9317bc13309f49fb8ae347e2f0f35e80/snapshots/ba44f725-279c-4f74-8397-932b1522ff49
Aug 04 15:24:16.476637 dv-cinder-689486-15-smb devstack@c-api.service[100117]: DEBUG cinder.api.openstack.wsgi [None req-cf8d077e-c556-422c-af10-61c9fcd59247 tempest-SnapshotsActionsTest-288331337 tempest-SnapshotsActionsTest-288331337-project] Empty body provided in request {{(pid=100117) get_body /opt/stack/cinder/cinder/api/openstack/wsgi.py:703}}
Aug 04 15:24:16.476763 dv-cinder-689486-15-smb devstack@c-api.service[100117]: /usr/local/lib/python3.8/dist-packages/webob/acceptparse.py:1047: DeprecationWarning: The behavior of AcceptValidHeader.best_match is currently being maintained for backward compatibility, but it will be deprecated in the future, as it does not conform to the RFC.
Aug 04 15:24:16.476763 dv-cinder-689486-15-smb devstack@c-api.service[100117]: warnings.warn(
Aug 04 15:24:16.481933 dv-cinder-689486-15-smb devstack@c-api.service[100116]: INFO cinder.api.openstack.wsgi [None req-195f08b5-6c66-4f2f-9993-92b31fece19f tempest-DeleteServersTestJSON-1906810960 tempest-DeleteServersTestJSON-1906810960-project] http://10.222.0.53/volume/v3/bd0da0ba77074c96847f6aa56fa32bf5/volumes/01326019-2c36-4b7e-b32c-2cfa35e30c73 returned with HTTP 200
Aug 04 15:24:16.482978 dv-cinder-689486-15-smb devstack@c-api.service[100116]: [pid: 100116|app: 0|req: 205/404] 10.222.0.53 () {58 vars in 1325 bytes} [Wed Aug 4 15:24:16 2021] GET /volume/v3/bd0da0ba77074c96847f6aa56fa32bf5/volumes/01326019-2c36-4b7e-b32c-2cfa35e30c73 => generated 913 bytes in 46 msecs (HTTP/1.1 200) 7 headers in 285 bytes (1 switches on core 0)
Aug 04 15:24:16.490409 dv-cinder-689486-15-smb devstack@c-api.service[100117]: DEBUG cinder.api.openstack.wsgi [None req-cf8d077e-c556-422c-af10-61c9fcd59247 tempest-SnapshotsActionsTest-288331337 tempest-SnapshotsActionsTest-288331337-project] Calling method 'delete' {{(pid=100117) _process_stack /opt/stack/cinder/cinder/api/openstack/wsgi.py:856}}
Aug 04 15:24:16.490409 dv-cinder-689486-15-smb devstack@c-api.service[100117]: INFO cinder.api.v2.snapshots [None req-cf8d077e-c556-422c-af10-61c9fcd59247 tempest-SnapshotsActionsTest-288331337 tempest-SnapshotsActionsTest-288331337-project] Delete snapshot with id: ba44f725-279c-4f74-8397-932b1522ff49
Aug 04 15:24:16.496240 dv-cinder-689486-15-smb devstack@c-api.service[100116]: INFO cinder.api.openstack.wsgi [None req-85fb9b04-2c9a-429f-a74f-767b98cd7d49 tempest-VolumeTypesAccessTest-1304449505 tempest-VolumeTypesAccessTest-1304449505-project] GET http://10.222.0.53/volume/v3/6ab5d5511214483d831f18cdd879f0f4/volumes/1efd0063-25a7-4eb0-8452-683270f731db
Aug 04 15:24:16.496933 dv-cinder-689486-15-smb devstack@c-api.service[100116]: DEBUG cinder.api.openstack.wsgi [None req-85fb9b04-2c9a-429f-a74f-767b98cd7d49 tempest-VolumeTypesAccessTest-1304449505 tempest-VolumeTypesAccessTest-1304449505-project] Empty body provided in request {{(pid=100116) get_body /opt/stack/cinder/cinder/api/openstack/wsgi.py:703}}
