Jun 01 04:28:02.554443 dv-cinder-667108-37-smb devstack@c-api.service[110691]: DEBUG cinder.api.openstack.wsgi [None req-eaa13386-bd7e-4d5b-be3d-76d9a054cbe9 tempest-VolumesServicesTestJSON-102834126 tempest-VolumesServicesTestJSON-102834126-project] Action: 'create', calling method: create, body: {"volume": {"size": 1, "name": "tempest-VolumesServicesTestJSON-Volume-1206746026"}} {{(pid=110691) _process_stack /opt/stack/cinder/cinder/api/openstack/wsgi.py:866}}
Jun 01 04:28:02.555768 dv-cinder-667108-37-smb devstack@c-api.service[110691]: DEBUG cinder.api.v3.volumes [None req-eaa13386-bd7e-4d5b-be3d-76d9a054cbe9 tempest-VolumesServicesTestJSON-102834126 tempest-VolumesServicesTestJSON-102834126-project] Create volume request body: {'volume': {'size': 1, 'name': 'tempest-VolumesServicesTestJSON-Volume-1206746026'}} {{(pid=110691) create /opt/stack/cinder/cinder/api/v3/volumes.py:298}}
Jun 01 04:28:02.556260 dv-cinder-667108-37-smb devstack@c-api.service[110691]: INFO cinder.api.v3.volumes [None req-eaa13386-bd7e-4d5b-be3d-76d9a054cbe9 tempest-VolumesServicesTestJSON-102834126 tempest-VolumesServicesTestJSON-102834126-project] Create volume of 1 GB
Jun 01 04:28:02.564167 dv-cinder-667108-37-smb devstack@c-api.service[110692]: DEBUG cinder.quota [None req-2b768ad9-69b4-4612-ba2a-e1d4a259a45b tempest-VolumeTypesTest-1333036564 tempest-VolumeTypesTest-1333036564-project] Created reservations ['2c411579-c65a-4991-bab6-9db581402b6e', 'e0abbfd7-bf53-4e20-830b-5e19de6279df', '54838be4-8835-4bbd-af29-9478b8d7c0b9', '050ceff0-c3ad-46dd-9287-37e381bfcc01'] {{(pid=110692) reserve /opt/stack/cinder/cinder/quota.py:755}}
Jun 01 04:28:02.567329 dv-cinder-667108-37-smb devstack@c-api.service[110692]: DEBUG cinder.volume.api [None req-2b768ad9-69b4-4612-ba2a-e1d4a259a45b tempest-VolumeTypesTest-1333036564 tempest-VolumeTypesTest-1333036564-project] Task 'cinder.volume.flows.api.create_volume.QuotaReserveTask;volume:create' (75ffe152-e41c-4280-81c9-4e5425238aff) transitioned into state 'SUCCESS' from state 'RUNNING' with result '{'reservations': ['2c411579-c65a-4991-bab6-9db581402b6e', 'e0abbfd7-bf53-4e20-830b-5e19de6279df', '54838be4-8835-4bbd-af29-9478b8d7c0b9', '050ceff0-c3ad-46dd-9287-37e381bfcc01']}' {{(pid=110692) _task_receiver /usr/local/lib/python3.8/dist-packages/taskflow/listeners/logging.py:178}}
Jun 01 04:28:02.568345 dv-cinder-667108-37-smb devstack@c-api.service[110691]: INFO cinder.volume.api [None req-eaa13386-bd7e-4d5b-be3d-76d9a054cbe9 tempest-VolumesServicesTestJSON-102834126 tempest-VolumesServicesTestJSON-102834126-project] Availability Zones retrieved successfully.
Jun 01 04:28:02.571348 dv-cinder-667108-37-smb devstack@c-api.service[110692]: DEBUG cinder.volume.api [None req-2b768ad9-69b4-4612-ba2a-e1d4a259a45b tempest-VolumeTypesTest-1333036564 tempest-VolumeTypesTest-1333036564-project] Task 'cinder.volume.flows.api.create_volume.EntryCreateTask;volume:create' (454e9f70-42a1-438d-ace2-104d05062b59) transitioned into state 'RUNNING' from state 'PENDING' {{(pid=110692) _task_receiver /usr/local/lib/python3.8/dist-packages/taskflow/listeners/logging.py:190}}
Jun 01 04:28:02.589844 dv-cinder-667108-37-smb devstack@c-api.service[110691]: DEBUG cinder.volume.api [None req-eaa13386-bd7e-4d5b-be3d-76d9a054cbe9 tempest-VolumesServicesTestJSON-102834126 tempest-VolumesServicesTestJSON-102834126-project] Flow 'volume_create_api' (9bd7a412-9e26-469a-a287-f818f7bfe546) transitioned into state 'RUNNING' from state 'PENDING' {{(pid=110691) _flow_receiver /usr/local/lib/python3.8/dist-packages/taskflow/listeners/logging.py:141}}
Jun 01 04:28:02.592694 dv-cinder-667108-37-smb devstack@c-api.service[110691]: DEBUG cinder.volume.api [None req-eaa13386-bd7e-4d5b-be3d-76d9a054cbe9 tempest-VolumesServicesTestJSON-102834126 tempest-VolumesServicesTestJSON-102834126-project] Task 'cinder.volume.flows.api.create_volume.ExtractVolumeRequestTask;volume:create' (0c88be67-7318-4398-b4bd-1d35f86a06b8) transitioned into state 'RUNNING' from state 'PENDING' {{(pid=110691) _task_receiver /usr/local/lib/python3.8/dist-packages/taskflow/listeners/logging.py:190}}
Jun 01 04:28:02.596016 dv-cinder-667108-37-smb devstack@c-api.service[110691]: DEBUG cinder.volume.flows.api.create_volume [None req-eaa13386-bd7e-4d5b-be3d-76d9a054cbe9 tempest-VolumesServicesTestJSON-102834126 tempest-VolumesServicesTestJSON-102834126-project] Validating volume size '1' using validate_int {{(pid=110691) _extract_size /opt/stack/cinder/cinder/volume/flows/api/create_volume.py:228}}
Jun 01 04:28:02.642434 dv-cinder-667108-37-smb devstack@c-api.service[110692]: DEBUG cinder.volume.api [None req-2b768ad9-69b4-4612-ba2a-e1d4a259a45b tempest-VolumeTypesTest-1333036564 tempest-VolumeTypesTest-1333036564-project] Task 'cinder.volume.flows.api.create_volume.EntryCreateTask;volume:create' (454e9f70-42a1-438d-ace2-104d05062b59) transitioned into state 'SUCCESS' from state 'RUNNING' with result '{'volume_id': '820c2957-5b7a-4e17-b110-7dab1f33fc2f', 'volume_properties': VolumeProperties(attach_status='detached',availability_zone='nova',cgsnapshot_id=None,consistencygroup_id=None,display_description=None,display_name='tempest-VolumeTypesTest-volume-548971830',encryption_key_id=None,group_id=None,group_type_id=,metadata={},multiattach=False,project_id='084520030c5d4d58a7f5d48c456df0ab',qos_specs=None,replication_status=,reservations=['2c411579-c65a-4991-bab6-9db581402b6e','e0abbfd7-bf53-4e20-830b-5e19de6279df','54838be4-8835-4bbd-af29-9478b8d7c0b9','050ceff0-c3ad-46dd-9287-37e381bfcc01'],size=1,snapshot_id=None,source_replicaid=,source_volid=None,status='creating',user_id='befb5805fb0845198b49ba60f7c2b68f',volume_type_id=2763f098-76bf-42aa-b2fc-1f679a14b812), 'volume': Volume(_name_id=None,admin_metadata=,attach_status='detached',availability_zone='nova',bootable=False,cluster=,cluster_name=None,consistencygroup=,consistencygroup_id=None,created_at=2022-06-01T04:28:02Z,deleted=False,deleted_at=None,display_description=None,display_name='tempest-VolumeTypesTest-volume-548971830',ec2_id=None,encryption_key_id=None,glance_metadata=,group=,group_id=None,host=None,id=820c2957-5b7a-4e17-b110-7dab1f33fc2f,launched_at=None,metadata={},migration_status=None,multiattach=False,previous_status=None,project_id='084520030c5d4d58a7f5d48c456df0ab',provider_auth=None,provider_geometry=None,provider_id=None,provider_location=None,replication_driver_data=None,replication_extended_status=None,replication_status=None,scheduled_at=None,service_uuid=None,shared_targets=True,size=1,snapshot_id=None,snapshots=,source_volid=None,status='creating',terminated_at=None,updated_at=None,use_quota=True,user_id='befb5805fb0845198b49ba60f7c2b68f',volume_attachment=VolumeAttachmentList,volume_type=VolumeType(2763f098-76bf-42aa-b2fc-1f679a14b812),volume_type_id=2763f098-76bf-42aa-b2fc-1f679a14b812)}' {{(pid=110692) _task_receiver /usr/local/lib/python3.8/dist-packages/taskflow/listeners/logging.py:178}}
Jun 01 04:28:02.648797 dv-cinder-667108-37-smb devstack@c-api.service[110692]: DEBUG cinder.volume.api [None req-2b768ad9-69b4-4612-ba2a-e1d4a259a45b tempest-VolumeTypesTest-1333036564 tempest-VolumeTypesTest-1333036564-project] Task 'cinder.volume.flows.api.create_volume.QuotaCommitTask;volume:create' (dadb95ae-344e-42ad-8fe2-5cb7601fd539) transitioned into state 'RUNNING' from state 'PENDING' {{(pid=110692) _task_receiver /usr/local/lib/python3.8/dist-packages/taskflow/listeners/logging.py:190}}
Jun 01 04:28:02.650218 dv-cinder-667108-37-smb devstack@c-api.service[110691]: DEBUG cinder.volume.api [None req-eaa13386-bd7e-4d5b-be3d-76d9a054cbe9 tempest-VolumesServicesTestJSON-102834126 tempest-VolumesServicesTestJSON-102834126-project] Task 'cinder.volume.flows.api.create_volume.ExtractVolumeRequestTask;volume:create' (0c88be67-7318-4398-b4bd-1d35f86a06b8) transitioned into state 'SUCCESS' from state 'RUNNING' with result '{'size': 1, 'snapshot_id': None, 'source_volid': None, 'volume_type': VolumeType(created_at=2022-06-01T04:16:54Z,deleted=False,deleted_at=None,description='Default Volume Type',extra_specs={},id=77085865-81d0-4421-a099-17b8e5752bff,is_public=True,name='__DEFAULT__',projects=[],qos_specs=,qos_specs_id=None,updated_at=2022-06-01T04:16:54Z), 'volume_type_id': '77085865-81d0-4421-a099-17b8e5752bff', 'encryption_key_id': None, 'qos_specs': None, 'consistencygroup_id': None, 'cgsnapshot_id': None, 'group_id': None, 'replication_status': 'disabled', 'refresh_az': False, 'backup_id': None, 'multiattach': False, 'availability_zones': ['nova']}' {{(pid=110691) _task_receiver /usr/local/lib/python3.8/dist-packages/taskflow/listeners/logging.py:178}}
Jun 01 04:28:02.652660 dv-cinder-667108-37-smb devstack@c-api.service[110691]: DEBUG cinder.volume.api [None req-eaa13386-bd7e-4d5b-be3d-76d9a054cbe9 tempest-VolumesServicesTestJSON-102834126 tempest-VolumesServicesTestJSON-102834126-project] Task 'cinder.volume.flows.api.create_volume.QuotaReserveTask;volume:create' (c1441bf1-70c5-4f4e-9dd8-0fce4c42ac5f) transitioned into state 'RUNNING' from state 'PENDING' {{(pid=110691) _task_receiver /usr/local/lib/python3.8/dist-packages/taskflow/listeners/logging.py:190}}
Jun 01 04:28:02.660906 dv-cinder-667108-37-smb devstack@c-api.service[110692]: DEBUG dbcounter [-] [110692] Writing DB stats cinder:SELECT=75,cinder:UPDATE=9,cinder:INSERT=16 {{(pid=110692) stat_writer /usr/local/lib/python3.8/dist-packages/dbcounter.py:114}}
Jun 01 04:28:02.720648 dv-cinder-667108-37-smb devstack@c-api.service[110692]: DEBUG cinder.volume.api [None req-2b768ad9-69b4-4612-ba2a-e1d4a259a45b tempest-VolumeTypesTest-1333036564 tempest-VolumeTypesTest-1333036564-project] Task 'cinder.volume.flows.api.create_volume.QuotaCommitTask;volume:create' (dadb95ae-344e-42ad-8fe2-5cb7601fd539) transitioned into state 'SUCCESS' from state 'RUNNING' with result '{'volume_properties': VolumeProperties(attach_status='detached',availability_zone='nova',cgsnapshot_id=None,consistencygroup_id=None,display_description=None,display_name='tempest-VolumeTypesTest-volume-548971830',encryption_key_id=None,group_id=None,group_type_id=,metadata={},multiattach=False,project_id='084520030c5d4d58a7f5d48c456df0ab',qos_specs=None,replication_status=,reservations=['2c411579-c65a-4991-bab6-9db581402b6e','e0abbfd7-bf53-4e20-830b-5e19de6279df','54838be4-8835-4bbd-af29-9478b8d7c0b9','050ceff0-c3ad-46dd-9287-37e381bfcc01'],size=1,snapshot_id=None,source_replicaid=,source_volid=None,status='creating',user_id='befb5805fb0845198b49ba60f7c2b68f',volume_type_id=2763f098-76bf-42aa-b2fc-1f679a14b812)}' {{(pid=110692) _task_receiver /usr/local/lib/python3.8/dist-packages/taskflow/listeners/logging.py:178}}
Jun 01 04:28:02.724610 dv-cinder-667108-37-smb devstack@c-api.service[110692]: DEBUG cinder.volume.api [None req-2b768ad9-69b4-4612-ba2a-e1d4a259a45b tempest-VolumeTypesTest-1333036564 tempest-VolumeTypesTest-1333036564-project] Task 'cinder.volume.flows.api.create_volume.VolumeCastTask;volume:create' (166a6b6d-7dc8-4576-b9ef-eb5bdb8e346f) transitioned into state 'RUNNING' from state 'PENDING' {{(pid=110692) _task_receiver /usr/local/lib/python3.8/dist-packages/taskflow/listeners/logging.py:190}}
Jun 01 04:28:02.764654 dv-cinder-667108-37-smb devstack@c-api.service[110692]: DEBUG cinder.volume.api [None req-2b768ad9-69b4-4612-ba2a-e1d4a259a45b tempest-VolumeTypesTest-1333036564 tempest-VolumeTypesTest-1333036564-project] Task 'cinder.volume.flows.api.create_volume.VolumeCastTask;volume:create' (166a6b6d-7dc8-4576-b9ef-eb5bdb8e346f) transitioned into state 'SUCCESS' from state 'RUNNING' with result 'None' {{(pid=110692) _task_receiver /usr/local/lib/python3.8/dist-packages/taskflow/listeners/logging.py:178}}
Jun 01 04:28:02.770346 dv-cinder-667108-37-smb devstack@c-api.service[110692]: DEBUG cinder.volume.api [None req-2b768ad9-69b4-4612-ba2a-e1d4a259a45b tempest-VolumeTypesTest-1333036564 tempest-VolumeTypesTest-1333036564-project] Flow 'volume_create_api' (2c2f8366-623e-4cdc-bbc3-3a3770fa0d89) transitioned into state 'SUCCESS' from state 'RUNNING' {{(pid=110692) _flow_receiver /usr/local/lib/python3.8/dist-packages/taskflow/listeners/logging.py:141}}
Jun 01 04:28:02.776017 dv-cinder-667108-37-smb devstack@c-api.service[110692]: INFO cinder.volume.api [None req-2b768ad9-69b4-4612-ba2a-e1d4a259a45b tempest-VolumeTypesTest-1333036564 tempest-VolumeTypesTest-1333036564-project] Create volume request issued successfully.
Jun 01 04:28:02.776017 dv-cinder-667108-37-smb devstack@c-api.service[110692]: INFO cinder.api.openstack.wsgi [None req-2b768ad9-69b4-4612-ba2a-e1d4a259a45b tempest-VolumeTypesTest-1333036564 tempest-VolumeTypesTest-1333036564-project] http://10.222.0.32/volume/v3/084520030c5d4d58a7f5d48c456df0ab/volumes returned with HTTP 202
Jun 01 04:28:02.790665 dv-cinder-667108-37-smb devstack@c-api.service[110692]: [pid: 110692|app: 0|req: 78/151] 10.222.0.32 () {60 vars in 1235 bytes} [Wed Jun 1 04:28:01 2022] POST /volume/v3/084520030c5d4d58a7f5d48c456df0ab/volumes => generated 849 bytes in 924 msecs (HTTP/1.1 202) 7 headers in 291 bytes (1 switches on core 0)
Jun 01 04:28:02.796896 dv-cinder-667108-37-smb devstack@c-api.service[110692]: DEBUG cinder.api.middleware.request_id [None req-7237b4e1-44d6-4132-9f46-7aa791ea1f2d None None] RequestId filter calling following filter/app {{(pid=110692) _context_setter /opt/stack/cinder/cinder/api/middleware/request_id.py:62}}
Jun 01 04:28:02.810749 dv-cinder-667108-37-smb devstack@c-api.service[110691]: DEBUG cinder.quota [None req-eaa13386-bd7e-4d5b-be3d-76d9a054cbe9 tempest-VolumesServicesTestJSON-102834126 tempest-VolumesServicesTestJSON-102834126-project] Created reservations ['46932438-242e-43da-ab95-d89e558f1951', 'fdb2a12c-e188-492b-a1ff-069647e7055f', 'd8d0eeba-3ea5-4d1f-9c2c-c0e3758f20cc', '7d790692-ea82-4388-9ce9-8e33dcd61db8'] {{(pid=110691) reserve /opt/stack/cinder/cinder/quota.py:755}}
Jun 01 04:28:02.812745 dv-cinder-667108-37-smb devstack@c-api.service[110691]: DEBUG cinder.volume.api [None req-eaa13386-bd7e-4d5b-be3d-76d9a054cbe9 tempest-VolumesServicesTestJSON-102834126 tempest-VolumesServicesTestJSON-102834126-project] Task 'cinder.volume.flows.api.create_volume.QuotaReserveTask;volume:create' (c1441bf1-70c5-4f4e-9dd8-0fce4c42ac5f) transitioned into state 'SUCCESS' from state 'RUNNING' with result '{'reservations': ['46932438-242e-43da-ab95-d89e558f1951', 'fdb2a12c-e188-492b-a1ff-069647e7055f', 'd8d0eeba-3ea5-4d1f-9c2c-c0e3758f20cc', '7d790692-ea82-4388-9ce9-8e33dcd61db8']}' {{(pid=110691) _task_receiver /usr/local/lib/python3.8/dist-packages/taskflow/listeners/logging.py:178}}
Jun 01 04:28:02.818439 dv-cinder-667108-37-smb devstack@c-api.service[110691]: DEBUG cinder.volume.api [None req-eaa13386-bd7e-4d5b-be3d-76d9a054cbe9 tempest-VolumesServicesTestJSON-102834126 tempest-VolumesServicesTestJSON-102834126-project] Task 'cinder.volume.flows.api.create_volume.EntryCreateTask;volume:create' (c0ef304a-38ae-43e5-9646-23fc8b5e829c) transitioned into state 'RUNNING' from state 'PENDING' {{(pid=110691) _task_receiver /usr/local/lib/python3.8/dist-packages/taskflow/listeners/logging.py:190}}
Jun 01 04:28:02.873888 dv-cinder-667108-37-smb devstack@c-api.service[110691]: DEBUG cinder.volume.api [None req-eaa13386-bd7e-4d5b-be3d-76d9a054cbe9 tempest-VolumesServicesTestJSON-102834126 tempest-VolumesServicesTestJSON-102834126-project] Task 'cinder.volume.flows.api.create_volume.EntryCreateTask;volume:create' (c0ef304a-38ae-43e5-9646-23fc8b5e829c) transitioned into state 'SUCCESS' from state 'RUNNING' with result '{'volume_id': '37b736a6-03eb-40f5-abe2-a1d64a279b0b', 'volume_properties': VolumeProperties(attach_status='detached',availability_zone='nova',cgsnapshot_id=None,consistencygroup_id=None,display_description=None,display_name='tempest-VolumesServicesTestJSON-Volume-1206746026',encryption_key_id=None,group_id=None,group_type_id=,metadata={},multiattach=False,project_id='36e58ea7f3564794b37743e58abf21ae',qos_specs=None,replication_status=,reservations=['46932438-242e-43da-ab95-d89e558f1951','fdb2a12c-e188-492b-a1ff-069647e7055f','d8d0eeba-3ea5-4d1f-9c2c-c0e3758f20cc','7d790692-ea82-4388-9ce9-8e33dcd61db8'],size=1,snapshot_id=None,source_replicaid=,source_volid=None,status='creating',user_id='28f5167ef7a546999490a07f8292805b',volume_type_id=77085865-81d0-4421-a099-17b8e5752bff), 'volume': Volume(_name_id=None,admin_metadata=,attach_status='detached',availability_zone='nova',bootable=False,cluster=,cluster_name=None,consistencygroup=,consistencygroup_id=None,created_at=2022-06-01T04:28:02Z,deleted=False,deleted_at=None,display_description=None,display_name='tempest-VolumesServicesTestJSON-Volume-1206746026',ec2_id=None,encryption_key_id=None,glance_metadata=,group=,group_id=None,host=None,id=37b736a6-03eb-40f5-abe2-a1d64a279b0b,launched_at=None,metadata={},migration_status=None,multiattach=False,previous_status=None,project_id='36e58ea7f3564794b37743e58abf21ae',provider_auth=None,provider_geometry=None,provider_id=None,provider_location=None,replication_driver_data=None,replication_extended_status=None,replication_status=None,scheduled_at=None,service_uuid=None,shared_targets=True,size=1,snapshot_id=None,snapshots=,source_volid=None,status='creating',terminated_at=None,updated_at=None,use_quota=True,user_id='28f5167ef7a546999490a07f8292805b',volume_attachment=VolumeAttachmentList,volume_type=VolumeType(77085865-81d0-4421-a099-17b8e5752bff),volume_type_id=77085865-81d0-4421-a099-17b8e5752bff)}' {{(pid=110691) _task_receiver /usr/local/lib/python3.8/dist-packages/taskflow/listeners/logging.py:178}}
Jun 01 04:28:02.881091 dv-cinder-667108-37-smb devstack@c-api.service[110691]: DEBUG cinder.volume.api [None req-eaa13386-bd7e-4d5b-be3d-76d9a054cbe9 tempest-VolumesServicesTestJSON-102834126 tempest-VolumesServicesTestJSON-102834126-project] Task 'cinder.volume.flows.api.create_volume.QuotaCommitTask;volume:create' (9c1e1dd8-99fb-457e-8eb3-b4427ea95bc8) transitioned into state 'RUNNING' from state 'PENDING' {{(pid=110691) _task_receiver /usr/local/lib/python3.8/dist-packages/taskflow/listeners/logging.py:190}}
Jun 01 04:28:02.946307 dv-cinder-667108-37-smb devstack@c-api.service[110691]: DEBUG cinder.volume.api [None req-eaa13386-bd7e-4d5b-be3d-76d9a054cbe9 tempest-VolumesServicesTestJSON-102834126 tempest-VolumesServicesTestJSON-102834126-project] Task 'cinder.volume.flows.api.create_volume.QuotaCommitTask;volume:create' (9c1e1dd8-99fb-457e-8eb3-b4427ea95bc8) transitioned into state 'SUCCESS' from state 'RUNNING' with result '{'volume_properties': VolumeProperties(attach_status='detached',availability_zone='nova',cgsnapshot_id=None,consistencygroup_id=None,display_description=None,display_name='tempest-VolumesServicesTestJSON-Volume-1206746026',encryption_key_id=None,group_id=None,group_type_id=,metadata={},multiattach=False,project_id='36e58ea7f3564794b37743e58abf21ae',qos_specs=None,replication_status=,reservations=['46932438-242e-43da-ab95-d89e558f1951','fdb2a12c-e188-492b-a1ff-069647e7055f','d8d0eeba-3ea5-4d1f-9c2c-c0e3758f20cc','7d790692-ea82-4388-9ce9-8e33dcd61db8'],size=1,snapshot_id=None,source_replicaid=,source_volid=None,status='creating',user_id='28f5167ef7a546999490a07f8292805b',volume_type_id=77085865-81d0-4421-a099-17b8e5752bff)}' {{(pid=110691) _task_receiver /usr/local/lib/python3.8/dist-packages/taskflow/listeners/logging.py:178}}
Jun 01 04:28:02.948425 dv-cinder-667108-37-smb devstack@c-api.service[110691]: DEBUG cinder.volume.api [None req-eaa13386-bd7e-4d5b-be3d-76d9a054cbe9 tempest-VolumesServicesTestJSON-102834126 tempest-VolumesServicesTestJSON-102834126-project] Task 'cinder.volume.flows.api.create_volume.VolumeCastTask;volume:create' (48d3ffcd-3355-4c90-aa10-e267500b11e6) transitioned into state 'RUNNING' from state 'PENDING' {{(pid=110691) _task_receiver /usr/local/lib/python3.8/dist-packages/taskflow/listeners/logging.py:190}}
Jun 01 04:28:02.985203 dv-cinder-667108-37-smb devstack@c-api.service[110691]: DEBUG cinder.volume.api [None req-eaa13386-bd7e-4d5b-be3d-76d9a054cbe9 tempest-VolumesServicesTestJSON-102834126 tempest-VolumesServicesTestJSON-102834126-project] Task 'cinder.volume.flows.api.create_volume.VolumeCastTask;volume:create' (48d3ffcd-3355-4c90-aa10-e267500b11e6) transitioned into state 'SUCCESS' from state 'RUNNING' with result 'None' {{(pid=110691) _task_receiver /usr/local/lib/python3.8/dist-packages/taskflow/listeners/logging.py:178}}
Jun 01 04:28:02.991830 dv-cinder-667108-37-smb devstack@c-api.service[110691]: DEBUG cinder.volume.api [None req-eaa13386-bd7e-4d5b-be3d-76d9a054cbe9 tempest-VolumesServicesTestJSON-102834126 tempest-VolumesServicesTestJSON-102834126-project] Flow 'volume_create_api' (9bd7a412-9e26-469a-a287-f818f7bfe546) transitioned into state 'SUCCESS' from state 'RUNNING' {{(pid=110691) _flow_receiver /usr/local/lib/python3.8/dist-packages/taskflow/listeners/logging.py:141}}
Jun 01 04:28:02.993257 dv-cinder-667108-37-smb devstack@c-api.service[110691]: INFO cinder.volume.api [None req-eaa13386-bd7e-4d5b-be3d-76d9a054cbe9 tempest-VolumesServicesTestJSON-102834126 tempest-VolumesServicesTestJSON-102834126-project] Create volume request issued successfully.
Jun 01 04:28:02.995116 dv-cinder-667108-37-smb devstack@c-api.service[110691]: INFO cinder.api.openstack.wsgi [None req-eaa13386-bd7e-4d5b-be3d-76d9a054cbe9 tempest-VolumesServicesTestJSON-102834126 tempest-VolumesServicesTestJSON-102834126-project] http://10.222.0.32/volume/v3/36e58ea7f3564794b37743e58abf21ae/volumes returned with HTTP 202
Jun 01 04:28:02.999308 dv-cinder-667108-37-smb devstack@c-api.service[110691]: [pid: 110691|app: 0|req: 74/152] 10.222.0.32 () {60 vars in 1234 bytes} [Wed Jun 1 04:28:02 2022] POST /volume/v3/36e58ea7f3564794b37743e58abf21ae/volumes => generated 823 bytes in 845 msecs (HTTP/1.1 202) 7 headers in 291 bytes (1 switches on core 0)
Jun 01 04:28:03.011293 dv-cinder-667108-37-smb devstack@c-api.service[110691]: DEBUG cinder.api.middleware.request_id [None req-ea1200e3-13d4-4cec-8601-c903928ae387 None None] RequestId filter calling following filter/app {{(pid=110691) _context_setter /opt/stack/cinder/cinder/api/middleware/request_id.py:62}}
Jun 01 04:28:03.028624 dv-cinder-667108-37-smb devstack@c-api.service[110691]: INFO cinder.api.openstack.wsgi [None req-ea1200e3-13d4-4cec-8601-c903928ae387 tempest-VolumeTypesTest-1333036564 tempest-VolumeTypesTest-1333036564-project] GET http://10.222.0.32/volume/v3/084520030c5d4d58a7f5d48c456df0ab/volumes/820c2957-5b7a-4e17-b110-7dab1f33fc2f
Jun 01 04:28:03.029096 dv-cinder-667108-37-smb devstack@c-api.service[110691]: DEBUG cinder.api.openstack.wsgi [None req-ea1200e3-13d4-4cec-8601-c903928ae387 tempest-VolumeTypesTest-1333036564 tempest-VolumeTypesTest-1333036564-project] Empty body provided in request {{(pid=110691) get_body /opt/stack/cinder/cinder/api/openstack/wsgi.py:715}}
Jun 01 04:28:03.030993 dv-cinder-667108-37-smb devstack@c-api.service[110691]: DEBUG cinder.api.openstack.wsgi [None req-ea1200e3-13d4-4cec-8601-c903928ae387 tempest-VolumeTypesTest-1333036564 tempest-VolumeTypesTest-1333036564-project] Calling method 'show' {{(pid=110691) _process_stack /opt/stack/cinder/cinder/api/openstack/wsgi.py:868}}
Jun 01 04:28:03.060524 dv-cinder-667108-37-smb devstack@c-api.service[110691]: /usr/local/lib/python3.8/dist-packages/oslo_context/context.py:100: DeprecationWarning: Policy enforcement is depending on the value of is_admin. This key is deprecated. Please update your policy file to use the standard policy values.
Jun 01 04:28:03.060524 dv-cinder-667108-37-smb devstack@c-api.service[110691]: warnings.warn('Policy enforcement is depending on the value of '
Jun 01 04:28:03.083327 dv-cinder-667108-37-smb devstack@c-api.service[110691]: INFO cinder.volume.api [None req-ea1200e3-13d4-4cec-8601-c903928ae387 tempest-VolumeTypesTest-1333036564 tempest-VolumeTypesTest-1333036564-project] Volume info retrieved successfully.
Jun 01 04:28:03.116282 dv-cinder-667108-37-smb devstack@c-api.service[110691]: INFO cinder.api.openstack.wsgi [None req-ea1200e3-13d4-4cec-8601-c903928ae387 tempest-VolumeTypesTest-1333036564 tempest-VolumeTypesTest-1333036564-project] http://10.222.0.32/volume/v3/084520030c5d4d58a7f5d48c456df0ab/volumes/820c2957-5b7a-4e17-b110-7dab1f33fc2f returned with HTTP 200
Jun 01 04:28:03.116282 dv-cinder-667108-37-smb devstack@c-api.service[110691]: [pid: 110691|app: 0|req: 75/153] 10.222.0.32 () {58 vars in 1324 bytes} [Wed Jun 1 04:28:02 2022] GET /volume/v3/084520030c5d4d58a7f5d48c456df0ab/volumes/820c2957-5b7a-4e17-b110-7dab1f33fc2f => generated 941 bytes in 112 msecs (HTTP/1.1 200) 7 headers in 285 bytes (1 switches on core 0)
Jun 01 04:28:03.116282 dv-cinder-667108-37-smb devstack@c-api.service[110691]: DEBUG cinder.api.middleware.request_id [None req-6609fda8-731b-4fe5-99a2-32e540d07b40 None None] RequestId filter calling following filter/app {{(pid=110691) _context_setter /opt/stack/cinder/cinder/api/middleware/request_id.py:62}}
Jun 01 04:28:03.119559 dv-cinder-667108-37-smb devstack@c-api.service[110691]: INFO cinder.api.openstack.wsgi [None req-6609fda8-731b-4fe5-99a2-32e540d07b40 tempest-VolumesServicesTestJSON-102834126 tempest-VolumesServicesTestJSON-102834126-project] GET http://10.222.0.32/volume/v3/36e58ea7f3564794b37743e58abf21ae/volumes/37b736a6-03eb-40f5-abe2-a1d64a279b0b
Jun 01 04:28:03.126874 dv-cinder-667108-37-smb devstack@c-api.service[110691]: DEBUG cinder.api.openstack.wsgi [None req-6609fda8-731b-4fe5-99a2-32e540d07b40 tempest-VolumesServicesTestJSON-102834126 tempest-VolumesServicesTestJSON-102834126-project] Empty body provided in request {{(pid=110691) get_body /opt/stack/cinder/cinder/api/openstack/wsgi.py:715}}
Jun 01 04:28:03.127427 dv-cinder-667108-37-smb devstack@c-api.service[110691]: DEBUG cinder.api.openstack.wsgi [None req-6609fda8-731b-4fe5-99a2-32e540d07b40 tempest-VolumesServicesTestJSON-102834126 tempest-VolumesServicesTestJSON-102834126-project] Calling method 'show' {{(pid=110691) _process_stack /opt/stack/cinder/cinder/api/openstack/wsgi.py:868}}
Jun 01 04:28:03.168044 dv-cinder-667108-37-smb devstack@c-api.service[110691]: /usr/local/lib/python3.8/dist-packages/oslo_context/context.py:100: DeprecationWarning: Policy enforcement is depending on the value of is_admin. This key is deprecated. Please update your policy file to use the standard policy values.
Jun 01 04:28:03.168044 dv-cinder-667108-37-smb devstack@c-api.service[110691]: warnings.warn('Policy enforcement is depending on the value of '
Jun 01 04:28:03.195451 dv-cinder-667108-37-smb devstack@c-api.service[110691]: INFO cinder.volume.api [None req-6609fda8-731b-4fe5-99a2-32e540d07b40 tempest-VolumesServicesTestJSON-102834126 tempest-VolumesServicesTestJSON-102834126-project] Volume info retrieved successfully.
Jun 01 04:28:03.216374 dv-cinder-667108-37-smb devstack@c-api.service[110691]: DEBUG dbcounter [-] [110691] Writing DB stats cinder:SELECT=74,cinder:UPDATE=16,cinder:INSERT=10 {{(pid=110691) stat_writer /usr/local/lib/python3.8/dist-packages/dbcounter.py:114}}
Jun 01 04:28:03.238256 dv-cinder-667108-37-smb devstack@c-api.service[110691]: INFO cinder.api.openstack.wsgi [None req-6609fda8-731b-4fe5-99a2-32e540d07b40 tempest-VolumesServicesTestJSON-102834126 tempest-VolumesServicesTestJSON-102834126-project] http://10.222.0.32/volume/v3/36e58ea7f3564794b37743e58abf21ae/volumes/37b736a6-03eb-40f5-abe2-a1d64a279b0b returned with HTTP 200
Jun 01 04:28:03.241686 dv-cinder-667108-37-smb devstack@c-api.service[110691]: [pid: 110691|app: 0|req: 76/154] 10.222.0.32 () {58 vars in 1324 bytes} [Wed Jun 1 04:28:03 2022] GET /volume/v3/36e58ea7f3564794b37743e58abf21ae/volumes/37b736a6-03eb-40f5-abe2-a1d64a279b0b => generated 891 bytes in 129 msecs (HTTP/1.1 200) 7 headers in 285 bytes (1 switches on core 0)
Jun 01 04:28:03.313666 dv-cinder-667108-37-smb devstack@c-api.service[110692]: INFO cinder.api.openstack.wsgi [None req-7237b4e1-44d6-4132-9f46-7aa791ea1f2d tempest-GroupsV314Test-1039342192 tempest-GroupsV314Test-1039342192-project-admin] POST http://10.222.0.32/volume/v3/a2e255dc0a804e6db89f2854a806087c/types
Jun 01 04:28:03.314810 dv-cinder-667108-37-smb devstack@c-api.service[110692]: DEBUG cinder.api.openstack.wsgi [None req-7237b4e1-44d6-4132-9f46-7aa791ea1f2d tempest-GroupsV314Test-1039342192 tempest-GroupsV314Test-1039342192-project-admin] Action: 'create', calling method: _create, body: {"volume_type": {"name": "tempest-GroupsV314Test-volume-type-35971122"}} {{(pid=110692) _process_stack /opt/stack/cinder/cinder/api/openstack/wsgi.py:866}}
Jun 01 04:28:03.316388 dv-cinder-667108-37-smb devstack@c-api.service[110692]: /usr/local/lib/python3.8/dist-packages/oslo_context/context.py:100: DeprecationWarning: Policy enforcement is depending on the value of is_admin. This key is deprecated. Please update your policy file to use the standard policy values.
Jun 01 04:28:03.316388 dv-cinder-667108-37-smb devstack@c-api.service[110692]: warnings.warn('Policy enforcement is depending on the value of '
Jun 01 04:28:03.360216 dv-cinder-667108-37-smb devstack@c-api.service[110692]: INFO cinder.api.openstack.wsgi [None req-7237b4e1-44d6-4132-9f46-7aa791ea1f2d tempest-GroupsV314Test-1039342192 tempest-GroupsV314Test-1039342192-project-admin] http://10.222.0.32/volume/v3/a2e255dc0a804e6db89f2854a806087c/types returned with HTTP 200
Jun 01 04:28:03.360882 dv-cinder-667108-37-smb devstack@c-api.service[110692]: [pid: 110692|app: 0|req: 79/155] 10.222.0.32 () {60 vars in 1228 bytes} [Wed Jun 1 04:28:02 2022] POST /volume/v3/a2e255dc0a804e6db89f2854a806087c/types => generated 218 bytes in 569 msecs (HTTP/1.1 200) 7 headers in 285 bytes (1 switches on core 0)
Jun 01 04:28:03.367953 dv-cinder-667108-37-smb devstack@c-api.service[110691]: DEBUG cinder.api.middleware.request_id [None req-a583181c-afdd-4b6a-b6a0-ca12af212182 None None] RequestId filter calling following filter/app {{(pid=110691) _context_setter /opt/stack/cinder/cinder/api/middleware/request_id.py:62}}
Jun 01 04:28:03.372491 dv-cinder-667108-37-smb devstack@c-api.service[110691]: INFO cinder.api.openstack.wsgi [None req-a583181c-afdd-4b6a-b6a0-ca12af212182 tempest-GroupsV314Test-1039342192 tempest-GroupsV314Test-1039342192-project-admin] POST http://10.222.0.32/volume/v3/a2e255dc0a804e6db89f2854a806087c/group_types
Jun 01 04:28:03.373541 dv-cinder-667108-37-smb devstack@c-api.service[110691]: DEBUG cinder.api.openstack.wsgi [None req-a583181c-afdd-4b6a-b6a0-ca12af212182 tempest-GroupsV314Test-1039342192 tempest-GroupsV314Test-1039342192-project-admin] Action: 'create', calling method: version_select, body: {"group_type": {"name": "tempest-GroupsV314Test-group-type-207913719"}} {{(pid=110691) _process_stack /opt/stack/cinder/cinder/api/openstack/wsgi.py:866}}
Jun 01 04:28:03.424342 dv-cinder-667108-37-smb devstack@c-api.service[110691]: INFO cinder.api.openstack.wsgi [None req-a583181c-afdd-4b6a-b6a0-ca12af212182 tempest-GroupsV314Test-1039342192 tempest-GroupsV314Test-1039342192-project-admin] http://10.222.0.32/volume/v3/a2e255dc0a804e6db89f2854a806087c/group_types returned with HTTP 202
Jun 01 04:28:03.430909 dv-cinder-667108-37-smb devstack@c-api.service[110691]: [pid: 110691|app: 0|req: 77/156] 10.222.0.32 () {62 vars in 1287 bytes} [Wed Jun 1 04:28:03 2022] POST /volume/v3/a2e255dc0a804e6db89f2854a806087c/group_types => generated 176 bytes in 64 msecs (HTTP/1.1 202) 7 headers in 292 bytes (1 switches on core 0)
Jun 01 04:28:03.438470 dv-cinder-667108-37-smb devstack@c-api.service[110692]: DEBUG cinder.api.middleware.request_id [None req-dc0d73e0-d460-46c2-8666-63b96aae5170 None None] RequestId filter calling following filter/app {{(pid=110692) _context_setter /opt/stack/cinder/cinder/api/middleware/request_id.py:62}}
Jun 01 04:28:03.603481 dv-cinder-667108-37-smb devstack@c-api.service[110692]: INFO cinder.api.openstack.wsgi [None req-dc0d73e0-d460-46c2-8666-63b96aae5170 tempest-GroupsV314Test-1556910503 tempest-GroupsV314Test-1556910503-project] POST http://10.222.0.32/volume/v3/bdd695ca007e4f0dbf2061a7451b6a07/groups
Jun 01 04:28:03.604407 dv-cinder-667108-37-smb devstack@c-api.service[110692]: DEBUG cinder.api.openstack.wsgi [None req-dc0d73e0-d460-46c2-8666-63b96aae5170 tempest-GroupsV314Test-1556910503 tempest-GroupsV314Test-1556910503-project] Action: 'create', calling method: version_select, body: {"group": {"group_type": "8d229e2c-2a07-4ee7-847c-82b077048742", "volume_types": ["55a582c0-9b1c-41ef-9160-04227be53200"], "name": "tempest-GroupsV314Test-Group-15922066"}} {{(pid=110692) _process_stack /opt/stack/cinder/cinder/api/openstack/wsgi.py:866}}
Jun 01 04:28:03.605927 dv-cinder-667108-37-smb devstack@c-api.service[110692]: DEBUG cinder.api.v3.groups [None req-dc0d73e0-d460-46c2-8666-63b96aae5170 tempest-GroupsV314Test-1556910503 tempest-GroupsV314Test-1556910503-project] Creating new group {'group': {'group_type': '8d229e2c-2a07-4ee7-847c-82b077048742', 'volume_types': ['55a582c0-9b1c-41ef-9160-04227be53200'], 'name': 'tempest-GroupsV314Test-Group-15922066'}} {{(pid=110692) create /opt/stack/cinder/cinder/api/v3/groups.py:190}}
Jun 01 04:28:03.612528 dv-cinder-667108-37-smb devstack@c-api.service[110692]: INFO cinder.api.v3.groups [None req-dc0d73e0-d460-46c2-8666-63b96aae5170 tempest-GroupsV314Test-1556910503 tempest-GroupsV314Test-1556910503-project] Creating group tempest-GroupsV314Test-Group-15922066.
Jun 01 04:28:03.646874 dv-cinder-667108-37-smb devstack@c-api.service[110692]: DEBUG cinder.volume.api [None req-dc0d73e0-d460-46c2-8666-63b96aae5170 tempest-GroupsV314Test-1556910503 tempest-GroupsV314Test-1556910503-project] Availability zone cache updated, next update will occur around 2022-06-01 05:28:03.646058. {{(pid=110692) list_availability_zones /opt/stack/cinder/cinder/volume/api.py:153}}
Jun 01 04:28:03.647227 dv-cinder-667108-37-smb devstack@c-api.service[110692]: INFO cinder.volume.api [None req-dc0d73e0-d460-46c2-8666-63b96aae5170 tempest-GroupsV314Test-1556910503 tempest-GroupsV314Test-1556910503-project] Availability Zones retrieved successfully.
Jun 01 04:28:03.688703 dv-cinder-667108-37-smb devstack@c-api.service[110692]: DEBUG cinder.quota [None req-dc0d73e0-d460-46c2-8666-63b96aae5170 tempest-GroupsV314Test-1556910503 tempest-GroupsV314Test-1556910503-project] Created reservations ['5eed0965-91b8-41b7-8228-bc048aa1abc2'] {{(pid=110692) reserve /opt/stack/cinder/cinder/quota.py:755}}
Jun 01 04:28:03.735988 dv-cinder-667108-37-smb devstack@c-api.service[110692]: INFO cinder.api.openstack.wsgi [None req-dc0d73e0-d460-46c2-8666-63b96aae5170 tempest-GroupsV314Test-1556910503 tempest-GroupsV314Test-1556910503-project] http://10.222.0.32/volume/v3/bdd695ca007e4f0dbf2061a7451b6a07/groups returned with HTTP 202
Jun 01 04:28:03.737176 dv-cinder-667108-37-smb devstack@c-api.service[110692]: [pid: 110692|app: 0|req: 80/157] 10.222.0.32 () {62 vars in 1273 bytes} [Wed Jun 1 04:28:03 2022] POST /volume/v3/bdd695ca007e4f0dbf2061a7451b6a07/groups => generated 106 bytes in 300 msecs (HTTP/1.1 202) 7 headers in 292 bytes (1 switches on core 0)
Jun 01 04:28:03.743059 dv-cinder-667108-37-smb devstack@c-api.service[110691]: DEBUG cinder.api.middleware.request_id [None req-88cc6a88-f016-4663-9ffa-7c0590ab8269 None None] RequestId filter calling following filter/app {{(pid=110691) _context_setter /opt/stack/cinder/cinder/api/middleware/request_id.py:62}}
Jun 01 04:28:03.755862 dv-cinder-667108-37-smb devstack@c-api.service[110691]: INFO cinder.api.openstack.wsgi [None req-88cc6a88-f016-4663-9ffa-7c0590ab8269 tempest-GroupsV314Test-1556910503 tempest-GroupsV314Test-1556910503-project] GET http://10.222.0.32/volume/v3/bdd695ca007e4f0dbf2061a7451b6a07/groups/79af7175-e008-4f31-b1ff-ad2f3af3372f
Jun 01 04:28:03.756257 dv-cinder-667108-37-smb devstack@c-api.service[110691]: DEBUG cinder.api.openstack.wsgi [None req-88cc6a88-f016-4663-9ffa-7c0590ab8269 tempest-GroupsV314Test-1556910503 tempest-GroupsV314Test-1556910503-project] Empty body provided in request {{(pid=110691) get_body /opt/stack/cinder/cinder/api/openstack/wsgi.py:715}}
Jun 01 04:28:03.756720 dv-cinder-667108-37-smb devstack@c-api.service[110691]: DEBUG cinder.api.openstack.wsgi [None req-88cc6a88-f016-4663-9ffa-7c0590ab8269 tempest-GroupsV314Test-1556910503 tempest-GroupsV314Test-1556910503-project] Calling method 'version_select' {{(pid=110691) _process_stack /opt/stack/cinder/cinder/api/openstack/wsgi.py:868}}
Jun 01 04:28:03.757077 dv-cinder-667108-37-smb devstack@c-api.service[110691]: DEBUG cinder.api.v3.groups [None req-88cc6a88-f016-4663-9ffa-7c0590ab8269 tempest-GroupsV314Test-1556910503 tempest-GroupsV314Test-1556910503-project] show called for member 79af7175-e008-4f31-b1ff-ad2f3af3372f {{(pid=110691) show /opt/stack/cinder/cinder/api/v3/groups.py:58}}
Jun 01 04:28:03.767623 dv-cinder-667108-37-smb devstack@c-api.service[110691]: /usr/local/lib/python3.8/dist-packages/oslo_context/context.py:100: DeprecationWarning: Policy enforcement is depending on the value of is_admin. This key is deprecated. Please update your policy file to use the standard policy values.
Jun 01 04:28:03.767623 dv-cinder-667108-37-smb devstack@c-api.service[110691]: warnings.warn('Policy enforcement is depending on the value of '
Jun 01 04:28:03.810036 dv-cinder-667108-37-smb devstack@c-api.service[110691]: INFO cinder.api.openstack.wsgi [None req-88cc6a88-f016-4663-9ffa-7c0590ab8269 tempest-GroupsV314Test-1556910503 tempest-GroupsV314Test-1556910503-project] http://10.222.0.32/volume/v3/bdd695ca007e4f0dbf2061a7451b6a07/groups/79af7175-e008-4f31-b1ff-ad2f3af3372f returned with HTTP 200
Jun 01 04:28:03.811082 dv-cinder-667108-37-smb devstack@c-api.service[110691]: [pid: 110691|app: 0|req: 78/158] 10.222.0.32 () {60 vars in 1362 bytes} [Wed Jun 1 04:28:03 2022] GET /volume/v3/bdd695ca007e4f0dbf2061a7451b6a07/groups/79af7175-e008-4f31-b1ff-ad2f3af3372f => generated 386 bytes in 69 msecs (HTTP/1.1 200) 7 headers in 286 bytes (2 switches on core 0)
Jun 01 04:28:04.123506 dv-cinder-667108-37-smb devstack@c-api.service[110692]: DEBUG cinder.api.middleware.request_id [None req-e680666e-9ade-48ca-b864-9c7ca7b576a9 None None] RequestId filter calling following filter/app {{(pid=110692) _context_setter /opt/stack/cinder/cinder/api/middleware/request_id.py:62}}
Jun 01 04:28:04.127025 dv-cinder-667108-37-smb devstack@c-api.service[110692]: INFO cinder.api.openstack.wsgi [None req-e680666e-9ade-48ca-b864-9c7ca7b576a9 tempest-VolumeTypesTest-1333036564 tempest-VolumeTypesTest-1333036564-project] GET http://10.222.0.32/volume/v3/084520030c5d4d58a7f5d48c456df0ab/volumes/820c2957-5b7a-4e17-b110-7dab1f33fc2f
Jun 01 04:28:04.127767 dv-cinder-667108-37-smb devstack@c-api.service[110692]: DEBUG cinder.api.openstack.wsgi [None req-e680666e-9ade-48ca-b864-9c7ca7b576a9 tempest-VolumeTypesTest-1333036564 tempest-VolumeTypesTest-1333036564-project] Empty body provided in request {{(pid=110692) get_body /opt/stack/cinder/cinder/api/openstack/wsgi.py:715}}
Jun 01 04:28:04.128363 dv-cinder-667108-37-smb devstack@c-api.service[110692]: DEBUG cinder.api.openstack.wsgi [None req-e680666e-9ade-48ca-b864-9c7ca7b576a9 tempest-VolumeTypesTest-1333036564 tempest-VolumeTypesTest-1333036564-project] Calling method 'show' {{(pid=110692) _process_stack /opt/stack/cinder/cinder/api/openstack/wsgi.py:868}}
Jun 01 04:28:04.144782 dv-cinder-667108-37-smb devstack@c-api.service[110692]: /usr/local/lib/python3.8/dist-packages/oslo_context/context.py:100: DeprecationWarning: Policy enforcement is depending on the value of is_admin. This key is deprecated. Please update your policy file to use the standard policy values.
Jun 01 04:28:04.144782 dv-cinder-667108-37-smb devstack@c-api.service[110692]: warnings.warn('Policy enforcement is depending on the value of '
Jun 01 04:28:04.152737 dv-cinder-667108-37-smb devstack@c-api.service[110692]: INFO cinder.volume.api [None req-e680666e-9ade-48ca-b864-9c7ca7b576a9 tempest-VolumeTypesTest-1333036564 tempest-VolumeTypesTest-1333036564-project] Volume info retrieved successfully.
Jun 01 04:28:04.164935 dv-cinder-667108-37-smb devstack@c-api.service[110692]: INFO cinder.api.openstack.wsgi [None req-e680666e-9ade-48ca-b864-9c7ca7b576a9 tempest-VolumeTypesTest-1333036564 tempest-VolumeTypesTest-1333036564-project] http://10.222.0.32/volume/v3/084520030c5d4d58a7f5d48c456df0ab/volumes/820c2957-5b7a-4e17-b110-7dab1f33fc2f returned with HTTP 200
Jun 01 04:28:04.165855 dv-cinder-667108-37-smb devstack@c-api.service[110692]: [pid: 110692|app: 0|req: 81/159] 10.222.0.32 () {58 vars in 1324 bytes} [Wed Jun 1 04:28:04 2022] GET /volume/v3/084520030c5d4d58a7f5d48c456df0ab/volumes/820c2957-5b7a-4e17-b110-7dab1f33fc2f => generated 942 bytes in 43 msecs (HTTP/1.1 200) 7 headers in 285 bytes (1 switches on core 0)
Jun 01 04:28:04.177286 dv-cinder-667108-37-smb devstack@c-api.service[110691]: DEBUG cinder.api.middleware.request_id [None req-2744307e-f435-460c-8509-037f87529b2e None None] RequestId filter calling following filter/app {{(pid=110691) _context_setter /opt/stack/cinder/cinder/api/middleware/request_id.py:62}}
Jun 01 04:28:04.180872 dv-cinder-667108-37-smb devstack@c-api.service[110691]: INFO cinder.api.openstack.wsgi [None req-2744307e-f435-460c-8509-037f87529b2e tempest-VolumeTypesTest-1333036564 tempest-VolumeTypesTest-1333036564-project] POST http://10.222.0.32/volume/v3/084520030c5d4d58a7f5d48c456df0ab/volumes/820c2957-5b7a-4e17-b110-7dab1f33fc2f/action
Jun 01 04:28:04.181598 dv-cinder-667108-37-smb devstack@c-api.service[110691]: DEBUG cinder.api.openstack.wsgi [None req-2744307e-f435-460c-8509-037f87529b2e tempest-VolumeTypesTest-1333036564 tempest-VolumeTypesTest-1333036564-project] Action body: b'{"os-retype": {"new_type": "78f42f8b-2ebc-4efd-9239-57dd7d47312e"}}' {{(pid=110691) get_method /opt/stack/cinder/cinder/api/openstack/wsgi.py:983}}
Jun 01 04:28:04.181925 dv-cinder-667108-37-smb devstack@c-api.service[110691]: DEBUG cinder.api.openstack.wsgi [None req-2744307e-f435-460c-8509-037f87529b2e tempest-VolumeTypesTest-1333036564 tempest-VolumeTypesTest-1333036564-project] Action: 'action', calling method: _retype, body: {"os-retype": {"new_type": "78f42f8b-2ebc-4efd-9239-57dd7d47312e"}} {{(pid=110691) _process_stack /opt/stack/cinder/cinder/api/openstack/wsgi.py:866}}
Jun 01 04:28:04.203382 dv-cinder-667108-37-smb devstack@c-api.service[110691]: /usr/local/lib/python3.8/dist-packages/oslo_context/context.py:100: DeprecationWarning: Policy enforcement is depending on the value of is_admin. This key is deprecated. Please update your policy file to use the standard policy values.
Jun 01 04:28:04.203382 dv-cinder-667108-37-smb devstack@c-api.service[110691]: warnings.warn('Policy enforcement is depending on the value of '
Jun 01 04:28:04.204658 dv-cinder-667108-37-smb devstack@c-api.service[110691]: INFO cinder.volume.api [None req-2744307e-f435-460c-8509-037f87529b2e tempest-VolumeTypesTest-1333036564 tempest-VolumeTypesTest-1333036564-project] Volume info retrieved successfully.
Jun 01 04:28:04.248167 dv-cinder-667108-37-smb devstack@c-api.service[110691]: WARNING cinder.quota [None req-2744307e-f435-460c-8509-037f87529b2e tempest-VolumeTypesTest-1333036564 tempest-VolumeTypesTest-1333036564-project] Deprecated: Default quota for resource: volumes_tempest-VolumeTypesTest-volume-type-670340799 is set by the default quota flag: quota_volumes_tempest-VolumeTypesTest-volume-type-670340799, it is now deprecated. Please use the default quota class for default quota.
Jun 01 04:28:04.249578 dv-cinder-667108-37-smb devstack@c-api.service[110691]: WARNING cinder.quota [None req-2744307e-f435-460c-8509-037f87529b2e tempest-VolumeTypesTest-1333036564 tempest-VolumeTypesTest-1333036564-project] Deprecated: Default quota for resource: gigabytes_tempest-VolumeTypesTest-volume-type-670340799 is set by the default quota flag: quota_gigabytes_tempest-VolumeTypesTest-volume-type-670340799, it is now deprecated. Please use the default quota class for default quota.
Jun 01 04:28:04.254956 dv-cinder-667108-37-smb devstack@c-api.service[110692]: DEBUG cinder.api.middleware.request_id [None req-5458854e-4c4a-4c81-ac67-11ee0e0dbc57 None None] RequestId filter calling following filter/app {{(pid=110692) _context_setter /opt/stack/cinder/cinder/api/middleware/request_id.py:62}}
Jun 01 04:28:04.258649 dv-cinder-667108-37-smb devstack@c-api.service[110692]: INFO cinder.api.openstack.wsgi [None req-5458854e-4c4a-4c81-ac67-11ee0e0dbc57 tempest-VolumesServicesTestJSON-102834126 tempest-VolumesServicesTestJSON-102834126-project] GET http://10.222.0.32/volume/v3/36e58ea7f3564794b37743e58abf21ae/volumes/37b736a6-03eb-40f5-abe2-a1d64a279b0b
Jun 01 04:28:04.259094 dv-cinder-667108-37-smb devstack@c-api.service[110692]: DEBUG cinder.api.openstack.wsgi [None req-5458854e-4c4a-4c81-ac67-11ee0e0dbc57 tempest-VolumesServicesTestJSON-102834126 tempest-VolumesServicesTestJSON-102834126-project] Empty body provided in request {{(pid=110692) get_body /opt/stack/cinder/cinder/api/openstack/wsgi.py:715}}
Jun 01 04:28:04.259532 dv-cinder-667108-37-smb devstack@c-api.service[110692]: DEBUG cinder.api.openstack.wsgi [None req-5458854e-4c4a-4c81-ac67-11ee0e0dbc57 tempest-VolumesServicesTestJSON-102834126 tempest-VolumesServicesTestJSON-102834126-project] Calling method 'show' {{(pid=110692) _process_stack /opt/stack/cinder/cinder/api/openstack/wsgi.py:868}}
Jun 01 04:28:04.294896 dv-cinder-667108-37-smb devstack@c-api.service[110692]: /usr/local/lib/python3.8/dist-packages/oslo_context/context.py:100: DeprecationWarning: Policy enforcement is depending on the value of is_admin. This key is deprecated. Please update your policy file to use the standard policy values.
Jun 01 04:28:04.294896 dv-cinder-667108-37-smb devstack@c-api.service[110692]: warnings.warn('Policy enforcement is depending on the value of '
Jun 01 04:28:04.298819 dv-cinder-667108-37-smb devstack@c-api.service[110691]: DEBUG cinder.quota [None req-2744307e-f435-460c-8509-037f87529b2e tempest-VolumeTypesTest-1333036564 tempest-VolumeTypesTest-1333036564-project] Created reservations ['21586d1d-749f-4e1a-8983-b5c7eb3685b1', '11f7f72a-bbb1-4d6c-a36d-89e1bebd6e42'] {{(pid=110691) reserve /opt/stack/cinder/cinder/quota.py:755}}
Jun 01 04:28:04.309882 dv-cinder-667108-37-smb devstack@c-api.service[110692]: INFO cinder.volume.api [None req-5458854e-4c4a-4c81-ac67-11ee0e0dbc57 tempest-VolumesServicesTestJSON-102834126 tempest-VolumesServicesTestJSON-102834126-project] Volume info retrieved successfully.
Jun 01 04:28:04.328884 dv-cinder-667108-37-smb devstack@c-api.service[110692]: INFO cinder.api.openstack.wsgi [None req-5458854e-4c4a-4c81-ac67-11ee0e0dbc57 tempest-VolumesServicesTestJSON-102834126 tempest-VolumesServicesTestJSON-102834126-project] http://10.222.0.32/volume/v3/36e58ea7f3564794b37743e58abf21ae/volumes/37b736a6-03eb-40f5-abe2-a1d64a279b0b returned with HTTP 200
Jun 01 04:28:04.330665 dv-cinder-667108-37-smb devstack@c-api.service[110691]: WARNING cinder.quota [None req-2744307e-f435-460c-8509-037f87529b2e tempest-VolumeTypesTest-1333036564 tempest-VolumeTypesTest-1333036564-project] Deprecated: Default quota for resource: volumes_tempest-VolumeTypesTest-volume-type-1017496139 is set by the default quota flag: quota_volumes_tempest-VolumeTypesTest-volume-type-1017496139, it is now deprecated. Please use the default quota class for default quota.
Jun 01 04:28:04.331700 dv-cinder-667108-37-smb devstack@c-api.service[110691]: WARNING cinder.quota [None req-2744307e-f435-460c-8509-037f87529b2e tempest-VolumeTypesTest-1333036564 tempest-VolumeTypesTest-1333036564-project] Deprecated: Default quota for resource: gigabytes_tempest-VolumeTypesTest-volume-type-1017496139 is set by the default quota flag: quota_gigabytes_tempest-VolumeTypesTest-volume-type-1017496139, it is now deprecated. Please use the default quota class for default quota.
Jun 01 04:28:04.343430 dv-cinder-667108-37-smb devstack@c-api.service[110692]: [pid: 110692|app: 0|req: 82/160] 10.222.0.32 () {58 vars in 1324 bytes} [Wed Jun 1 04:28:04 2022] GET /volume/v3/36e58ea7f3564794b37743e58abf21ae/volumes/37b736a6-03eb-40f5-abe2-a1d64a279b0b => generated 916 bytes in 89 msecs (HTTP/1.1 200) 7 headers in 285 bytes (2 switches on core 0)
Jun 01 04:28:04.345496 dv-cinder-667108-37-smb devstack@c-api.service[110692]: DEBUG cinder.api.middleware.request_id [None req-a4bad7b0-b23b-48c4-bb17-1b82b8671ccd None None] RequestId filter calling following filter/app {{(pid=110692) _context_setter /opt/stack/cinder/cinder/api/middleware/request_id.py:62}}
Jun 01 04:28:04.354506 dv-cinder-667108-37-smb devstack@c-api.service[110692]: INFO cinder.api.openstack.wsgi [None req-a4bad7b0-b23b-48c4-bb17-1b82b8671ccd tempest-VolumesServicesTestJSON-2015868804 tempest-VolumesServicesTestJSON-2015868804-project-admin] GET http://10.222.0.32/volume/v3/fe381dbf504941fa85c9f64df81c55bc/volumes/37b736a6-03eb-40f5-abe2-a1d64a279b0b
Jun 01 04:28:04.355008 dv-cinder-667108-37-smb devstack@c-api.service[110692]: DEBUG cinder.api.openstack.wsgi [None req-a4bad7b0-b23b-48c4-bb17-1b82b8671ccd tempest-VolumesServicesTestJSON-2015868804 tempest-VolumesServicesTestJSON-2015868804-project-admin] Empty body provided in request {{(pid=110692) get_body /opt/stack/cinder/cinder/api/openstack/wsgi.py:715}}
Jun 01 04:28:04.355312 dv-cinder-667108-37-smb devstack@c-api.service[110691]: DEBUG cinder.quota [None req-2744307e-f435-460c-8509-037f87529b2e tempest-VolumeTypesTest-1333036564 tempest-VolumeTypesTest-1333036564-project] Created reservations ['ef84219d-3f01-47e3-b917-b786f8726aa7', '25fdcad6-5936-418a-850f-a90267c190df'] {{(pid=110691) reserve /opt/stack/cinder/cinder/quota.py:755}}
Jun 01 04:28:04.355456 dv-cinder-667108-37-smb devstack@c-api.service[110692]: DEBUG cinder.api.openstack.wsgi [None req-a4bad7b0-b23b-48c4-bb17-1b82b8671ccd tempest-VolumesServicesTestJSON-2015868804 tempest-VolumesServicesTestJSON-2015868804-project-admin] Calling method 'show' {{(pid=110692) _process_stack /opt/stack/cinder/cinder/api/openstack/wsgi.py:868}}
