Nov 16 19:01:31.950064 dv-cinder-667108-35-iscsi devstack@c-api.service[108538]: /usr/local/lib/python3.8/dist-packages/oslo_context/context.py:105: DeprecationWarning: Policy enforcement is depending on the value of is_admin. This key is deprecated. Please update your policy file to use the standard policy values.
Nov 16 19:01:31.950064 dv-cinder-667108-35-iscsi devstack@c-api.service[108538]: warnings.warn('Policy enforcement is depending on the value of '
Nov 16 19:01:31.962791 dv-cinder-667108-35-iscsi devstack@c-api.service[108539]: INFO cinder.api.openstack.wsgi [None req-cd2162fd-6580-425a-a915-9c3c5a63dc23 tempest-GroupsTest-1600795407 tempest-GroupsTest-1600795407-project] http://10.222.0.46/volume/v3/fdc8f0f20fc14a498d5f7c15511a0772/groups/46315089-e55e-44d4-9397-c493e289fe37 returned with HTTP 200
Nov 16 19:01:31.965991 dv-cinder-667108-35-iscsi devstack@c-api.service[108539]: [pid: 108539|app: 0|req: 27/65] 10.222.0.46 () {60 vars in 1362 bytes} [Tue Nov 16 19:01:31 2021] GET /volume/v3/fdc8f0f20fc14a498d5f7c15511a0772/groups/46315089-e55e-44d4-9397-c493e289fe37 => generated 323 bytes in 115 msecs (HTTP/1.1 200) 7 headers in 286 bytes (1 switches on core 0)
Nov 16 19:01:31.975356 dv-cinder-667108-35-iscsi devstack@c-api.service[108538]: INFO cinder.volume.api [None req-e63bc060-b713-464b-9ba3-43ba4d1def92 tempest-GroupsV314Test-543969027 tempest-GroupsV314Test-543969027-project] Volume info retrieved successfully.
Nov 16 19:01:31.977287 dv-cinder-667108-35-iscsi devstack@c-api.service[108538]: WARNING stevedore.named [None req-e63bc060-b713-464b-9ba3-43ba4d1def92 tempest-GroupsV314Test-543969027 tempest-GroupsV314Test-543969027-project] Could not load cinder.keymgr.conf_key_mgr.ConfKeyManager
Nov 16 19:01:31.980255 dv-cinder-667108-35-iscsi devstack@c-api.service[108539]: INFO cinder.api.openstack.wsgi [None req-cea42057-0d46-4bf2-a9f7-e96b92d713fb tempest-VolumeQuotasAdminTestJSON-1933032030 tempest-VolumeQuotasAdminTestJSON-1933032030-project-admin] GET http://10.222.0.46/volume/v3/b3807a410650476d9074d8943cc5d1c4/os-quota-sets/3be523eb534744b395d33f3a3f08b3d9/defaults
Nov 16 19:01:31.980732 dv-cinder-667108-35-iscsi devstack@c-api.service[108539]: DEBUG cinder.api.openstack.wsgi [None req-cea42057-0d46-4bf2-a9f7-e96b92d713fb tempest-VolumeQuotasAdminTestJSON-1933032030 tempest-VolumeQuotasAdminTestJSON-1933032030-project-admin] Empty body provided in request {{(pid=108539) get_body /opt/stack/cinder/cinder/api/openstack/wsgi.py:703}}
Nov 16 19:01:31.980885 dv-cinder-667108-35-iscsi devstack@c-api.service[108539]: /usr/local/lib/python3.8/dist-packages/webob/acceptparse.py:1047: DeprecationWarning: The behavior of AcceptValidHeader.best_match is currently being maintained for backward compatibility, but it will be deprecated in the future, as it does not conform to the RFC.
Nov 16 19:01:31.980885 dv-cinder-667108-35-iscsi devstack@c-api.service[108539]: warnings.warn(
Nov 16 19:01:31.983141 dv-cinder-667108-35-iscsi devstack@c-api.service[108538]: WARNING castellan.key_manager [None req-e63bc060-b713-464b-9ba3-43ba4d1def92 tempest-GroupsV314Test-543969027 tempest-GroupsV314Test-543969027-project] Deprecation Warning : cinder.keymgr.conf_key_mgr.ConfKeyManager is not a stevedore based driver, trying to load it as a class: stevedore.exception.NoMatches: No 'castellan.drivers' driver found, looking for 'cinder.keymgr.conf_key_mgr.ConfKeyManager'
Nov 16 19:01:31.985892 dv-cinder-667108-35-iscsi devstack@c-api.service[108539]: DEBUG cinder.api.openstack.wsgi [None req-cea42057-0d46-4bf2-a9f7-e96b92d713fb tempest-VolumeQuotasAdminTestJSON-1933032030 tempest-VolumeQuotasAdminTestJSON-1933032030-project-admin] Calling method 'defaults' {{(pid=108539) _process_stack /opt/stack/cinder/cinder/api/openstack/wsgi.py:856}}
Nov 16 19:01:31.994502 dv-cinder-667108-35-iscsi devstack@c-api.service[108539]: /usr/local/lib/python3.8/dist-packages/oslo_context/context.py:105: DeprecationWarning: Policy enforcement is depending on the value of is_admin. This key is deprecated. Please update your policy file to use the standard policy values.
Nov 16 19:01:31.994502 dv-cinder-667108-35-iscsi devstack@c-api.service[108539]: warnings.warn('Policy enforcement is depending on the value of '
Nov 16 19:01:31.996989 dv-cinder-667108-35-iscsi devstack@c-api.service[108538]: DEBUG oslo_db.sqlalchemy.engines [None req-e63bc060-b713-464b-9ba3-43ba4d1def92 tempest-GroupsV314Test-543969027 tempest-GroupsV314Test-543969027-project] MySQL server mode set to STRICT_TRANS_TABLES,STRICT_ALL_TABLES,NO_ZERO_IN_DATE,NO_ZERO_DATE,ERROR_FOR_DIVISION_BY_ZERO,TRADITIONAL,NO_ENGINE_SUBSTITUTION {{(pid=108538) _check_effective_sql_mode /usr/local/lib/python3.8/dist-packages/oslo_db/sqlalchemy/engines.py:314}}
Nov 16 19:01:32.005014 dv-cinder-667108-35-iscsi devstack@c-api.service[108538]: /usr/local/lib/python3.8/dist-packages/oslo_context/context.py:105: DeprecationWarning: Policy enforcement is depending on the value of is_admin. This key is deprecated. Please update your policy file to use the standard policy values.
Nov 16 19:01:32.005014 dv-cinder-667108-35-iscsi devstack@c-api.service[108538]: warnings.warn('Policy enforcement is depending on the value of '
Nov 16 19:01:32.028518 dv-cinder-667108-35-iscsi devstack@c-api.service[108538]: INFO cinder.api.openstack.wsgi [None req-e63bc060-b713-464b-9ba3-43ba4d1def92 tempest-GroupsV314Test-543969027 tempest-GroupsV314Test-543969027-project] http://10.222.0.46/volume/v3/19602ada412e4094954cefa87bdd2f88/volumes/432288cd-071d-474c-8a69-01b8e258fce4 returned with HTTP 200
Nov 16 19:01:32.029538 dv-cinder-667108-35-iscsi devstack@c-api.service[108538]: [pid: 108538|app: 0|req: 39/66] 10.222.0.46 () {60 vars in 1365 bytes} [Tue Nov 16 19:01:31 2021] GET /volume/v3/19602ada412e4094954cefa87bdd2f88/volumes/432288cd-071d-474c-8a69-01b8e258fce4 => generated 987 bytes in 134 msecs (HTTP/1.1 200) 7 headers in 286 bytes (1 switches on core 0)
Nov 16 19:01:32.033663 dv-cinder-667108-35-iscsi devstack@c-api.service[108538]: INFO cinder.api.openstack.wsgi [None req-922d418a-6392-49f8-a34f-b56403872d17 tempest-GroupsTest-1600795407 tempest-GroupsTest-1600795407-project] POST http://10.222.0.46/volume/v3/fdc8f0f20fc14a498d5f7c15511a0772/groups
Nov 16 19:01:32.034204 dv-cinder-667108-35-iscsi devstack@c-api.service[108538]: /usr/local/lib/python3.8/dist-packages/webob/acceptparse.py:1047: DeprecationWarning: The behavior of AcceptValidHeader.best_match is currently being maintained for backward compatibility, but it will be deprecated in the future, as it does not conform to the RFC.
Nov 16 19:01:32.034204 dv-cinder-667108-35-iscsi devstack@c-api.service[108538]: warnings.warn(
Nov 16 19:01:32.034711 dv-cinder-667108-35-iscsi devstack@c-api.service[108538]: DEBUG cinder.api.openstack.wsgi [None req-922d418a-6392-49f8-a34f-b56403872d17 tempest-GroupsTest-1600795407 tempest-GroupsTest-1600795407-project] Action: 'create', calling method: version_select, body: {"group": {"group_type": "ae76ffd7-8b2b-4f70-81c5-b39ff85821f1", "volume_types": ["2cf7f14b-9679-4c65-9929-a153323be358"], "name": "tempest-Group2-577341564"}} {{(pid=108538) _process_stack /opt/stack/cinder/cinder/api/openstack/wsgi.py:854}}
Nov 16 19:01:32.037605 dv-cinder-667108-35-iscsi devstack@c-api.service[108538]: DEBUG cinder.api.v3.groups [None req-922d418a-6392-49f8-a34f-b56403872d17 tempest-GroupsTest-1600795407 tempest-GroupsTest-1600795407-project] Creating new group {'group': {'group_type': 'ae76ffd7-8b2b-4f70-81c5-b39ff85821f1', 'volume_types': ['2cf7f14b-9679-4c65-9929-a153323be358'], 'name': 'tempest-Group2-577341564'}} {{(pid=108538) create /opt/stack/cinder/cinder/api/v3/groups.py:190}}
Nov 16 19:01:32.045159 dv-cinder-667108-35-iscsi devstack@c-api.service[108538]: INFO cinder.api.v3.groups [None req-922d418a-6392-49f8-a34f-b56403872d17 tempest-GroupsTest-1600795407 tempest-GroupsTest-1600795407-project] Creating group tempest-Group2-577341564.
Nov 16 19:01:32.081168 dv-cinder-667108-35-iscsi devstack@c-api.service[108538]: INFO cinder.volume.api [None req-922d418a-6392-49f8-a34f-b56403872d17 tempest-GroupsTest-1600795407 tempest-GroupsTest-1600795407-project] Availability Zones retrieved successfully.
Nov 16 19:01:32.084080 dv-cinder-667108-35-iscsi devstack@c-api.service[108539]: INFO cinder.api.openstack.wsgi [None req-cea42057-0d46-4bf2-a9f7-e96b92d713fb tempest-VolumeQuotasAdminTestJSON-1933032030 tempest-VolumeQuotasAdminTestJSON-1933032030-project-admin] http://10.222.0.46/volume/v3/b3807a410650476d9074d8943cc5d1c4/os-quota-sets/3be523eb534744b395d33f3a3f08b3d9/defaults returned with HTTP 200
Nov 16 19:01:32.095562 dv-cinder-667108-35-iscsi devstack@c-api.service[108539]: [pid: 108539|app: 0|req: 28/67] 10.222.0.46 () {58 vars in 1357 bytes} [Tue Nov 16 19:01:31 2021] GET /volume/v3/b3807a410650476d9074d8943cc5d1c4/os-quota-sets/3be523eb534744b395d33f3a3f08b3d9/defaults => generated 717 bytes in 129 msecs (HTTP/1.1 200) 7 headers in 285 bytes (1 switches on core 0)
Nov 16 19:01:32.124211 dv-cinder-667108-35-iscsi devstack@c-api.service[108539]: INFO cinder.api.openstack.wsgi [None req-9cb137de-5946-4f56-96e5-9566e0ff6cd1 tempest-VolumeQuotasAdminTestJSON-1933032030 tempest-VolumeQuotasAdminTestJSON-1933032030-project-admin] GET http://10.222.0.46/volume/v3/b3807a410650476d9074d8943cc5d1c4/os-quota-sets/3be523eb534744b395d33f3a3f08b3d9
Nov 16 19:01:32.125939 dv-cinder-667108-35-iscsi devstack@c-api.service[108539]: DEBUG cinder.api.openstack.wsgi [None req-9cb137de-5946-4f56-96e5-9566e0ff6cd1 tempest-VolumeQuotasAdminTestJSON-1933032030 tempest-VolumeQuotasAdminTestJSON-1933032030-project-admin] Empty body provided in request {{(pid=108539) get_body /opt/stack/cinder/cinder/api/openstack/wsgi.py:703}}
Nov 16 19:01:32.127067 dv-cinder-667108-35-iscsi devstack@c-api.service[108539]: DEBUG cinder.api.openstack.wsgi [None req-9cb137de-5946-4f56-96e5-9566e0ff6cd1 tempest-VolumeQuotasAdminTestJSON-1933032030 tempest-VolumeQuotasAdminTestJSON-1933032030-project-admin] Calling method 'show' {{(pid=108539) _process_stack /opt/stack/cinder/cinder/api/openstack/wsgi.py:856}}
Nov 16 19:01:32.132321 dv-cinder-667108-35-iscsi devstack@c-api.service[108538]: DEBUG cinder.quota [None req-922d418a-6392-49f8-a34f-b56403872d17 tempest-GroupsTest-1600795407 tempest-GroupsTest-1600795407-project] Created reservations ['f5b7310d-ccb0-4b51-83e4-b414ab54ff86'] {{(pid=108538) reserve /opt/stack/cinder/cinder/quota.py:755}}
Nov 16 19:01:32.204731 dv-cinder-667108-35-iscsi devstack@c-api.service[108538]: INFO cinder.api.openstack.wsgi [None req-922d418a-6392-49f8-a34f-b56403872d17 tempest-GroupsTest-1600795407 tempest-GroupsTest-1600795407-project] http://10.222.0.46/volume/v3/fdc8f0f20fc14a498d5f7c15511a0772/groups returned with HTTP 202
Nov 16 19:01:32.210393 dv-cinder-667108-35-iscsi devstack@c-api.service[108538]: [pid: 108538|app: 0|req: 40/68] 10.222.0.46 () {62 vars in 1273 bytes} [Tue Nov 16 19:01:32 2021] POST /volume/v3/fdc8f0f20fc14a498d5f7c15511a0772/groups => generated 93 bytes in 177 msecs (HTTP/1.1 202) 7 headers in 291 bytes (1 switches on core 0)
Nov 16 19:01:32.217233 dv-cinder-667108-35-iscsi devstack@c-api.service[108538]: INFO cinder.api.openstack.wsgi [None req-53a933e2-e8d9-40e6-90b1-09dec00bea54 tempest-GroupsTest-1600795407 tempest-GroupsTest-1600795407-project] GET http://10.222.0.46/volume/v3/fdc8f0f20fc14a498d5f7c15511a0772/groups/3ae03544-70a8-4621-973a-09134cd64466
Nov 16 19:01:32.218142 dv-cinder-667108-35-iscsi devstack@c-api.service[108538]: DEBUG cinder.api.openstack.wsgi [None req-53a933e2-e8d9-40e6-90b1-09dec00bea54 tempest-GroupsTest-1600795407 tempest-GroupsTest-1600795407-project] Empty body provided in request {{(pid=108538) get_body /opt/stack/cinder/cinder/api/openstack/wsgi.py:703}}
Nov 16 19:01:32.218142 dv-cinder-667108-35-iscsi devstack@c-api.service[108538]: /usr/local/lib/python3.8/dist-packages/webob/acceptparse.py:1047: DeprecationWarning: The behavior of AcceptValidHeader.best_match is currently being maintained for backward compatibility, but it will be deprecated in the future, as it does not conform to the RFC.
Nov 16 19:01:32.218142 dv-cinder-667108-35-iscsi devstack@c-api.service[108538]: warnings.warn(
Nov 16 19:01:32.218888 dv-cinder-667108-35-iscsi devstack@c-api.service[108538]: DEBUG cinder.api.openstack.wsgi [None req-53a933e2-e8d9-40e6-90b1-09dec00bea54 tempest-GroupsTest-1600795407 tempest-GroupsTest-1600795407-project] Calling method 'version_select' {{(pid=108538) _process_stack /opt/stack/cinder/cinder/api/openstack/wsgi.py:856}}
Nov 16 19:01:32.219242 dv-cinder-667108-35-iscsi devstack@c-api.service[108538]: DEBUG cinder.api.v3.groups [None req-53a933e2-e8d9-40e6-90b1-09dec00bea54 tempest-GroupsTest-1600795407 tempest-GroupsTest-1600795407-project] show called for member 3ae03544-70a8-4621-973a-09134cd64466 {{(pid=108538) show /opt/stack/cinder/cinder/api/v3/groups.py:58}}
Nov 16 19:01:32.244814 dv-cinder-667108-35-iscsi devstack@c-api.service[108538]: /usr/local/lib/python3.8/dist-packages/oslo_context/context.py:105: DeprecationWarning: Policy enforcement is depending on the value of is_admin. This key is deprecated. Please update your policy file to use the standard policy values.
Nov 16 19:01:32.244814 dv-cinder-667108-35-iscsi devstack@c-api.service[108538]: warnings.warn('Policy enforcement is depending on the value of '
Nov 16 19:01:32.263254 dv-cinder-667108-35-iscsi devstack@c-api.service[108539]: INFO cinder.api.openstack.wsgi [None req-9cb137de-5946-4f56-96e5-9566e0ff6cd1 tempest-VolumeQuotasAdminTestJSON-1933032030 tempest-VolumeQuotasAdminTestJSON-1933032030-project-admin] http://10.222.0.46/volume/v3/b3807a410650476d9074d8943cc5d1c4/os-quota-sets/3be523eb534744b395d33f3a3f08b3d9 returned with HTTP 200
Nov 16 19:01:32.285764 dv-cinder-667108-35-iscsi devstack@c-api.service[108539]: [pid: 108539|app: 0|req: 29/69] 10.222.0.46 () {58 vars in 1330 bytes} [Tue Nov 16 19:01:32 2021] GET /volume/v3/b3807a410650476d9074d8943cc5d1c4/os-quota-sets/3be523eb534744b395d33f3a3f08b3d9 => generated 717 bytes in 175 msecs (HTTP/1.1 200) 7 headers in 285 bytes (1 switches on core 0)
Nov 16 19:01:32.286202 dv-cinder-667108-35-iscsi devstack@c-api.service[108538]: INFO cinder.api.openstack.wsgi [None req-53a933e2-e8d9-40e6-90b1-09dec00bea54 tempest-GroupsTest-1600795407 tempest-GroupsTest-1600795407-project] http://10.222.0.46/volume/v3/fdc8f0f20fc14a498d5f7c15511a0772/groups/3ae03544-70a8-4621-973a-09134cd64466 returned with HTTP 200
Nov 16 19:01:32.295603 dv-cinder-667108-35-iscsi devstack@c-api.service[108538]: [pid: 108538|app: 0|req: 41/70] 10.222.0.46 () {60 vars in 1362 bytes} [Tue Nov 16 19:01:32 2021] GET /volume/v3/fdc8f0f20fc14a498d5f7c15511a0772/groups/3ae03544-70a8-4621-973a-09134cd64466 => generated 321 bytes in 80 msecs (HTTP/1.1 200) 7 headers in 286 bytes (1 switches on core 0)
Nov 16 19:01:32.298597 dv-cinder-667108-35-iscsi devstack@c-api.service[108539]: INFO cinder.api.openstack.wsgi [None req-b534257e-c894-4a91-9b4a-217d631084bb tempest-VolumeQuotasAdminTestJSON-1933032030 tempest-VolumeQuotasAdminTestJSON-1933032030-project-admin] GET http://10.222.0.46/volume/v3/b3807a410650476d9074d8943cc5d1c4/os-quota-sets/3be523eb534744b395d33f3a3f08b3d9?usage=True
Nov 16 19:01:32.299231 dv-cinder-667108-35-iscsi devstack@c-api.service[108539]: DEBUG cinder.api.openstack.wsgi [None req-b534257e-c894-4a91-9b4a-217d631084bb tempest-VolumeQuotasAdminTestJSON-1933032030 tempest-VolumeQuotasAdminTestJSON-1933032030-project-admin] Empty body provided in request {{(pid=108539) get_body /opt/stack/cinder/cinder/api/openstack/wsgi.py:703}}
Nov 16 19:01:32.299651 dv-cinder-667108-35-iscsi devstack@c-api.service[108539]: DEBUG cinder.api.openstack.wsgi [None req-b534257e-c894-4a91-9b4a-217d631084bb tempest-VolumeQuotasAdminTestJSON-1933032030 tempest-VolumeQuotasAdminTestJSON-1933032030-project-admin] Calling method 'show' {{(pid=108539) _process_stack /opt/stack/cinder/cinder/api/openstack/wsgi.py:856}}
Nov 16 19:01:32.433314 dv-cinder-667108-35-iscsi devstack@c-api.service[108539]: INFO cinder.api.openstack.wsgi [None req-b534257e-c894-4a91-9b4a-217d631084bb tempest-VolumeQuotasAdminTestJSON-1933032030 tempest-VolumeQuotasAdminTestJSON-1933032030-project-admin] http://10.222.0.46/volume/v3/b3807a410650476d9074d8943cc5d1c4/os-quota-sets/3be523eb534744b395d33f3a3f08b3d9?usage=True returned with HTTP 200
Nov 16 19:01:32.434846 dv-cinder-667108-35-iscsi devstack@c-api.service[108539]: [pid: 108539|app: 0|req: 30/71] 10.222.0.46 () {58 vars in 1351 bytes} [Tue Nov 16 19:01:32 2021] GET /volume/v3/b3807a410650476d9074d8943cc5d1c4/os-quota-sets/3be523eb534744b395d33f3a3f08b3d9?usage=True => generated 1458 bytes in 148 msecs (HTTP/1.1 200) 7 headers in 286 bytes (2 switches on core 0)
Nov 16 19:01:32.645811 dv-cinder-667108-35-iscsi devstack@c-api.service[108538]: INFO cinder.api.openstack.wsgi [None req-9bc8d741-0e6e-4fb8-8e8e-ce7985b3be09 tempest-VolumeQuotasAdminTestJSON-1304206513 tempest-VolumeQuotasAdminTestJSON-1304206513-project] POST http://10.222.0.46/volume/v3/3be523eb534744b395d33f3a3f08b3d9/volumes
Nov 16 19:01:32.646311 dv-cinder-667108-35-iscsi devstack@c-api.service[108538]: /usr/local/lib/python3.8/dist-packages/webob/acceptparse.py:1047: DeprecationWarning: The behavior of AcceptValidHeader.best_match is currently being maintained for backward compatibility, but it will be deprecated in the future, as it does not conform to the RFC.
Nov 16 19:01:32.646311 dv-cinder-667108-35-iscsi devstack@c-api.service[108538]: warnings.warn(
Nov 16 19:01:32.646926 dv-cinder-667108-35-iscsi devstack@c-api.service[108538]: DEBUG cinder.api.openstack.wsgi [None req-9bc8d741-0e6e-4fb8-8e8e-ce7985b3be09 tempest-VolumeQuotasAdminTestJSON-1304206513 tempest-VolumeQuotasAdminTestJSON-1304206513-project] Action: 'create', calling method: create, body: {"volume": {"size": 1, "name": "tempest-VolumeQuotasAdminTestJSON-Volume-2066492164"}} {{(pid=108538) _process_stack /opt/stack/cinder/cinder/api/openstack/wsgi.py:854}}
Nov 16 19:01:32.649090 dv-cinder-667108-35-iscsi devstack@c-api.service[108538]: DEBUG cinder.api.v3.volumes [None req-9bc8d741-0e6e-4fb8-8e8e-ce7985b3be09 tempest-VolumeQuotasAdminTestJSON-1304206513 tempest-VolumeQuotasAdminTestJSON-1304206513-project] Create volume request body: {'volume': {'size': 1, 'name': 'tempest-VolumeQuotasAdminTestJSON-Volume-2066492164'}} {{(pid=108538) create /opt/stack/cinder/cinder/api/v3/volumes.py:298}}
Nov 16 19:01:32.649611 dv-cinder-667108-35-iscsi devstack@c-api.service[108538]: INFO cinder.api.v3.volumes [None req-9bc8d741-0e6e-4fb8-8e8e-ce7985b3be09 tempest-VolumeQuotasAdminTestJSON-1304206513 tempest-VolumeQuotasAdminTestJSON-1304206513-project] Create volume of 1 GB
Nov 16 19:01:32.650216 dv-cinder-667108-35-iscsi devstack@c-api.service[108538]: /usr/local/lib/python3.8/dist-packages/oslo_context/context.py:105: DeprecationWarning: Policy enforcement is depending on the value of is_admin. This key is deprecated. Please update your policy file to use the standard policy values.
Nov 16 19:01:32.650216 dv-cinder-667108-35-iscsi devstack@c-api.service[108538]: warnings.warn('Policy enforcement is depending on the value of '
Nov 16 19:01:32.689421 dv-cinder-667108-35-iscsi devstack@c-api.service[108538]: DEBUG cinder.volume.api [None req-9bc8d741-0e6e-4fb8-8e8e-ce7985b3be09 tempest-VolumeQuotasAdminTestJSON-1304206513 tempest-VolumeQuotasAdminTestJSON-1304206513-project] Availability zone cache updated, next update will occur around 2021-11-16 20:01:32.688504. {{(pid=108538) list_availability_zones /opt/stack/cinder/cinder/volume/api.py:148}}
Nov 16 19:01:32.689805 dv-cinder-667108-35-iscsi devstack@c-api.service[108538]: INFO cinder.volume.api [None req-9bc8d741-0e6e-4fb8-8e8e-ce7985b3be09 tempest-VolumeQuotasAdminTestJSON-1304206513 tempest-VolumeQuotasAdminTestJSON-1304206513-project] Availability Zones retrieved successfully.
Nov 16 19:01:32.806853 dv-cinder-667108-35-iscsi devstack@c-api.service[108538]: DEBUG cinder.volume.api [None req-9bc8d741-0e6e-4fb8-8e8e-ce7985b3be09 tempest-VolumeQuotasAdminTestJSON-1304206513 tempest-VolumeQuotasAdminTestJSON-1304206513-project] Flow 'volume_create_api' (343d9ae5-c359-4d21-8dda-abfa54c8eb11) transitioned into state 'RUNNING' from state 'PENDING' {{(pid=108538) _flow_receiver /usr/local/lib/python3.8/dist-packages/taskflow/listeners/logging.py:141}}
Nov 16 19:01:32.815686 dv-cinder-667108-35-iscsi devstack@c-api.service[108538]: DEBUG cinder.volume.api [None req-9bc8d741-0e6e-4fb8-8e8e-ce7985b3be09 tempest-VolumeQuotasAdminTestJSON-1304206513 tempest-VolumeQuotasAdminTestJSON-1304206513-project] Task 'cinder.volume.flows.api.create_volume.ExtractVolumeRequestTask;volume:create' (3faf28cf-3991-47ba-b25c-5604deac9328) transitioned into state 'RUNNING' from state 'PENDING' {{(pid=108538) _task_receiver /usr/local/lib/python3.8/dist-packages/taskflow/listeners/logging.py:190}}
Nov 16 19:01:32.824186 dv-cinder-667108-35-iscsi devstack@c-api.service[108538]: DEBUG cinder.volume.flows.api.create_volume [None req-9bc8d741-0e6e-4fb8-8e8e-ce7985b3be09 tempest-VolumeQuotasAdminTestJSON-1304206513 tempest-VolumeQuotasAdminTestJSON-1304206513-project] Validating volume size '1' using validate_int {{(pid=108538) _extract_size /opt/stack/cinder/cinder/volume/flows/api/create_volume.py:225}}
Nov 16 19:01:32.956213 dv-cinder-667108-35-iscsi devstack@c-api.service[108538]: DEBUG cinder.volume.api [None req-9bc8d741-0e6e-4fb8-8e8e-ce7985b3be09 tempest-VolumeQuotasAdminTestJSON-1304206513 tempest-VolumeQuotasAdminTestJSON-1304206513-project] Task 'cinder.volume.flows.api.create_volume.ExtractVolumeRequestTask;volume:create' (3faf28cf-3991-47ba-b25c-5604deac9328) transitioned into state 'SUCCESS' from state 'RUNNING' with result '{'size': 1, 'snapshot_id': None, 'source_volid': None, 'volume_type': VolumeType(created_at=2021-11-16T18:51:35Z,deleted=False,deleted_at=None,description='Default Volume Type',extra_specs={},id=0767479a-d8a3-44b2-b2d5-9b5e4a236265,is_public=True,name='__DEFAULT__',projects=[],qos_specs=,qos_specs_id=None,updated_at=2021-11-16T18:51:35Z), 'volume_type_id': '0767479a-d8a3-44b2-b2d5-9b5e4a236265', 'encryption_key_id': None, 'qos_specs': None, 'consistencygroup_id': None, 'cgsnapshot_id': None, 'group_id': None, 'replication_status': 'disabled', 'refresh_az': False, 'backup_id': None, 'multiattach': False, 'availability_zones': ['nova']}' {{(pid=108538) _task_receiver /usr/local/lib/python3.8/dist-packages/taskflow/listeners/logging.py:178}}
Nov 16 19:01:32.963819 dv-cinder-667108-35-iscsi devstack@c-api.service[108538]: DEBUG cinder.volume.api [None req-9bc8d741-0e6e-4fb8-8e8e-ce7985b3be09 tempest-VolumeQuotasAdminTestJSON-1304206513 tempest-VolumeQuotasAdminTestJSON-1304206513-project] Task 'cinder.volume.flows.api.create_volume.QuotaReserveTask;volume:create' (6b234007-7b8c-4975-aeb8-316d6eb87245) transitioned into state 'RUNNING' from state 'PENDING' {{(pid=108538) _task_receiver /usr/local/lib/python3.8/dist-packages/taskflow/listeners/logging.py:190}}
Nov 16 19:01:33.045699 dv-cinder-667108-35-iscsi devstack@c-api.service[108539]: INFO cinder.api.openstack.wsgi [None req-1d98209d-6780-49ea-90a1-4ddd92e14190 tempest-GroupsV314Test-543969027 tempest-GroupsV314Test-543969027-project] GET http://10.222.0.46/volume/v3/19602ada412e4094954cefa87bdd2f88/volumes/432288cd-071d-474c-8a69-01b8e258fce4
Nov 16 19:01:33.046502 dv-cinder-667108-35-iscsi devstack@c-api.service[108539]: DEBUG cinder.api.openstack.wsgi [None req-1d98209d-6780-49ea-90a1-4ddd92e14190 tempest-GroupsV314Test-543969027 tempest-GroupsV314Test-543969027-project] Empty body provided in request {{(pid=108539) get_body /opt/stack/cinder/cinder/api/openstack/wsgi.py:703}}
Nov 16 19:01:33.047019 dv-cinder-667108-35-iscsi devstack@c-api.service[108539]: DEBUG cinder.api.openstack.wsgi [None req-1d98209d-6780-49ea-90a1-4ddd92e14190 tempest-GroupsV314Test-543969027 tempest-GroupsV314Test-543969027-project] Calling method 'show' {{(pid=108539) _process_stack /opt/stack/cinder/cinder/api/openstack/wsgi.py:856}}
Nov 16 19:01:33.067858 dv-cinder-667108-35-iscsi devstack@c-api.service[108539]: INFO cinder.api.openstack.wsgi [None req-1d98209d-6780-49ea-90a1-4ddd92e14190 tempest-GroupsV314Test-543969027 tempest-GroupsV314Test-543969027-project] http://10.222.0.46/volume/v3/19602ada412e4094954cefa87bdd2f88/volumes/432288cd-071d-474c-8a69-01b8e258fce4 returned with HTTP 404
Nov 16 19:01:33.072364 dv-cinder-667108-35-iscsi devstack@c-api.service[108539]: [pid: 108539|app: 0|req: 31/72] 10.222.0.46 () {60 vars in 1365 bytes} [Tue Nov 16 19:01:33 2021] GET /volume/v3/19602ada412e4094954cefa87bdd2f88/volumes/432288cd-071d-474c-8a69-01b8e258fce4 => generated 109 bytes in 31 msecs (HTTP/1.1 404) 7 headers in 293 bytes (2 switches on core 0)
Nov 16 19:01:33.081259 dv-cinder-667108-35-iscsi devstack@c-api.service[108539]: INFO cinder.api.openstack.wsgi [None req-cf28e5e4-cb43-4fea-83b2-8a2e88355814 tempest-GroupsV314Test-543969027 tempest-GroupsV314Test-543969027-project] GET http://10.222.0.46/volume/v3/19602ada412e4094954cefa87bdd2f88/groups/5ae7e7a8-9e6f-4d27-a8f9-60ff06823856
Nov 16 19:01:33.081932 dv-cinder-667108-35-iscsi devstack@c-api.service[108539]: DEBUG cinder.api.openstack.wsgi [None req-cf28e5e4-cb43-4fea-83b2-8a2e88355814 tempest-GroupsV314Test-543969027 tempest-GroupsV314Test-543969027-project] Empty body provided in request {{(pid=108539) get_body /opt/stack/cinder/cinder/api/openstack/wsgi.py:703}}
Nov 16 19:01:33.083286 dv-cinder-667108-35-iscsi devstack@c-api.service[108539]: DEBUG cinder.api.openstack.wsgi [None req-cf28e5e4-cb43-4fea-83b2-8a2e88355814 tempest-GroupsV314Test-543969027 tempest-GroupsV314Test-543969027-project] Calling method 'version_select' {{(pid=108539) _process_stack /opt/stack/cinder/cinder/api/openstack/wsgi.py:856}}
Nov 16 19:01:33.083779 dv-cinder-667108-35-iscsi devstack@c-api.service[108539]: DEBUG cinder.api.v3.groups [None req-cf28e5e4-cb43-4fea-83b2-8a2e88355814 tempest-GroupsV314Test-543969027 tempest-GroupsV314Test-543969027-project] show called for member 5ae7e7a8-9e6f-4d27-a8f9-60ff06823856 {{(pid=108539) show /opt/stack/cinder/cinder/api/v3/groups.py:58}}
Nov 16 19:01:33.090405 dv-cinder-667108-35-iscsi devstack@c-api.service[108539]: INFO cinder.api.openstack.wsgi [None req-cf28e5e4-cb43-4fea-83b2-8a2e88355814 tempest-GroupsV314Test-543969027 tempest-GroupsV314Test-543969027-project] http://10.222.0.46/volume/v3/19602ada412e4094954cefa87bdd2f88/groups/5ae7e7a8-9e6f-4d27-a8f9-60ff06823856 returned with HTTP 404
Nov 16 19:01:33.093431 dv-cinder-667108-35-iscsi devstack@c-api.service[108539]: [pid: 108539|app: 0|req: 32/73] 10.222.0.46 () {60 vars in 1362 bytes} [Tue Nov 16 19:01:33 2021] GET /volume/v3/19602ada412e4094954cefa87bdd2f88/groups/5ae7e7a8-9e6f-4d27-a8f9-60ff06823856 => generated 108 bytes in 18 msecs (HTTP/1.1 404) 7 headers in 293 bytes (1 switches on core 0)
Nov 16 19:01:33.126459 dv-cinder-667108-35-iscsi devstack@c-api.service[108539]: INFO cinder.api.openstack.wsgi [None req-f2236d97-7f12-4f3d-bdc5-44040da0cbaa tempest-GroupsV314Test-543969027 tempest-GroupsV314Test-543969027-project] GET http://10.222.0.46/volume/v3/19602ada412e4094954cefa87bdd2f88/volumes/detail
Nov 16 19:01:33.127590 dv-cinder-667108-35-iscsi devstack@c-api.service[108539]: DEBUG cinder.api.openstack.wsgi [None req-f2236d97-7f12-4f3d-bdc5-44040da0cbaa tempest-GroupsV314Test-543969027 tempest-GroupsV314Test-543969027-project] Empty body provided in request {{(pid=108539) get_body /opt/stack/cinder/cinder/api/openstack/wsgi.py:703}}
Nov 16 19:01:33.128860 dv-cinder-667108-35-iscsi devstack@c-api.service[108539]: DEBUG cinder.api.openstack.wsgi [None req-f2236d97-7f12-4f3d-bdc5-44040da0cbaa tempest-GroupsV314Test-543969027 tempest-GroupsV314Test-543969027-project] Calling method 'detail' {{(pid=108539) _process_stack /opt/stack/cinder/cinder/api/openstack/wsgi.py:856}}
Nov 16 19:01:33.142610 dv-cinder-667108-35-iscsi devstack@c-api.service[108539]: DEBUG cinder.api.api_utils [None req-f2236d97-7f12-4f3d-bdc5-44040da0cbaa tempest-GroupsV314Test-543969027 tempest-GroupsV314Test-543969027-project] Removing options '' from query. {{(pid=108539) remove_invalid_filter_options /opt/stack/cinder/cinder/api/api_utils.py:73}}
Nov 16 19:01:33.151812 dv-cinder-667108-35-iscsi devstack@c-api.service[108539]: DEBUG cinder.volume.api [None req-f2236d97-7f12-4f3d-bdc5-44040da0cbaa tempest-GroupsV314Test-543969027 tempest-GroupsV314Test-543969027-project] Searching by: MultiDict([('no_migration_targets', True)]). {{(pid=108539) get_all /opt/stack/cinder/cinder/volume/api.py:619}}
Nov 16 19:01:33.236498 dv-cinder-667108-35-iscsi devstack@c-api.service[108538]: DEBUG cinder.quota [None req-9bc8d741-0e6e-4fb8-8e8e-ce7985b3be09 tempest-VolumeQuotasAdminTestJSON-1304206513 tempest-VolumeQuotasAdminTestJSON-1304206513-project] Created reservations ['06301d44-7ab1-4a41-8201-2ce919a4211d', '9c853ad0-2c39-4394-ad4d-f7dedadf7c81', '6cbc22f2-11c5-4e90-a515-2d6513c30cc8', '34eb5f72-9014-4150-8098-cd5f26a03629'] {{(pid=108538) reserve /opt/stack/cinder/cinder/quota.py:755}}
Nov 16 19:01:33.240875 dv-cinder-667108-35-iscsi devstack@c-api.service[108538]: DEBUG cinder.volume.api [None req-9bc8d741-0e6e-4fb8-8e8e-ce7985b3be09 tempest-VolumeQuotasAdminTestJSON-1304206513 tempest-VolumeQuotasAdminTestJSON-1304206513-project] Task 'cinder.volume.flows.api.create_volume.QuotaReserveTask;volume:create' (6b234007-7b8c-4975-aeb8-316d6eb87245) transitioned into state 'SUCCESS' from state 'RUNNING' with result '{'reservations': ['06301d44-7ab1-4a41-8201-2ce919a4211d', '9c853ad0-2c39-4394-ad4d-f7dedadf7c81', '6cbc22f2-11c5-4e90-a515-2d6513c30cc8', '34eb5f72-9014-4150-8098-cd5f26a03629']}' {{(pid=108538) _task_receiver /usr/local/lib/python3.8/dist-packages/taskflow/listeners/logging.py:178}}
Nov 16 19:01:33.248848 dv-cinder-667108-35-iscsi devstack@c-api.service[108538]: DEBUG cinder.volume.api [None req-9bc8d741-0e6e-4fb8-8e8e-ce7985b3be09 tempest-VolumeQuotasAdminTestJSON-1304206513 tempest-VolumeQuotasAdminTestJSON-1304206513-project] Task 'cinder.volume.flows.api.create_volume.EntryCreateTask;volume:create' (83460e7a-fe25-4724-8a30-baf59f0764bf) transitioned into state 'RUNNING' from state 'PENDING' {{(pid=108538) _task_receiver /usr/local/lib/python3.8/dist-packages/taskflow/listeners/logging.py:190}}
Nov 16 19:01:33.351378 dv-cinder-667108-35-iscsi devstack@c-api.service[108538]: DEBUG cinder.volume.api [None req-9bc8d741-0e6e-4fb8-8e8e-ce7985b3be09 tempest-VolumeQuotasAdminTestJSON-1304206513 tempest-VolumeQuotasAdminTestJSON-1304206513-project] Task 'cinder.volume.flows.api.create_volume.EntryCreateTask;volume:create' (83460e7a-fe25-4724-8a30-baf59f0764bf) transitioned into state 'SUCCESS' from state 'RUNNING' with result '{'volume_id': '6a69f189-1498-4ea5-9ab1-cc39ca797c04', 'volume_properties': VolumeProperties(attach_status='detached',availability_zone='nova',cgsnapshot_id=None,consistencygroup_id=None,display_description=None,display_name='tempest-VolumeQuotasAdminTestJSON-Volume-2066492164',encryption_key_id=None,group_id=None,group_type_id=,metadata={},multiattach=False,project_id='3be523eb534744b395d33f3a3f08b3d9',qos_specs=None,replication_status=,reservations=['06301d44-7ab1-4a41-8201-2ce919a4211d','9c853ad0-2c39-4394-ad4d-f7dedadf7c81','6cbc22f2-11c5-4e90-a515-2d6513c30cc8','34eb5f72-9014-4150-8098-cd5f26a03629'],size=1,snapshot_id=None,source_replicaid=,source_volid=None,status='creating',user_id='5d4dba4f6d404fd19412dbf0aaebf775',volume_type_id=0767479a-d8a3-44b2-b2d5-9b5e4a236265), 'volume': Volume(_name_id=None,admin_metadata=,attach_status='detached',availability_zone='nova',bootable=False,cluster=,cluster_name=None,consistencygroup=,consistencygroup_id=None,created_at=2021-11-16T19:01:33Z,deleted=False,deleted_at=None,display_description=None,display_name='tempest-VolumeQuotasAdminTestJSON-Volume-2066492164',ec2_id=None,encryption_key_id=None,glance_metadata=,group=,group_id=None,host=None,id=6a69f189-1498-4ea5-9ab1-cc39ca797c04,launched_at=None,metadata={},migration_status=None,multiattach=False,previous_status=None,project_id='3be523eb534744b395d33f3a3f08b3d9',provider_auth=None,provider_geometry=None,provider_id=None,provider_location=None,replication_driver_data=None,replication_extended_status=None,replication_status=None,scheduled_at=None,service_uuid=None,shared_targets=True,size=1,snapshot_id=None,snapshots=,source_volid=None,status='creating',terminated_at=None,updated_at=None,use_quota=True,user_id='5d4dba4f6d404fd19412dbf0aaebf775',volume_attachment=VolumeAttachmentList,volume_type=VolumeType(0767479a-d8a3-44b2-b2d5-9b5e4a236265),volume_type_id=0767479a-d8a3-44b2-b2d5-9b5e4a236265)}' {{(pid=108538) _task_receiver /usr/local/lib/python3.8/dist-packages/taskflow/listeners/logging.py:178}}
Nov 16 19:01:33.353621 dv-cinder-667108-35-iscsi devstack@c-api.service[108538]: DEBUG cinder.volume.api [None req-9bc8d741-0e6e-4fb8-8e8e-ce7985b3be09 tempest-VolumeQuotasAdminTestJSON-1304206513 tempest-VolumeQuotasAdminTestJSON-1304206513-project] Task 'cinder.volume.flows.api.create_volume.QuotaCommitTask;volume:create' (fba462ab-2104-4a6e-a625-9588f714cc64) transitioned into state 'RUNNING' from state 'PENDING' {{(pid=108538) _task_receiver /usr/local/lib/python3.8/dist-packages/taskflow/listeners/logging.py:190}}
Nov 16 19:01:33.364097 dv-cinder-667108-35-iscsi devstack@c-api.service[108539]: INFO cinder.volume.api [None req-f2236d97-7f12-4f3d-bdc5-44040da0cbaa tempest-GroupsV314Test-543969027 tempest-GroupsV314Test-543969027-project] Get all volumes completed successfully.
Nov 16 19:01:33.365735 dv-cinder-667108-35-iscsi devstack@c-api.service[108539]: WARNING stevedore.named [None req-f2236d97-7f12-4f3d-bdc5-44040da0cbaa tempest-GroupsV314Test-543969027 tempest-GroupsV314Test-543969027-project] Could not load cinder.keymgr.conf_key_mgr.ConfKeyManager
Nov 16 19:01:33.366415 dv-cinder-667108-35-iscsi devstack@c-api.service[108539]: WARNING castellan.key_manager [None req-f2236d97-7f12-4f3d-bdc5-44040da0cbaa tempest-GroupsV314Test-543969027 tempest-GroupsV314Test-543969027-project] Deprecation Warning : cinder.keymgr.conf_key_mgr.ConfKeyManager is not a stevedore based driver, trying to load it as a class: stevedore.exception.NoMatches: No 'castellan.drivers' driver found, looking for 'cinder.keymgr.conf_key_mgr.ConfKeyManager'
Nov 16 19:01:33.388687 dv-cinder-667108-35-iscsi devstack@c-api.service[108539]: DEBUG oslo_db.sqlalchemy.engines [None req-f2236d97-7f12-4f3d-bdc5-44040da0cbaa tempest-GroupsV314Test-543969027 tempest-GroupsV314Test-543969027-project] MySQL server mode set to STRICT_TRANS_TABLES,STRICT_ALL_TABLES,NO_ZERO_IN_DATE,NO_ZERO_DATE,ERROR_FOR_DIVISION_BY_ZERO,TRADITIONAL,NO_ENGINE_SUBSTITUTION {{(pid=108539) _check_effective_sql_mode /usr/local/lib/python3.8/dist-packages/oslo_db/sqlalchemy/engines.py:314}}
Nov 16 19:01:33.397526 dv-cinder-667108-35-iscsi devstack@c-api.service[108538]: DEBUG cinder.volume.api [None req-9bc8d741-0e6e-4fb8-8e8e-ce7985b3be09 tempest-VolumeQuotasAdminTestJSON-1304206513 tempest-VolumeQuotasAdminTestJSON-1304206513-project] Task 'cinder.volume.flows.api.create_volume.QuotaCommitTask;volume:create' (fba462ab-2104-4a6e-a625-9588f714cc64) transitioned into state 'SUCCESS' from state 'RUNNING' with result '{'volume_properties': VolumeProperties(attach_status='detached',availability_zone='nova',cgsnapshot_id=None,consistencygroup_id=None,display_description=None,display_name='tempest-VolumeQuotasAdminTestJSON-Volume-2066492164',encryption_key_id=None,group_id=None,group_type_id=,metadata={},multiattach=False,project_id='3be523eb534744b395d33f3a3f08b3d9',qos_specs=None,replication_status=,reservations=['06301d44-7ab1-4a41-8201-2ce919a4211d','9c853ad0-2c39-4394-ad4d-f7dedadf7c81','6cbc22f2-11c5-4e90-a515-2d6513c30cc8','34eb5f72-9014-4150-8098-cd5f26a03629'],size=1,snapshot_id=None,source_replicaid=,source_volid=None,status='creating',user_id='5d4dba4f6d404fd19412dbf0aaebf775',volume_type_id=0767479a-d8a3-44b2-b2d5-9b5e4a236265)}' {{(pid=108538) _task_receiver /usr/local/lib/python3.8/dist-packages/taskflow/listeners/logging.py:178}}
Nov 16 19:01:33.397975 dv-cinder-667108-35-iscsi devstack@c-api.service[108539]: /usr/local/lib/python3.8/dist-packages/oslo_context/context.py:105: DeprecationWarning: Policy enforcement is depending on the value of is_admin. This key is deprecated. Please update your policy file to use the standard policy values.
Nov 16 19:01:33.397975 dv-cinder-667108-35-iscsi devstack@c-api.service[108539]: warnings.warn('Policy enforcement is depending on the value of '
Nov 16 19:01:33.403067 dv-cinder-667108-35-iscsi devstack@c-api.service[108538]: DEBUG cinder.volume.api [None req-9bc8d741-0e6e-4fb8-8e8e-ce7985b3be09 tempest-VolumeQuotasAdminTestJSON-1304206513 tempest-VolumeQuotasAdminTestJSON-1304206513-project] Task 'cinder.volume.flows.api.create_volume.VolumeCastTask;volume:create' (58820389-8640-43f4-b949-963503b39dc0) transitioned into state 'RUNNING' from state 'PENDING' {{(pid=108538) _task_receiver /usr/local/lib/python3.8/dist-packages/taskflow/listeners/logging.py:190}}
Nov 16 19:01:33.443963 dv-cinder-667108-35-iscsi devstack@c-api.service[108539]: INFO cinder.api.openstack.wsgi [None req-f2236d97-7f12-4f3d-bdc5-44040da0cbaa tempest-GroupsV314Test-543969027 tempest-GroupsV314Test-543969027-project] http://10.222.0.46/volume/v3/19602ada412e4094954cefa87bdd2f88/volumes/detail returned with HTTP 200
Nov 16 19:01:33.446253 dv-cinder-667108-35-iscsi devstack@c-api.service[108539]: [pid: 108539|app: 0|req: 33/74] 10.222.0.46 () {60 vars in 1275 bytes} [Tue Nov 16 19:01:33 2021] GET /volume/v3/19602ada412e4094954cefa87bdd2f88/volumes/detail => generated 995 bytes in 349 msecs (HTTP/1.1 200) 7 headers in 286 bytes (1 switches on core 0)
Nov 16 19:01:33.472407 dv-cinder-667108-35-iscsi devstack@c-api.service[108539]: INFO cinder.api.openstack.wsgi [None req-998b7cd0-1a30-451b-8d8e-8d5a8042f13c tempest-GroupsTest-1600795407 tempest-GroupsTest-1600795407-project] GET http://10.222.0.46/volume/v3/fdc8f0f20fc14a498d5f7c15511a0772/groups/3ae03544-70a8-4621-973a-09134cd64466
Nov 16 19:01:33.479236 dv-cinder-667108-35-iscsi devstack@c-api.service[108539]: DEBUG cinder.api.openstack.wsgi [None req-998b7cd0-1a30-451b-8d8e-8d5a8042f13c tempest-GroupsTest-1600795407 tempest-GroupsTest-1600795407-project] Empty body provided in request {{(pid=108539) get_body /opt/stack/cinder/cinder/api/openstack/wsgi.py:703}}
Nov 16 19:01:33.479769 dv-cinder-667108-35-iscsi devstack@c-api.service[108539]: /usr/local/lib/python3.8/dist-packages/webob/acceptparse.py:1047: DeprecationWarning: The behavior of AcceptValidHeader.best_match is currently being maintained for backward compatibility, but it will be deprecated in the future, as it does not conform to the RFC.
Nov 16 19:01:33.479769 dv-cinder-667108-35-iscsi devstack@c-api.service[108539]: warnings.warn(
Nov 16 19:01:33.480347 dv-cinder-667108-35-iscsi devstack@c-api.service[108539]: DEBUG cinder.api.openstack.wsgi [None req-998b7cd0-1a30-451b-8d8e-8d5a8042f13c tempest-GroupsTest-1600795407 tempest-GroupsTest-1600795407-project] Calling method 'version_select' {{(pid=108539) _process_stack /opt/stack/cinder/cinder/api/openstack/wsgi.py:856}}
Nov 16 19:01:33.481042 dv-cinder-667108-35-iscsi devstack@c-api.service[108539]: DEBUG cinder.api.v3.groups [None req-998b7cd0-1a30-451b-8d8e-8d5a8042f13c tempest-GroupsTest-1600795407 tempest-GroupsTest-1600795407-project] show called for member 3ae03544-70a8-4621-973a-09134cd64466 {{(pid=108539) show /opt/stack/cinder/cinder/api/v3/groups.py:58}}
Nov 16 19:01:33.513246 dv-cinder-667108-35-iscsi devstack@c-api.service[108538]: DEBUG cinder.volume.api [None req-9bc8d741-0e6e-4fb8-8e8e-ce7985b3be09 tempest-VolumeQuotasAdminTestJSON-1304206513 tempest-VolumeQuotasAdminTestJSON-1304206513-project] Task 'cinder.volume.flows.api.create_volume.VolumeCastTask;volume:create' (58820389-8640-43f4-b949-963503b39dc0) transitioned into state 'SUCCESS' from state 'RUNNING' with result 'None' {{(pid=108538) _task_receiver /usr/local/lib/python3.8/dist-packages/taskflow/listeners/logging.py:178}}
Nov 16 19:01:33.521210 dv-cinder-667108-35-iscsi devstack@c-api.service[108539]: /usr/local/lib/python3.8/dist-packages/oslo_context/context.py:105: DeprecationWarning: Policy enforcement is depending on the value of is_admin. This key is deprecated. Please update your policy file to use the standard policy values.
Nov 16 19:01:33.521210 dv-cinder-667108-35-iscsi devstack@c-api.service[108539]: warnings.warn('Policy enforcement is depending on the value of '
Nov 16 19:01:33.523884 dv-cinder-667108-35-iscsi devstack@c-api.service[108538]: DEBUG cinder.volume.api [None req-9bc8d741-0e6e-4fb8-8e8e-ce7985b3be09 tempest-VolumeQuotasAdminTestJSON-1304206513 tempest-VolumeQuotasAdminTestJSON-1304206513-project] Flow 'volume_create_api' (343d9ae5-c359-4d21-8dda-abfa54c8eb11) transitioned into state 'SUCCESS' from state 'RUNNING' {{(pid=108538) _flow_receiver /usr/local/lib/python3.8/dist-packages/taskflow/listeners/logging.py:141}}
Nov 16 19:01:33.525579 dv-cinder-667108-35-iscsi devstack@c-api.service[108538]: INFO cinder.volume.api [None req-9bc8d741-0e6e-4fb8-8e8e-ce7985b3be09 tempest-VolumeQuotasAdminTestJSON-1304206513 tempest-VolumeQuotasAdminTestJSON-1304206513-project] Create volume request issued successfully.
Nov 16 19:01:33.531501 dv-cinder-667108-35-iscsi devstack@c-api.service[108538]: INFO cinder.api.openstack.wsgi [None req-9bc8d741-0e6e-4fb8-8e8e-ce7985b3be09 tempest-VolumeQuotasAdminTestJSON-1304206513 tempest-VolumeQuotasAdminTestJSON-1304206513-project] http://10.222.0.46/volume/v3/3be523eb534744b395d33f3a3f08b3d9/volumes returned with HTTP 202
Nov 16 19:01:33.535280 dv-cinder-667108-35-iscsi devstack@c-api.service[108538]: [pid: 108538|app: 0|req: 42/75] 10.222.0.46 () {60 vars in 1234 bytes} [Tue Nov 16 19:01:32 2021] POST /volume/v3/3be523eb534744b395d33f3a3f08b3d9/volumes => generated 825 bytes in 1091 msecs (HTTP/1.1 202) 7 headers in 291 bytes (1 switches on core 0)
Nov 16 19:01:33.553621 dv-cinder-667108-35-iscsi devstack@c-api.service[108538]: INFO cinder.api.openstack.wsgi [None req-9c13ee7a-9ddf-4f08-ae5a-d0ad154cb384 tempest-GroupsV314Test-543969027 tempest-GroupsV314Test-543969027-project] POST http://10.222.0.46/volume/v3/19602ada412e4094954cefa87bdd2f88/groups/b1e2cb82-39aa-431c-8c0d-75b721fd34de/action
Nov 16 19:01:33.555538 dv-cinder-667108-35-iscsi devstack@c-api.service[108538]: /usr/local/lib/python3.8/dist-packages/webob/acceptparse.py:1047: DeprecationWarning: The behavior of AcceptValidHeader.best_match is currently being maintained for backward compatibility, but it will be deprecated in the future, as it does not conform to the RFC.
Nov 16 19:01:33.555538 dv-cinder-667108-35-iscsi devstack@c-api.service[108538]: warnings.warn(
Nov 16 19:01:33.556784 dv-cinder-667108-35-iscsi devstack@c-api.service[108538]: DEBUG cinder.api.openstack.wsgi [None req-9c13ee7a-9ddf-4f08-ae5a-d0ad154cb384 tempest-GroupsV314Test-543969027 tempest-GroupsV314Test-543969027-project] Action body: b'{"delete": {"delete-volumes": true}}' {{(pid=108538) get_method /opt/stack/cinder/cinder/api/openstack/wsgi.py:971}}
Nov 16 19:01:33.557885 dv-cinder-667108-35-iscsi devstack@c-api.service[108538]: DEBUG cinder.api.openstack.wsgi [None req-9c13ee7a-9ddf-4f08-ae5a-d0ad154cb384 tempest-GroupsV314Test-543969027 tempest-GroupsV314Test-543969027-project] Action: 'action', calling method: version_select, body: {"delete": {"delete-volumes": true}} {{(pid=108538) _process_stack /opt/stack/cinder/cinder/api/openstack/wsgi.py:854}}
Nov 16 19:01:33.562122 dv-cinder-667108-35-iscsi devstack@c-api.service[108538]: DEBUG cinder.api.v3.groups [None req-9c13ee7a-9ddf-4f08-ae5a-d0ad154cb384 tempest-GroupsV314Test-543969027 tempest-GroupsV314Test-543969027-project] delete called for group b1e2cb82-39aa-431c-8c0d-75b721fd34de {{(pid=108538) _delete /opt/stack/cinder/cinder/api/v3/groups.py:117}}
Nov 16 19:01:33.564116 dv-cinder-667108-35-iscsi devstack@c-api.service[108538]: INFO cinder.api.v3.groups [None req-9c13ee7a-9ddf-4f08-ae5a-d0ad154cb384 tempest-GroupsV314Test-543969027 tempest-GroupsV314Test-543969027-project] Delete group with id: b1e2cb82-39aa-431c-8c0d-75b721fd34de
Nov 16 19:01:33.585717 dv-cinder-667108-35-iscsi devstack@c-api.service[108538]: /usr/local/lib/python3.8/dist-packages/oslo_context/context.py:105: DeprecationWarning: Policy enforcement is depending on the value of is_admin. This key is deprecated. Please update your policy file to use the standard policy values.
Nov 16 19:01:33.585717 dv-cinder-667108-35-iscsi devstack@c-api.service[108538]: warnings.warn('Policy enforcement is depending on the value of '
Nov 16 19:01:33.590817 dv-cinder-667108-35-iscsi devstack@c-api.service[108539]: INFO cinder.api.openstack.wsgi [None req-998b7cd0-1a30-451b-8d8e-8d5a8042f13c tempest-GroupsTest-1600795407 tempest-GroupsTest-1600795407-project] http://10.222.0.46/volume/v3/fdc8f0f20fc14a498d5f7c15511a0772/groups/3ae03544-70a8-4621-973a-09134cd64466 returned with HTTP 200
Nov 16 19:01:33.603410 dv-cinder-667108-35-iscsi devstack@c-api.service[108539]: [pid: 108539|app: 0|req: 34/76] 10.222.0.46 () {60 vars in 1362 bytes} [Tue Nov 16 19:01:33 2021] GET /volume/v3/fdc8f0f20fc14a498d5f7c15511a0772/groups/3ae03544-70a8-4621-973a-09134cd64466 => generated 322 bytes in 156 msecs (HTTP/1.1 200) 7 headers in 286 bytes (1 switches on core 0)
Nov 16 19:01:33.613861 dv-cinder-667108-35-iscsi devstack@c-api.service[108539]: INFO cinder.api.openstack.wsgi [req-41a1bfe4-df03-4a67-b820-57528f15c9b1 req-3fdf8bb7-19d0-4400-8aaf-d6dacef5eef4 tempest-VolumesSnapshotsTestJSON-437007224 tempest-VolumesSnapshotsTestJSON-437007224-project] GET http://10.222.0.46/volume/v3/1d1f2f9a1d914c5bb1de4718282f547f/volumes/7b5589c2-d9d1-4bb8-b6c0-20951553e622
Nov 16 19:01:33.618509 dv-cinder-667108-35-iscsi devstack@c-api.service[108539]: DEBUG cinder.api.openstack.wsgi [req-41a1bfe4-df03-4a67-b820-57528f15c9b1 req-3fdf8bb7-19d0-4400-8aaf-d6dacef5eef4 tempest-VolumesSnapshotsTestJSON-437007224 tempest-VolumesSnapshotsTestJSON-437007224-project] Empty body provided in request {{(pid=108539) get_body /opt/stack/cinder/cinder/api/openstack/wsgi.py:703}}
Nov 16 19:01:33.618887 dv-cinder-667108-35-iscsi devstack@c-api.service[108539]: /usr/local/lib/python3.8/dist-packages/webob/acceptparse.py:1047: DeprecationWarning: The behavior of AcceptValidHeader.best_match is currently being maintained for backward compatibility, but it will be deprecated in the future, as it does not conform to the RFC.
Nov 16 19:01:33.618887 dv-cinder-667108-35-iscsi devstack@c-api.service[108539]: warnings.warn(
Nov 16 19:01:33.620318 dv-cinder-667108-35-iscsi devstack@c-api.service[108539]: DEBUG cinder.api.openstack.wsgi [req-41a1bfe4-df03-4a67-b820-57528f15c9b1 req-3fdf8bb7-19d0-4400-8aaf-d6dacef5eef4 tempest-VolumesSnapshotsTestJSON-437007224 tempest-VolumesSnapshotsTestJSON-437007224-project] Calling method 'show' {{(pid=108539) _process_stack /opt/stack/cinder/cinder/api/openstack/wsgi.py:856}}
Nov 16 19:01:33.660455 dv-cinder-667108-35-iscsi devstack@c-api.service[108539]: INFO cinder.api.openstack.wsgi [req-41a1bfe4-df03-4a67-b820-57528f15c9b1 req-3fdf8bb7-19d0-4400-8aaf-d6dacef5eef4 tempest-VolumesSnapshotsTestJSON-437007224 tempest-VolumesSnapshotsTestJSON-437007224-project] http://10.222.0.46/volume/v3/1d1f2f9a1d914c5bb1de4718282f547f/volumes/7b5589c2-d9d1-4bb8-b6c0-20951553e622 returned with HTTP 404
Nov 16 19:01:33.661458 dv-cinder-667108-35-iscsi devstack@c-api.service[108539]: [pid: 108539|app: 0|req: 35/77] 10.222.0.46 () {60 vars in 1578 bytes} [Tue Nov 16 19:01:33 2021] GET /volume/v3/1d1f2f9a1d914c5bb1de4718282f547f/volumes/7b5589c2-d9d1-4bb8-b6c0-20951553e622 => generated 109 bytes in 57 msecs (HTTP/1.1 404) 7 headers in 292 bytes (1 switches on core 0)
Nov 16 19:01:33.699993 dv-cinder-667108-35-iscsi devstack@c-api.service[108539]: INFO cinder.api.openstack.wsgi [None req-92427487-cdd6-4ac5-99ed-58770029c871 tempest-VolumeQuotasAdminTestJSON-1304206513 tempest-VolumeQuotasAdminTestJSON-1304206513-project] GET http://10.222.0.46/volume/v3/3be523eb534744b395d33f3a3f08b3d9/volumes/6a69f189-1498-4ea5-9ab1-cc39ca797c04
Nov 16 19:01:33.708252 dv-cinder-667108-35-iscsi devstack@c-api.service[108539]: DEBUG cinder.api.openstack.wsgi [None req-92427487-cdd6-4ac5-99ed-58770029c871 tempest-VolumeQuotasAdminTestJSON-1304206513 tempest-VolumeQuotasAdminTestJSON-1304206513-project] Empty body provided in request {{(pid=108539) get_body /opt/stack/cinder/cinder/api/openstack/wsgi.py:703}}
Nov 16 19:01:33.716491 dv-cinder-667108-35-iscsi devstack@c-api.service[108539]: DEBUG cinder.api.openstack.wsgi [None req-92427487-cdd6-4ac5-99ed-58770029c871 tempest-VolumeQuotasAdminTestJSON-1304206513 tempest-VolumeQuotasAdminTestJSON-1304206513-project] Calling method 'show' {{(pid=108539) _process_stack /opt/stack/cinder/cinder/api/openstack/wsgi.py:856}}
Nov 16 19:01:33.773880 dv-cinder-667108-35-iscsi devstack@c-api.service[108539]: /usr/local/lib/python3.8/dist-packages/oslo_context/context.py:105: DeprecationWarning: Policy enforcement is depending on the value of is_admin. This key is deprecated. Please update your policy file to use the standard policy values.
Nov 16 19:01:33.773880 dv-cinder-667108-35-iscsi devstack@c-api.service[108539]: warnings.warn('Policy enforcement is depending on the value of '
Nov 16 19:01:33.835035 dv-cinder-667108-35-iscsi devstack@c-api.service[108539]: INFO cinder.volume.api [None req-92427487-cdd6-4ac5-99ed-58770029c871 tempest-VolumeQuotasAdminTestJSON-1304206513 tempest-VolumeQuotasAdminTestJSON-1304206513-project] Volume info retrieved successfully.
