Sep 03 09:50:59.905985 dv-cinder-606346-32-iscsi neutron-server[105524]: DEBUG neutron.wsgi [-] (105524) accepted ('10.222.0.67', 33062) {{(pid=105524) server /usr/local/lib/python3.8/dist-packages/eventlet/wsgi.py:982}}
Sep 03 09:50:59.912617 dv-cinder-606346-32-iscsi neutron-server[105524]: DEBUG neutron.wsgi [-] (105524) accepted ('10.222.0.67', 33064) {{(pid=105524) server /usr/local/lib/python3.8/dist-packages/eventlet/wsgi.py:982}}
Sep 03 09:50:59.913049 dv-cinder-606346-32-iscsi neutron-server[105525]: INFO neutron.wsgi [None req-44a73f07-1e78-4cc5-af08-a957c6692b4f admin admin] 10.222.0.67 "GET /v2.0/security-groups?tenant_id=f15ab1cef01d4ce9ac70fbb689ef1ce7&name=default HTTP/1.1" status: 200 len: 2979 time: 0.6900110
Sep 03 09:50:59.930026 dv-cinder-606346-32-iscsi neutron-server[105525]: DEBUG neutron.api.rpc.handlers.resources_rpc [None req-44a73f07-1e78-4cc5-af08-a957c6692b4f admin admin] Pushing event updated for resources: {'SecurityGroup': ['ID=75542e1b-230c-4934-82ac-64b4988d1b43,revision_number=1']} {{(pid=105525) push /opt/stack/neutron/neutron/api/rpc/handlers/resources_rpc.py:237}}
Sep 03 09:50:59.940789 dv-cinder-606346-32-iscsi neutron-server[105525]: INFO neutron.wsgi [req-e0a02439-f52d-4630-9f99-2e8098146705 req-15fa1257-3fbb-4047-bccc-bcd3fa808e4c tempest-DeleteServersTestJSON-1827469536 tempest-DeleteServersTestJSON-1827469536-project] 10.222.0.67 "GET /v2.0/security-groups?id=4de7f848-fa4c-4bfa-aa1f-a4231682c522&fields=id&fields=name HTTP/1.1" status: 200 len: 286 time: 0.1062868
Sep 03 09:50:59.953340 dv-cinder-606346-32-iscsi neutron-server[105525]: DEBUG neutron_lib.callbacks.manager [req-a0562c1d-2b58-4b69-9e26-958c24d26a20 req-5d280c81-5480-479f-9f5d-a101697f1010 tempest-AttachVolumeShelveTestJSON-1889168593 tempest-AttachVolumeShelveTestJSON-1889168593-project] Notify callbacks [] for port, precommit_create {{(pid=105525) _notify_loop /usr/local/lib/python3.8/dist-packages/neutron_lib/callbacks/manager.py:192}}
Sep 03 09:50:59.986088 dv-cinder-606346-32-iscsi neutron-server[105525]: DEBUG neutron.db.provisioning_blocks [req-a0562c1d-2b58-4b69-9e26-958c24d26a20 req-5d280c81-5480-479f-9f5d-a101697f1010 tempest-AttachVolumeShelveTestJSON-1889168593 tempest-AttachVolumeShelveTestJSON-1889168593-project] Transition to ACTIVE for port object 9000703e-83cb-4133-ad9a-97f2ee4d2fe9 will not be triggered until provisioned by entity DHCP. {{(pid=105525) add_provisioning_component /opt/stack/neutron/neutron/db/provisioning_blocks.py:73}}
Sep 03 09:51:00.023420 dv-cinder-606346-32-iscsi neutron-server[105524]: DEBUG neutron_lib.callbacks.manager [None req-192ed7aa-d038-4ea1-afa5-bc0a83d53f21 admin admin] Notify callbacks [] for security_group, before_delete {{(pid=105524) _notify_loop /usr/local/lib/python3.8/dist-packages/neutron_lib/callbacks/manager.py:192}}
Sep 03 09:51:00.028019 dv-cinder-606346-32-iscsi neutron-server[105526]: DEBUG neutron.db.provisioning_blocks [None req-a162ca7d-f81f-4754-9a1a-a4927e61b1e9 None None] Provisioning complete for port 83e92f26-2009-4c8e-a3d3-23c8620d4ba3 triggered by entity L2. {{(pid=105526) provisioning_complete /opt/stack/neutron/neutron/db/provisioning_blocks.py:139}}
Sep 03 09:51:00.029479 dv-cinder-606346-32-iscsi neutron-server[105526]: DEBUG neutron_lib.callbacks.manager [None req-a162ca7d-f81f-4754-9a1a-a4927e61b1e9 None None] Notify callbacks ['neutron.plugins.ml2.plugin.Ml2Plugin._port_provisioned-718920'] for port, provisioning_complete {{(pid=105526) _notify_loop /usr/local/lib/python3.8/dist-packages/neutron_lib/callbacks/manager.py:192}}
Sep 03 09:51:00.069509 dv-cinder-606346-32-iscsi neutron-server[105525]: DEBUG neutron_lib.callbacks.manager [req-a0562c1d-2b58-4b69-9e26-958c24d26a20 req-5d280c81-5480-479f-9f5d-a101697f1010 tempest-AttachVolumeShelveTestJSON-1889168593 tempest-AttachVolumeShelveTestJSON-1889168593-project] Notify callbacks ['neutron.plugins.ml2.plugin.SecurityGroupServerNotifierRpcMixin._notify_sg_on_port_change-757955', 'neutron.plugins.ml2.ovo_rpc._ObjectChangeHandler.handle_event-63206', 'neutron.api.rpc.agentnotifiers.dhcp_rpc_agent_api.DhcpAgentNotifyAPI._native_event_send_dhcp_notification-1832146', 'neutron.db.l3_dvrscheduler_db._notify_l3_agent_new_port-8759173281931'] for port, after_create {{(pid=105525) _notify_loop /usr/local/lib/python3.8/dist-packages/neutron_lib/callbacks/manager.py:192}}
Sep 03 09:51:00.070617 dv-cinder-606346-32-iscsi neutron-server[105524]: DEBUG neutron_lib.callbacks.manager [None req-192ed7aa-d038-4ea1-afa5-bc0a83d53f21 admin admin] Notify callbacks [] for security_group, precommit_delete {{(pid=105524) _notify_loop /usr/local/lib/python3.8/dist-packages/neutron_lib/callbacks/manager.py:192}}
Sep 03 09:51:00.172188 dv-cinder-606346-32-iscsi neutron-server[105524]: DEBUG neutron_lib.callbacks.manager [None req-58284df1-4201-497d-aae5-d69cd3840b65 admin admin] Notify callbacks [] for security_group, before_create {{(pid=105524) _notify_loop /usr/local/lib/python3.8/dist-packages/neutron_lib/callbacks/manager.py:192}}
Sep 03 09:51:00.172889 dv-cinder-606346-32-iscsi neutron-server[105525]: DEBUG neutron.scheduler.dhcp_agent_scheduler [req-a0562c1d-2b58-4b69-9e26-958c24d26a20 req-5d280c81-5480-479f-9f5d-a101697f1010 tempest-AttachVolumeShelveTestJSON-1889168593 tempest-AttachVolumeShelveTestJSON-1889168593-project] Network 528a02fc-44c8-4bd1-9db4-aa8e01cd9db5 is already hosted by enough agents. {{(pid=105525) _get_dhcp_agents_hosting_network /opt/stack/neutron/neutron/scheduler/dhcp_agent_scheduler.py:275}}
Sep 03 09:51:00.178667 dv-cinder-606346-32-iscsi neutron-server[105525]: DEBUG neutron.scheduler.base_scheduler [req-a0562c1d-2b58-4b69-9e26-958c24d26a20 req-5d280c81-5480-479f-9f5d-a101697f1010 tempest-AttachVolumeShelveTestJSON-1889168593 tempest-AttachVolumeShelveTestJSON-1889168593-project] Resources bound (agent type, host, resource id): {{(pid=105525) schedule /opt/stack/neutron/neutron/scheduler/base_scheduler.py:57}}
Sep 03 09:51:00.206546 dv-cinder-606346-32-iscsi neutron-server[105525]: INFO neutron.wsgi [req-4f641214-5003-407a-99d8-d8b65fef3ca2 req-fe70e047-1f16-4be0-a4f7-fd9da488be75 tempest-ServerRescueNegativeTestJSON-190065780 tempest-ServerRescueNegativeTestJSON-190065780-project] 10.222.0.67 "GET /v2.0/ports?device_id=22f1bd17-827a-467f-844e-139d007919c0 HTTP/1.1" status: 200 len: 210 time: 0.0725400
Sep 03 09:51:00.215519 dv-cinder-606346-32-iscsi neutron-server[105525]: DEBUG neutron.db.l3_dvrscheduler_db [req-a0562c1d-2b58-4b69-9e26-958c24d26a20 req-5d280c81-5480-479f-9f5d-a101697f1010 tempest-AttachVolumeShelveTestJSON-1889168593 tempest-AttachVolumeShelveTestJSON-1889168593-project] Received port after_create {{(pid=105525) _notify_l3_agent_new_port /opt/stack/neutron/neutron/db/l3_dvrscheduler_db.py:535}}
Sep 03 09:51:00.231879 dv-cinder-606346-32-iscsi neutron-server[105525]: DEBUG neutron.pecan_wsgi.hooks.policy_enforcement [req-a0562c1d-2b58-4b69-9e26-958c24d26a20 req-5d280c81-5480-479f-9f5d-a101697f1010 tempest-AttachVolumeShelveTestJSON-1889168593 tempest-AttachVolumeShelveTestJSON-1889168593-project] Attributes excluded by policy engine: ['standard_attr_id', 'binding:profile', 'binding:host_id', 'binding:vif_type', 'binding:vif_details', 'network'] {{(pid=105525) _exclude_attributes_by_policy /opt/stack/neutron/neutron/pecan_wsgi/hooks/policy_enforcement.py:255}}
Sep 03 09:51:00.232573 dv-cinder-606346-32-iscsi neutron-server[105525]: DEBUG neutron_lib.callbacks.manager [req-a0562c1d-2b58-4b69-9e26-958c24d26a20 req-5d280c81-5480-479f-9f5d-a101697f1010 tempest-AttachVolumeShelveTestJSON-1889168593 tempest-AttachVolumeShelveTestJSON-1889168593-project] Notify callbacks ['neutron.notifiers.nova.Notifier._send_nova_notification-85025', 'neutron.api.rpc.agentnotifiers.dhcp_rpc_agent_api.DhcpAgentNotifyAPI._send_dhcp_notification-1832128'] for port, before_response {{(pid=105525) _notify_loop /usr/local/lib/python3.8/dist-packages/neutron_lib/callbacks/manager.py:192}}
Sep 03 09:51:00.294930 dv-cinder-606346-32-iscsi neutron-server[105525]: DEBUG neutron.api.rpc.handlers.resources_rpc [None req-5d280c81-5480-479f-9f5d-a101697f1010 tempest-AttachVolumeShelveTestJSON-1889168593 tempest-AttachVolumeShelveTestJSON-1889168593-project] Pushing event updated for resources: {'Port': ['ID=9000703e-83cb-4133-ad9a-97f2ee4d2fe9,revision_number=1']} {{(pid=105525) push /opt/stack/neutron/neutron/api/rpc/handlers/resources_rpc.py:237}}
Sep 03 09:51:00.309324 dv-cinder-606346-32-iscsi neutron-server[105524]: DEBUG neutron_lib.callbacks.manager [None req-192ed7aa-d038-4ea1-afa5-bc0a83d53f21 admin admin] Notify callbacks ['neutron.plugins.ml2.ovo_rpc._ObjectChangeHandler.handle_event-1581218'] for security_group, after_delete {{(pid=105524) _notify_loop /usr/local/lib/python3.8/dist-packages/neutron_lib/callbacks/manager.py:192}}
Sep 03 09:51:00.311946 dv-cinder-606346-32-iscsi neutron-server[105524]: DEBUG neutron_lib.callbacks.manager [None req-192ed7aa-d038-4ea1-afa5-bc0a83d53f21 admin admin] Notify callbacks [] for security_group, before_response {{(pid=105524) _notify_loop /usr/local/lib/python3.8/dist-packages/neutron_lib/callbacks/manager.py:192}}
Sep 03 09:51:00.313176 dv-cinder-606346-32-iscsi neutron-server[105524]: INFO neutron.wsgi [None req-192ed7aa-d038-4ea1-afa5-bc0a83d53f21 admin admin] 10.222.0.67 "DELETE /v2.0/security-groups/75542e1b-230c-4934-82ac-64b4988d1b43 HTTP/1.1" status: 204 len: 168 time: 0.3987069
Sep 03 09:51:00.393776 dv-cinder-606346-32-iscsi neutron-server[105524]: DEBUG neutron.api.rpc.handlers.resources_rpc [None req-192ed7aa-d038-4ea1-afa5-bc0a83d53f21 admin admin] Pushing event deleted for resources: {'SecurityGroup': ['ID=75542e1b-230c-4934-82ac-64b4988d1b43,revision_number=None']} {{(pid=105524) push /opt/stack/neutron/neutron/api/rpc/handlers/resources_rpc.py:237}}
Sep 03 09:51:00.468623 dv-cinder-606346-32-iscsi neutron-server[105524]: DEBUG neutron.pecan_wsgi.hooks.policy_enforcement [req-347fe54a-cbf1-4043-b4db-b8d1d2d741e9 req-ec68baf8-0736-4ed8-81db-01a1f93b0885 tempest-AttachVolumeNegativeTest-1422177697 tempest-AttachVolumeNegativeTest-1422177697-project] Attributes excluded by policy engine: ['standard_attr_id', 'binding:profile', 'binding:host_id', 'binding:vif_type', 'binding:vif_details'] {{(pid=105524) _exclude_attributes_by_policy /opt/stack/neutron/neutron/pecan_wsgi/hooks/policy_enforcement.py:255}}
Sep 03 09:51:00.486041 dv-cinder-606346-32-iscsi neutron-server[105524]: INFO neutron.wsgi [req-347fe54a-cbf1-4043-b4db-b8d1d2d741e9 req-ec68baf8-0736-4ed8-81db-01a1f93b0885 tempest-AttachVolumeNegativeTest-1422177697 tempest-AttachVolumeNegativeTest-1422177697-project] 10.222.0.67 "GET /v2.0/ports?device_id=2f84537e-9ce9-4e28-aad0-6a133fa89679 HTTP/1.1" status: 200 len: 944 time: 0.1805015
Sep 03 09:51:00.494220 dv-cinder-606346-32-iscsi neutron-server[105524]: DEBUG neutron_lib.callbacks.manager [None req-58284df1-4201-497d-aae5-d69cd3840b65 admin admin] Notify callbacks [] for security_group, precommit_create {{(pid=105524) _notify_loop /usr/local/lib/python3.8/dist-packages/neutron_lib/callbacks/manager.py:192}}
Sep 03 09:51:00.512530 dv-cinder-606346-32-iscsi neutron-server[105524]: DEBUG neutron_lib.callbacks.manager [None req-58284df1-4201-497d-aae5-d69cd3840b65 admin admin] Notify callbacks ['neutron.plugins.ml2.ovo_rpc._ObjectChangeHandler.handle_event-1581218'] for security_group, after_create {{(pid=105524) _notify_loop /usr/local/lib/python3.8/dist-packages/neutron_lib/callbacks/manager.py:192}}
Sep 03 09:51:00.514509 dv-cinder-606346-32-iscsi neutron-server[105525]: INFO neutron.wsgi [req-a0562c1d-2b58-4b69-9e26-958c24d26a20 req-5d280c81-5480-479f-9f5d-a101697f1010 tempest-AttachVolumeShelveTestJSON-1889168593 tempest-AttachVolumeShelveTestJSON-1889168593-project] 10.222.0.60 "POST /v2.0/ports HTTP/1.1" status: 201 len: 933 time: 1.4611311
Sep 03 09:51:00.544815 dv-cinder-606346-32-iscsi neutron-server[105526]: DEBUG neutron.db.provisioning_blocks [None req-7bc5b085-8d42-485f-868e-603dfd02f82b None None] Provisioning for port 9000703e-83cb-4133-ad9a-97f2ee4d2fe9 completed by entity DHCP. {{(pid=105526) provisioning_complete /opt/stack/neutron/neutron/db/provisioning_blocks.py:133}}
Sep 03 09:51:00.558099 dv-cinder-606346-32-iscsi neutron-server[105526]: DEBUG neutron.db.provisioning_blocks [None req-7bc5b085-8d42-485f-868e-603dfd02f82b None None] Provisioning complete for port 9000703e-83cb-4133-ad9a-97f2ee4d2fe9 triggered by entity DHCP. {{(pid=105526) provisioning_complete /opt/stack/neutron/neutron/db/provisioning_blocks.py:139}}
Sep 03 09:51:00.558501 dv-cinder-606346-32-iscsi neutron-server[105526]: DEBUG neutron_lib.callbacks.manager [None req-7bc5b085-8d42-485f-868e-603dfd02f82b None None] Notify callbacks ['neutron.plugins.ml2.plugin.Ml2Plugin._port_provisioned-718920'] for port, provisioning_complete {{(pid=105526) _notify_loop /usr/local/lib/python3.8/dist-packages/neutron_lib/callbacks/manager.py:192}}
Sep 03 09:51:00.629224 dv-cinder-606346-32-iscsi neutron-server[105525]: DEBUG neutron.pecan_wsgi.hooks.policy_enforcement [req-7a4526d6-e173-498c-a68b-ef0999ce1884 req-2031aaee-8f42-4ff0-af17-a210630d748e tempest-AttachVolumeShelveTestJSON-1889168593 tempest-AttachVolumeShelveTestJSON-1889168593-project] Attributes excluded by policy engine: ['standard_attr_id', 'binding:profile', 'binding:host_id', 'binding:vif_type', 'binding:vif_details'] {{(pid=105525) _exclude_attributes_by_policy /opt/stack/neutron/neutron/pecan_wsgi/hooks/policy_enforcement.py:255}}
Sep 03 09:51:00.631412 dv-cinder-606346-32-iscsi neutron-server[105525]: INFO neutron.wsgi [req-7a4526d6-e173-498c-a68b-ef0999ce1884 req-2031aaee-8f42-4ff0-af17-a210630d748e tempest-AttachVolumeShelveTestJSON-1889168593 tempest-AttachVolumeShelveTestJSON-1889168593-project] 10.222.0.67 "GET /v2.0/ports?device_id=cea5fd6f-95a4-45d3-b3b7-12f846d9fcf0 HTTP/1.1" status: 200 len: 931 time: 0.0956376
Sep 03 09:51:00.655532 dv-cinder-606346-32-iscsi neutron-server[105526]: DEBUG neutron.plugins.ml2.plugin [None req-7bc5b085-8d42-485f-868e-603dfd02f82b None None] Port 9000703e-83cb-4133-ad9a-97f2ee4d2fe9 cannot update to ACTIVE because it is not bound. {{(pid=105526) _port_provisioned /opt/stack/neutron/neutron/plugins/ml2/plugin.py:337}}
Sep 03 09:51:00.727626 dv-cinder-606346-32-iscsi neutron-server[105525]: INFO neutron.wsgi [req-7a4526d6-e173-498c-a68b-ef0999ce1884 req-34c455bd-0b29-45c0-bb85-49061fbdbe2a tempest-AttachVolumeShelveTestJSON-1889168593 tempest-AttachVolumeShelveTestJSON-1889168593-project] 10.222.0.67 "GET /v2.0/security-groups?id=c5441c9f-f946-4b06-ae05-7d762e90f684&fields=id&fields=name HTTP/1.1" status: 200 len: 313 time: 0.0882270
Sep 03 09:51:00.803568 dv-cinder-606346-32-iscsi neutron-server[105524]: INFO neutron.wsgi [None req-58284df1-4201-497d-aae5-d69cd3840b65 admin admin] 10.222.0.67 "GET /v2.0/security-groups?tenant_id=c048f29137aa43469742582813e3d863&name=default HTTP/1.1" status: 200 len: 2979 time: 0.8955352
Sep 03 09:51:00.807132 dv-cinder-606346-32-iscsi neutron-server[105525]: DEBUG neutron.wsgi [-] (105525) accepted ('10.222.0.67', 33098) {{(pid=105525) server /usr/local/lib/python3.8/dist-packages/eventlet/wsgi.py:982}}
Sep 03 09:51:00.833348 dv-cinder-606346-32-iscsi neutron-server[105524]: DEBUG neutron.api.rpc.handlers.resources_rpc [None req-58284df1-4201-497d-aae5-d69cd3840b65 admin admin] Pushing event updated for resources: {'SecurityGroup': ['ID=f85b4590-65b6-432c-87e3-44051e2bf1f0,revision_number=1']} {{(pid=105524) push /opt/stack/neutron/neutron/api/rpc/handlers/resources_rpc.py:237}}
Sep 03 09:51:00.855204 dv-cinder-606346-32-iscsi neutron-server[105524]: INFO neutron.wsgi [req-347fe54a-cbf1-4043-b4db-b8d1d2d741e9 req-f794c022-fbb8-455d-b04b-7f3465bbc7d3 tempest-AttachVolumeNegativeTest-1422177697 tempest-AttachVolumeNegativeTest-1422177697-project] 10.222.0.67 "GET /v2.0/security-groups?id=22b62b37-2bcc-4c5e-89c6-4549ebb64237&fields=id&fields=name HTTP/1.1" status: 200 len: 286 time: 0.3677542
Sep 03 09:51:00.900322 dv-cinder-606346-32-iscsi neutron-server[105525]: DEBUG neutron_lib.callbacks.manager [None req-3380bf90-3961-4b74-9e0f-d00600eec83c admin admin] Notify callbacks [] for security_group, before_delete {{(pid=105525) _notify_loop /usr/local/lib/python3.8/dist-packages/neutron_lib/callbacks/manager.py:192}}
Sep 03 09:51:00.927443 dv-cinder-606346-32-iscsi neutron-server[105525]: DEBUG neutron_lib.callbacks.manager [None req-3380bf90-3961-4b74-9e0f-d00600eec83c admin admin] Notify callbacks [] for security_group, precommit_delete {{(pid=105525) _notify_loop /usr/local/lib/python3.8/dist-packages/neutron_lib/callbacks/manager.py:192}}
Sep 03 09:51:01.002694 dv-cinder-606346-32-iscsi neutron-server[105525]: DEBUG neutron_lib.callbacks.manager [None req-3380bf90-3961-4b74-9e0f-d00600eec83c admin admin] Notify callbacks ['neutron.plugins.ml2.ovo_rpc._ObjectChangeHandler.handle_event-1581218'] for security_group, after_delete {{(pid=105525) _notify_loop /usr/local/lib/python3.8/dist-packages/neutron_lib/callbacks/manager.py:192}}
Sep 03 09:51:01.007225 dv-cinder-606346-32-iscsi neutron-server[105525]: DEBUG neutron_lib.callbacks.manager [None req-3380bf90-3961-4b74-9e0f-d00600eec83c admin admin] Notify callbacks [] for security_group, before_response {{(pid=105525) _notify_loop /usr/local/lib/python3.8/dist-packages/neutron_lib/callbacks/manager.py:192}}
Sep 03 09:51:01.010013 dv-cinder-606346-32-iscsi neutron-server[105525]: INFO neutron.wsgi [None req-3380bf90-3961-4b74-9e0f-d00600eec83c admin admin] 10.222.0.67 "DELETE /v2.0/security-groups/f85b4590-65b6-432c-87e3-44051e2bf1f0 HTTP/1.1" status: 204 len: 168 time: 0.2009797
Sep 03 09:51:01.020860 dv-cinder-606346-32-iscsi neutron-server[105525]: DEBUG neutron.api.rpc.handlers.resources_rpc [None req-3380bf90-3961-4b74-9e0f-d00600eec83c admin admin] Pushing event deleted for resources: {'SecurityGroup': ['ID=f85b4590-65b6-432c-87e3-44051e2bf1f0,revision_number=None']} {{(pid=105525) push /opt/stack/neutron/neutron/api/rpc/handlers/resources_rpc.py:237}}
Sep 03 09:51:01.120647 dv-cinder-606346-32-iscsi neutron-server[105525]: DEBUG neutron.pecan_wsgi.hooks.policy_enforcement [req-4f8720a9-4cb7-4d3f-b5ce-f6b0cab0fc16 req-07709aed-58ab-43f9-9646-625a70af9379 tempest-DeleteServersTestJSON-1827469536 tempest-DeleteServersTestJSON-1827469536-project] Attributes excluded by policy engine: ['standard_attr_id', 'binding:profile', 'binding:host_id', 'binding:vif_type', 'binding:vif_details'] {{(pid=105525) _exclude_attributes_by_policy /opt/stack/neutron/neutron/pecan_wsgi/hooks/policy_enforcement.py:255}}
Sep 03 09:51:01.123628 dv-cinder-606346-32-iscsi neutron-server[105525]: INFO neutron.wsgi [req-4f8720a9-4cb7-4d3f-b5ce-f6b0cab0fc16 req-07709aed-58ab-43f9-9646-625a70af9379 tempest-DeleteServersTestJSON-1827469536 tempest-DeleteServersTestJSON-1827469536-project] 10.222.0.67 "GET /v2.0/ports?device_id=2c515a30-d7df-41dd-8429-7d438784f532 HTTP/1.1" status: 200 len: 943 time: 0.0757041
Sep 03 09:51:01.172581 dv-cinder-606346-32-iscsi neutron-server[105525]: INFO neutron.wsgi [req-4f8720a9-4cb7-4d3f-b5ce-f6b0cab0fc16 req-8f5e46a3-b550-4f15-bffe-e42e3214d64a tempest-DeleteServersTestJSON-1827469536 tempest-DeleteServersTestJSON-1827469536-project] 10.222.0.67 "GET /v2.0/security-groups?id=4de7f848-fa4c-4bfa-aa1f-a4231682c522&fields=id&fields=name HTTP/1.1" status: 200 len: 286 time: 0.0399368
Sep 03 09:51:01.320176 dv-cinder-606346-32-iscsi neutron-server[105524]: INFO neutron.wsgi [req-7939a302-76a0-4f68-96cb-059d883d2309 req-b51b5544-46b1-4e34-834d-daa4f8d7e99a tempest-ServerRescueNegativeTestJSON-190065780 tempest-ServerRescueNegativeTestJSON-190065780-project] 10.222.0.67 "GET /v2.0/ports?device_id=22f1bd17-827a-467f-844e-139d007919c0 HTTP/1.1" status: 200 len: 210 time: 0.0302179
Sep 03 09:51:01.558608 dv-cinder-606346-32-iscsi neutron-server[105525]: DEBUG neutron.wsgi [-] (105525) accepted ('10.222.0.67', 33136) {{(pid=105525) server /usr/local/lib/python3.8/dist-packages/eventlet/wsgi.py:982}}
Sep 03 09:51:01.578189 dv-cinder-606346-32-iscsi neutron-server[105525]: DEBUG neutron_lib.callbacks.manager [None req-ecf60e1e-88a6-4bd1-b458-1a0264aa2498 admin admin] Notify callbacks [] for security_group, before_create {{(pid=105525) _notify_loop /usr/local/lib/python3.8/dist-packages/neutron_lib/callbacks/manager.py:192}}
Sep 03 09:51:01.711689 dv-cinder-606346-32-iscsi neutron-server[105525]: DEBUG neutron_lib.callbacks.manager [None req-ecf60e1e-88a6-4bd1-b458-1a0264aa2498 admin admin] Notify callbacks [] for security_group, precommit_create {{(pid=105525) _notify_loop /usr/local/lib/python3.8/dist-packages/neutron_lib/callbacks/manager.py:192}}
Sep 03 09:51:01.717676 dv-cinder-606346-32-iscsi neutron-server[105525]: DEBUG neutron_lib.callbacks.manager [None req-ecf60e1e-88a6-4bd1-b458-1a0264aa2498 admin admin] Notify callbacks ['neutron.plugins.ml2.ovo_rpc._ObjectChangeHandler.handle_event-1581218'] for security_group, after_create {{(pid=105525) _notify_loop /usr/local/lib/python3.8/dist-packages/neutron_lib/callbacks/manager.py:192}}
Sep 03 09:51:01.764307 dv-cinder-606346-32-iscsi neutron-server[105525]: INFO neutron.wsgi [None req-ecf60e1e-88a6-4bd1-b458-1a0264aa2498 admin admin] 10.222.0.67 "GET /v2.0/security-groups?tenant_id=2fa8b48c812444b5bef14d702028a00d&name=default HTTP/1.1" status: 200 len: 2979 time: 0.2037377
Sep 03 09:51:01.768545 dv-cinder-606346-32-iscsi neutron-server[105525]: DEBUG neutron.wsgi [-] (105525) accepted ('10.222.0.67', 33144) {{(pid=105525) server /usr/local/lib/python3.8/dist-packages/eventlet/wsgi.py:982}}
Sep 03 09:51:01.778762 dv-cinder-606346-32-iscsi neutron-server[105525]: DEBUG neutron.api.rpc.handlers.resources_rpc [None req-ecf60e1e-88a6-4bd1-b458-1a0264aa2498 admin admin] Pushing event updated for resources: {'SecurityGroup': ['ID=de483ee1-8376-4856-9fe1-f52301c25c3b,revision_number=1']} {{(pid=105525) push /opt/stack/neutron/neutron/api/rpc/handlers/resources_rpc.py:237}}
Sep 03 09:51:01.888088 dv-cinder-606346-32-iscsi neutron-server[105525]: DEBUG neutron_lib.callbacks.manager [None req-4011d3dd-bd9e-4f6a-908e-95e4461114b5 admin admin] Notify callbacks [] for security_group, before_delete {{(pid=105525) _notify_loop /usr/local/lib/python3.8/dist-packages/neutron_lib/callbacks/manager.py:192}}
Sep 03 09:51:01.916301 dv-cinder-606346-32-iscsi neutron-server[105525]: DEBUG neutron_lib.callbacks.manager [None req-4011d3dd-bd9e-4f6a-908e-95e4461114b5 admin admin] Notify callbacks [] for security_group, precommit_delete {{(pid=105525) _notify_loop /usr/local/lib/python3.8/dist-packages/neutron_lib/callbacks/manager.py:192}}
Sep 03 09:51:01.945304 dv-cinder-606346-32-iscsi neutron-server[105525]: DEBUG neutron.pecan_wsgi.hooks.policy_enforcement [req-ff3502a7-2557-45ba-95e1-3c033da6af90 req-e00a22ee-6e61-4b4e-9348-3568580ace25 tempest-AttachVolumeShelveTestJSON-1889168593 tempest-AttachVolumeShelveTestJSON-1889168593-project] Attributes excluded by policy engine: ['standard_attr_id', 'binding:profile', 'binding:host_id', 'binding:vif_type', 'binding:vif_details'] {{(pid=105525) _exclude_attributes_by_policy /opt/stack/neutron/neutron/pecan_wsgi/hooks/policy_enforcement.py:255}}
Sep 03 09:51:01.947016 dv-cinder-606346-32-iscsi neutron-server[105525]: INFO neutron.wsgi [req-ff3502a7-2557-45ba-95e1-3c033da6af90 req-e00a22ee-6e61-4b4e-9348-3568580ace25 tempest-AttachVolumeShelveTestJSON-1889168593 tempest-AttachVolumeShelveTestJSON-1889168593-project] 10.222.0.67 "GET /v2.0/ports?device_id=cea5fd6f-95a4-45d3-b3b7-12f846d9fcf0 HTTP/1.1" status: 200 len: 931 time: 0.0973101
Sep 03 09:51:02.002623 dv-cinder-606346-32-iscsi neutron-server[105524]: DEBUG neutron.pecan_wsgi.hooks.policy_enforcement [req-0e32decf-3c45-44ba-8881-dcaa08ebfd1c req-0dc1140e-ab77-48c9-940f-cab7a27028d2 tempest-AttachVolumeNegativeTest-1422177697 tempest-AttachVolumeNegativeTest-1422177697-project] Attributes excluded by policy engine: ['standard_attr_id', 'binding:profile', 'binding:host_id', 'binding:vif_type', 'binding:vif_details'] {{(pid=105524) _exclude_attributes_by_policy /opt/stack/neutron/neutron/pecan_wsgi/hooks/policy_enforcement.py:255}}
Sep 03 09:51:02.010250 dv-cinder-606346-32-iscsi neutron-server[105524]: INFO neutron.wsgi [req-0e32decf-3c45-44ba-8881-dcaa08ebfd1c req-0dc1140e-ab77-48c9-940f-cab7a27028d2 tempest-AttachVolumeNegativeTest-1422177697 tempest-AttachVolumeNegativeTest-1422177697-project] 10.222.0.67 "GET /v2.0/ports?device_id=2f84537e-9ce9-4e28-aad0-6a133fa89679 HTTP/1.1" status: 200 len: 944 time: 0.0774684
Sep 03 09:51:02.024456 dv-cinder-606346-32-iscsi neutron-server[105525]: INFO neutron.wsgi [req-ff3502a7-2557-45ba-95e1-3c033da6af90 req-b65b5341-78fe-4a7a-9ad6-eabdfe67ea6c tempest-AttachVolumeShelveTestJSON-1889168593 tempest-AttachVolumeShelveTestJSON-1889168593-project] 10.222.0.67 "GET /v2.0/security-groups?id=c5441c9f-f946-4b06-ae05-7d762e90f684&fields=id&fields=name HTTP/1.1" status: 200 len: 313 time: 0.0658479
Sep 03 09:51:02.039686 dv-cinder-606346-32-iscsi neutron-server[105525]: DEBUG neutron_lib.callbacks.manager [None req-4011d3dd-bd9e-4f6a-908e-95e4461114b5 admin admin] Notify callbacks ['neutron.plugins.ml2.ovo_rpc._ObjectChangeHandler.handle_event-1581218'] for security_group, after_delete {{(pid=105525) _notify_loop /usr/local/lib/python3.8/dist-packages/neutron_lib/callbacks/manager.py:192}}
Sep 03 09:51:02.055846 dv-cinder-606346-32-iscsi neutron-server[105524]: INFO neutron.wsgi [req-0e32decf-3c45-44ba-8881-dcaa08ebfd1c req-4b23cf49-d361-40c4-a342-b9c1250c9d45 tempest-AttachVolumeNegativeTest-1422177697 tempest-AttachVolumeNegativeTest-1422177697-project] 10.222.0.67 "GET /v2.0/security-groups?id=22b62b37-2bcc-4c5e-89c6-4549ebb64237&fields=id&fields=name HTTP/1.1" status: 200 len: 286 time: 0.0446954
Sep 03 09:51:02.063513 dv-cinder-606346-32-iscsi neutron-server[105525]: DEBUG neutron_lib.callbacks.manager [None req-4011d3dd-bd9e-4f6a-908e-95e4461114b5 admin admin] Notify callbacks [] for security_group, before_response {{(pid=105525) _notify_loop /usr/local/lib/python3.8/dist-packages/neutron_lib/callbacks/manager.py:192}}
Sep 03 09:51:02.070235 dv-cinder-606346-32-iscsi neutron-server[105525]: INFO neutron.wsgi [None req-4011d3dd-bd9e-4f6a-908e-95e4461114b5 admin admin] 10.222.0.67 "DELETE /v2.0/security-groups/de483ee1-8376-4856-9fe1-f52301c25c3b HTTP/1.1" status: 204 len: 168 time: 0.3001544
Sep 03 09:51:02.079574 dv-cinder-606346-32-iscsi neutron-server[105526]: DEBUG neutron_lib.callbacks.manager [None req-d9c4b6ba-bf5d-4ead-87f7-d594b37e93c2 None None] Notify callbacks ['neutron.services.segments.db._update_segment_host_mapping_for_agent-8759173696067', 'neutron.plugins.ml2.plugin.Ml2Plugin._retry_binding_revived_agents-718905'] for agent, after_update {{(pid=105526) _notify_loop /usr/local/lib/python3.8/dist-packages/neutron_lib/callbacks/manager.py:192}}
Sep 03 09:51:02.090585 dv-cinder-606346-32-iscsi neutron-server[105525]: DEBUG neutron.api.rpc.handlers.resources_rpc [None req-4011d3dd-bd9e-4f6a-908e-95e4461114b5 admin admin] Pushing event deleted for resources: {'SecurityGroup': ['ID=de483ee1-8376-4856-9fe1-f52301c25c3b,revision_number=None']} {{(pid=105525) push /opt/stack/neutron/neutron/api/rpc/handlers/resources_rpc.py:237}}
Sep 03 09:51:02.407228 dv-cinder-606346-32-iscsi neutron-server[105525]: DEBUG neutron.pecan_wsgi.hooks.policy_enforcement [req-44bd9e3d-9a29-448e-8678-39d0226c0107 req-9a8d77f0-bf4d-44c3-958b-af77251c5548 tempest-DeleteServersTestJSON-1827469536 tempest-DeleteServersTestJSON-1827469536-project] Attributes excluded by policy engine: ['standard_attr_id', 'binding:profile', 'binding:host_id', 'binding:vif_type', 'binding:vif_details'] {{(pid=105525) _exclude_attributes_by_policy /opt/stack/neutron/neutron/pecan_wsgi/hooks/policy_enforcement.py:255}}
Sep 03 09:51:02.415268 dv-cinder-606346-32-iscsi neutron-server[105525]: INFO neutron.wsgi [req-44bd9e3d-9a29-448e-8678-39d0226c0107 req-9a8d77f0-bf4d-44c3-958b-af77251c5548 tempest-DeleteServersTestJSON-1827469536 tempest-DeleteServersTestJSON-1827469536-project] 10.222.0.67 "GET /v2.0/ports?device_id=2c515a30-d7df-41dd-8429-7d438784f532 HTTP/1.1" status: 200 len: 943 time: 0.1366785
Sep 03 09:51:02.468862 dv-cinder-606346-32-iscsi neutron-server[105525]: INFO neutron.wsgi [req-44bd9e3d-9a29-448e-8678-39d0226c0107 req-b710b229-fc83-40dc-ac21-8e7cc4fd8877 tempest-DeleteServersTestJSON-1827469536 tempest-DeleteServersTestJSON-1827469536-project] 10.222.0.67 "GET /v2.0/security-groups?id=4de7f848-fa4c-4bfa-aa1f-a4231682c522&fields=id&fields=name HTTP/1.1" status: 200 len: 286 time: 0.0519879
Sep 03 09:51:02.481232 dv-cinder-606346-32-iscsi neutron-server[105524]: INFO neutron.wsgi [req-e43695fd-326e-4117-89d2-676ec3b60532 req-13ed79ec-1410-4a03-9618-8ad8eeeb2abf tempest-ServerRescueNegativeTestJSON-190065780 tempest-ServerRescueNegativeTestJSON-190065780-project] 10.222.0.67 "GET /v2.0/ports?device_id=22f1bd17-827a-467f-844e-139d007919c0 HTTP/1.1" status: 200 len: 210 time: 0.0547078
Sep 03 09:51:02.723737 dv-cinder-606346-32-iscsi neutron-server[105525]: DEBUG neutron.wsgi [-] (105525) accepted ('10.222.0.67', 33196) {{(pid=105525) server /usr/local/lib/python3.8/dist-packages/eventlet/wsgi.py:982}}
Sep 03 09:51:02.756981 dv-cinder-606346-32-iscsi neutron-server[105524]: DEBUG neutron.api.v2.base [req-d8c7128a-ee34-45a0-af16-a35c90941e1c req-817ac1ca-6060-4abb-8cec-97a65c9bb823 tempest-ServerRescueNegativeTestJSON-190065780 tempest-ServerRescueNegativeTestJSON-190065780-project] Request body: {'port': {'device_id': 'c49f4881-a08a-4c04-834c-b27c8cf540b9', 'network_id': '7995b685-e18e-455d-be66-3bd792a79086', 'admin_state_up': True, 'tenant_id': 'c72df9f562c94a8aab79afac7263e6e5'}} {{(pid=105524) prepare_request_body /opt/stack/neutron/neutron/api/v2/base.py:730}}
Sep 03 09:51:02.762363 dv-cinder-606346-32-iscsi neutron-server[105525]: DEBUG neutron.api.v2.base [req-a0562c1d-2b58-4b69-9e26-958c24d26a20 req-3b49bd68-3960-4a79-8086-9c1a732e2682 service neutron] Request body: {'port': {'device_id': 'cea5fd6f-95a4-45d3-b3b7-12f846d9fcf0', 'device_owner': 'compute:nova', 'binding:host_id': 'hv-cinder-60634'}} {{(pid=105525) prepare_request_body /opt/stack/neutron/neutron/api/v2/base.py:730}}
Sep 03 09:51:02.764984 dv-cinder-606346-32-iscsi neutron-server[105526]: DEBUG neutron.plugins.ml2.rpc [None req-cd833d38-df17-4f6e-8ef2-af99e8b227ea None None] Device 547a93d6-30a5-4d82-b68d-4a9debfb2f71 details requested by agent hyperv_hv-cinder-60634 with host hv-cinder-60634 {{(pid=105526) get_device_details /opt/stack/neutron/neutron/plugins/ml2/rpc.py:102}}
Sep 03 09:51:02.894223 dv-cinder-606346-32-iscsi neutron-server[105525]: DEBUG neutron_lib.callbacks.manager [req-a0562c1d-2b58-4b69-9e26-958c24d26a20 req-3b49bd68-3960-4a79-8086-9c1a732e2682 service neutron] Notify callbacks ['neutron.plugins.ml2.plugin.SecurityGroupDbMixin._ensure_default_security_group_handler-765696'] for port, before_update {{(pid=105525) _notify_loop /usr/local/lib/python3.8/dist-packages/neutron_lib/callbacks/manager.py:192}}
Sep 03 09:51:03.013230 dv-cinder-606346-32-iscsi neutron-server[105526]: DEBUG neutron.plugins.ml2.db [None req-cd833d38-df17-4f6e-8ef2-af99e8b227ea None None] For port 547a93d6-30a5-4d82-b68d-4a9debfb2f71, host hv-cinder-60634, got binding levels [PortBindingLevel(driver='hyperv',host='hv-cinder-60634',level=0,port_id=547a93d6-30a5-4d82-b68d-4a9debfb2f71,segment=NetworkSegment(69ff3461-ed2c-4ca3-80ec-a957a762ed9b),segment_id=69ff3461-ed2c-4ca3-80ec-a957a762ed9b)] {{(pid=105526) get_binding_level_objs /opt/stack/neutron/neutron/plugins/ml2/db.py:74}}
Sep 03 09:51:03.031106 dv-cinder-606346-32-iscsi neutron-server[105524]: DEBUG neutron.pecan_wsgi.hooks.quota_enforcement [req-d8c7128a-ee34-45a0-af16-a35c90941e1c req-817ac1ca-6060-4abb-8cec-97a65c9bb823 tempest-ServerRescueNegativeTestJSON-190065780 tempest-ServerRescueNegativeTestJSON-190065780-project] Made reservation on behalf of c72df9f562c94a8aab79afac7263e6e5 for: {'port': 1} {{(pid=105524) before /opt/stack/neutron/neutron/pecan_wsgi/hooks/quota_enforcement.py:53}}
Sep 03 09:51:03.039458 dv-cinder-606346-32-iscsi neutron-server[105524]: DEBUG neutron_lib.callbacks.manager [req-d8c7128a-ee34-45a0-af16-a35c90941e1c req-817ac1ca-6060-4abb-8cec-97a65c9bb823 tempest-ServerRescueNegativeTestJSON-190065780 tempest-ServerRescueNegativeTestJSON-190065780-project] Notify callbacks ['neutron.plugins.ml2.plugin.SecurityGroupDbMixin._ensure_default_security_group_handler-765696'] for port, before_create {{(pid=105524) _notify_loop /usr/local/lib/python3.8/dist-packages/neutron_lib/callbacks/manager.py:192}}
Sep 03 09:51:03.052689 dv-cinder-606346-32-iscsi neutron-server[105526]: DEBUG neutron.plugins.ml2.rpc [None req-cd833d38-df17-4f6e-8ef2-af99e8b227ea None None] Returning: {'device': '547a93d6-30a5-4d82-b68d-4a9debfb2f71', 'network_id': '76ea5923-f2d4-43d5-9ac3-137283a120e8', 'port_id': '547a93d6-30a5-4d82-b68d-4a9debfb2f71', 'mac_address': 'fa:16:3e:98:30:06', 'admin_state_up': True, 'network_type': 'vlan', 'segmentation_id': 835, 'physical_network': 'physnet1', 'mtu': 1500, 'fixed_ips': [{'subnet_id': '9de1d78b-011a-4ab0-ae36-c320ca457189', 'ip_address': '172.20.0.7'}], 'device_owner': 'compute:nova', 'allowed_address_pairs': [], 'port_security_enabled': True, 'qos_policy_id': None, 'network_qos_policy_id': None, 'profile': {}, 'propagate_uplink_status': False} {{(pid=105526) _get_device_details /opt/stack/neutron/neutron/plugins/ml2/rpc.py:184}}
Sep 03 09:51:03.112348 dv-cinder-606346-32-iscsi neutron-server[105526]: DEBUG neutron_lib.callbacks.manager [None req-cd833d38-df17-4f6e-8ef2-af99e8b227ea None None] Notify callbacks ['neutron.plugins.ml2.plugin.SecurityGroupDbMixin._ensure_default_security_group_handler-765696'] for port, before_update {{(pid=105526) _notify_loop /usr/local/lib/python3.8/dist-packages/neutron_lib/callbacks/manager.py:192}}
Sep 03 09:51:03.129863 dv-cinder-606346-32-iscsi neutron-server[105525]: DEBUG neutron_lib.callbacks.manager [None req-cbea2430-f6e7-485b-8626-01fc4365d67a admin admin] Notify callbacks [] for security_group, before_create {{(pid=105525) _notify_loop /usr/local/lib/python3.8/dist-packages/neutron_lib/callbacks/manager.py:192}}
Sep 03 09:51:03.143295 dv-cinder-606346-32-iscsi neutron-server[105526]: DEBUG neutron.notifiers.nova [None req-cd833d38-df17-4f6e-8ef2-af99e8b227ea None None] Ignoring state change previous_port_status: DOWN current_port_status: BUILD port_id 547a93d6-30a5-4d82-b68d-4a9debfb2f71 {{(pid=105526) record_port_status_changed /opt/stack/neutron/neutron/notifiers/nova.py:224}}
Sep 03 09:51:03.189986 dv-cinder-606346-32-iscsi neutron-server[105526]: DEBUG neutron.plugins.ml2.db [None req-cd833d38-df17-4f6e-8ef2-af99e8b227ea None None] For port 547a93d6-30a5-4d82-b68d-4a9debfb2f71, host hv-cinder-60634, got binding levels [PortBindingLevel(driver='hyperv',host='hv-cinder-60634',level=0,port_id=547a93d6-30a5-4d82-b68d-4a9debfb2f71,segment=NetworkSegment(69ff3461-ed2c-4ca3-80ec-a957a762ed9b),segment_id=69ff3461-ed2c-4ca3-80ec-a957a762ed9b)] {{(pid=105526) get_binding_level_objs /opt/stack/neutron/neutron/plugins/ml2/db.py:74}}
Sep 03 09:51:03.201283 dv-cinder-606346-32-iscsi neutron-server[105526]: DEBUG neutron_lib.callbacks.manager [None req-cd833d38-df17-4f6e-8ef2-af99e8b227ea None None] Notify callbacks ['neutron.plugins.ml2.plugin.SecurityGroupServerNotifierRpcMixin._notify_sg_on_port_change-757955', 'neutron.plugins.ml2.ovo_rpc._ObjectChangeHandler.handle_event-63206', 'neutron.api.rpc.agentnotifiers.dhcp_rpc_agent_api.DhcpAgentNotifyAPI._native_event_send_dhcp_notification-1832146', 'neutron.db.l3_db.L3RpcNotifierMixin._notify_gateway_port_ip_changed-8759173721034', 'neutron.db.l3_dvrscheduler_db._notify_l3_agent_port_update-8759173281949', 'neutron.db.l3_hascheduler_db._notify_l3_agent_ha_port_update-8759173281967'] for port, after_update {{(pid=105526) _notify_loop /usr/local/lib/python3.8/dist-packages/neutron_lib/callbacks/manager.py:192}}
Sep 03 09:51:03.202013 dv-cinder-606346-32-iscsi neutron-server[105526]: DEBUG neutron.plugins.ml2.rpc [None req-cd833d38-df17-4f6e-8ef2-af99e8b227ea None None] Device 8f14eea0-cbb9-4187-b8dd-48cbd6747e9d details requested by agent hyperv_hv-cinder-60634 with host hv-cinder-60634 {{(pid=105526) get_device_details /opt/stack/neutron/neutron/plugins/ml2/rpc.py:102}}
Sep 03 09:51:03.329041 dv-cinder-606346-32-iscsi neutron-server[105524]: DEBUG neutron.db.db_base_plugin_common [req-d8c7128a-ee34-45a0-af16-a35c90941e1c req-817ac1ca-6060-4abb-8cec-97a65c9bb823 tempest-ServerRescueNegativeTestJSON-190065780 tempest-ServerRescueNegativeTestJSON-190065780-project] Allocated IP 172.20.0.3 (7995b685-e18e-455d-be66-3bd792a79086/f78bac5b-e536-4490-a472-11f8ae62b3fb/aec59b67-087c-4f74-bd32-46c77a0ee00e) {{(pid=105524) _store_ip_allocation /opt/stack/neutron/neutron/db/db_base_plugin_common.py:131}}
Sep 03 09:51:03.339531 dv-cinder-606346-32-iscsi neutron-server[105524]: DEBUG neutron.pecan_wsgi.hooks.policy_enforcement [req-e002ed62-f434-48b5-b31f-453ad3cb6790 req-90aaf012-fa97-41c5-9970-7e4d5d819d87 tempest-AttachVolumeNegativeTest-1422177697 tempest-AttachVolumeNegativeTest-1422177697-project] Attributes excluded by policy engine: ['standard_attr_id', 'binding:profile', 'binding:host_id', 'binding:vif_type', 'binding:vif_details'] {{(pid=105524) _exclude_attributes_by_policy /opt/stack/neutron/neutron/pecan_wsgi/hooks/policy_enforcement.py:255}}
Sep 03 09:51:03.341212 dv-cinder-606346-32-iscsi neutron-server[105524]: INFO neutron.wsgi [req-e002ed62-f434-48b5-b31f-453ad3cb6790 req-90aaf012-fa97-41c5-9970-7e4d5d819d87 tempest-AttachVolumeNegativeTest-1422177697 tempest-AttachVolumeNegativeTest-1422177697-project] 10.222.0.67 "GET /v2.0/ports?device_id=2f84537e-9ce9-4e28-aad0-6a133fa89679 HTTP/1.1" status: 200 len: 944 time: 0.0924518
Sep 03 09:51:03.383343 dv-cinder-606346-32-iscsi neutron-server[105526]: DEBUG neutron.api.rpc.handlers.resources_rpc [None req-cd833d38-df17-4f6e-8ef2-af99e8b227ea None None] Pushing event updated for resources: {'Port': ['ID=547a93d6-30a5-4d82-b68d-4a9debfb2f71,revision_number=4']} {{(pid=105526) push /opt/stack/neutron/neutron/api/rpc/handlers/resources_rpc.py:237}}
Sep 03 09:51:03.435428 dv-cinder-606346-32-iscsi neutron-server[105524]: INFO neutron.wsgi [req-e002ed62-f434-48b5-b31f-453ad3cb6790 req-7ecfee16-bc33-4cbd-9f37-9a299c153b2a tempest-AttachVolumeNegativeTest-1422177697 tempest-AttachVolumeNegativeTest-1422177697-project] 10.222.0.67 "GET /v2.0/security-groups?id=22b62b37-2bcc-4c5e-89c6-4549ebb64237&fields=id&fields=name HTTP/1.1" status: 200 len: 286 time: 0.0847390
Sep 03 09:51:03.504801 dv-cinder-606346-32-iscsi neutron-server[105526]: DEBUG neutron_lib.callbacks.manager [None req-a162ca7d-f81f-4754-9a1a-a4927e61b1e9 None None] Notify callbacks ['neutron.services.segments.db._update_segment_host_mapping_for_agent-8759173696067', 'neutron.plugins.ml2.plugin.Ml2Plugin._retry_binding_revived_agents-718905'] for agent, after_update {{(pid=105526) _notify_loop /usr/local/lib/python3.8/dist-packages/neutron_lib/callbacks/manager.py:192}}
Sep 03 09:51:03.525245 dv-cinder-606346-32-iscsi neutron-server[105526]: DEBUG neutron.plugins.ml2.db [None req-cd833d38-df17-4f6e-8ef2-af99e8b227ea None None] For port 8f14eea0-cbb9-4187-b8dd-48cbd6747e9d, host hv-cinder-60634, got binding levels [PortBindingLevel(driver='hyperv',host='hv-cinder-60634',level=0,port_id=8f14eea0-cbb9-4187-b8dd-48cbd6747e9d,segment=NetworkSegment(6162f772-1e28-4e35-bf3d-bf08b646a09f),segment_id=6162f772-1e28-4e35-bf3d-bf08b646a09f)] {{(pid=105526) get_binding_level_objs /opt/stack/neutron/neutron/plugins/ml2/db.py:74}}
Sep 03 09:51:03.542075 dv-cinder-606346-32-iscsi neutron-server[105526]: DEBUG neutron.plugins.ml2.rpc [None req-cd833d38-df17-4f6e-8ef2-af99e8b227ea None None] Returning: {'device': '8f14eea0-cbb9-4187-b8dd-48cbd6747e9d', 'network_id': '2ca7c045-af05-4524-bcc4-6b4f1b7ebefb', 'port_id': '8f14eea0-cbb9-4187-b8dd-48cbd6747e9d', 'mac_address': 'fa:16:3e:ce:41:9f', 'admin_state_up': True, 'network_type': 'vlan', 'segmentation_id': 832, 'physical_network': 'physnet1', 'mtu': 1500, 'fixed_ips': [{'subnet_id': '8da37cab-7d9d-4282-adea-29440e0d2f69', 'ip_address': '172.20.0.12'}], 'device_owner': 'compute:nova', 'allowed_address_pairs': [], 'port_security_enabled': True, 'qos_policy_id': None, 'network_qos_policy_id': None, 'profile': {}, 'propagate_uplink_status': False} {{(pid=105526) _get_device_details /opt/stack/neutron/neutron/plugins/ml2/rpc.py:184}}
Sep 03 09:51:03.573026 dv-cinder-606346-32-iscsi neutron-server[105525]: DEBUG neutron.pecan_wsgi.hooks.policy_enforcement [req-5fcb36c6-d4b9-43ac-bd2b-a261f79cd75e req-d59e04e7-264c-4a7c-bfe6-378140b9ee02 tempest-AttachVolumeShelveTestJSON-1889168593 tempest-AttachVolumeShelveTestJSON-1889168593-project] Attributes excluded by policy engine: ['standard_attr_id', 'binding:profile', 'binding:host_id', 'binding:vif_type', 'binding:vif_details'] {{(pid=105525) _exclude_attributes_by_policy /opt/stack/neutron/neutron/pecan_wsgi/hooks/policy_enforcement.py:255}}
Sep 03 09:51:03.574890 dv-cinder-606346-32-iscsi neutron-server[105525]: INFO neutron.wsgi [req-5fcb36c6-d4b9-43ac-bd2b-a261f79cd75e req-d59e04e7-264c-4a7c-bfe6-378140b9ee02 tempest-AttachVolumeShelveTestJSON-1889168593 tempest-AttachVolumeShelveTestJSON-1889168593-project] 10.222.0.67 "GET /v2.0/ports?device_id=cea5fd6f-95a4-45d3-b3b7-12f846d9fcf0 HTTP/1.1" status: 200 len: 931 time: 0.2559919
Sep 03 09:51:03.610520 dv-cinder-606346-32-iscsi neutron-server[105526]: DEBUG neutron_lib.callbacks.manager [None req-cd833d38-df17-4f6e-8ef2-af99e8b227ea None None] Notify callbacks ['neutron.plugins.ml2.plugin.SecurityGroupDbMixin._ensure_default_security_group_handler-765696'] for port, before_update {{(pid=105526) _notify_loop /usr/local/lib/python3.8/dist-packages/neutron_lib/callbacks/manager.py:192}}
Sep 03 09:51:03.658044 dv-cinder-606346-32-iscsi neutron-server[105526]: DEBUG neutron.notifiers.nova [None req-cd833d38-df17-4f6e-8ef2-af99e8b227ea None None] Ignoring state change previous_port_status: DOWN current_port_status: BUILD port_id 8f14eea0-cbb9-4187-b8dd-48cbd6747e9d {{(pid=105526) record_port_status_changed /opt/stack/neutron/neutron/notifiers/nova.py:224}}
Sep 03 09:51:03.715830 dv-cinder-606346-32-iscsi neutron-server[105526]: DEBUG neutron.plugins.ml2.db [None req-cd833d38-df17-4f6e-8ef2-af99e8b227ea None None] For port 8f14eea0-cbb9-4187-b8dd-48cbd6747e9d, host hv-cinder-60634, got binding levels [PortBindingLevel(driver='hyperv',host='hv-cinder-60634',level=0,port_id=8f14eea0-cbb9-4187-b8dd-48cbd6747e9d,segment=NetworkSegment(6162f772-1e28-4e35-bf3d-bf08b646a09f),segment_id=6162f772-1e28-4e35-bf3d-bf08b646a09f)] {{(pid=105526) get_binding_level_objs /opt/stack/neutron/neutron/plugins/ml2/db.py:74}}
Sep 03 09:51:03.722855 dv-cinder-606346-32-iscsi neutron-server[105526]: DEBUG neutron_lib.callbacks.manager [None req-cd833d38-df17-4f6e-8ef2-af99e8b227ea None None] Notify callbacks ['neutron.plugins.ml2.plugin.SecurityGroupServerNotifierRpcMixin._notify_sg_on_port_change-757955', 'neutron.plugins.ml2.ovo_rpc._ObjectChangeHandler.handle_event-63206', 'neutron.api.rpc.agentnotifiers.dhcp_rpc_agent_api.DhcpAgentNotifyAPI._native_event_send_dhcp_notification-1832146', 'neutron.db.l3_db.L3RpcNotifierMixin._notify_gateway_port_ip_changed-8759173721034', 'neutron.db.l3_dvrscheduler_db._notify_l3_agent_port_update-8759173281949', 'neutron.db.l3_hascheduler_db._notify_l3_agent_ha_port_update-8759173281967'] for port, after_update {{(pid=105526) _notify_loop /usr/local/lib/python3.8/dist-packages/neutron_lib/callbacks/manager.py:192}}
Sep 03 09:51:03.745962 dv-cinder-606346-32-iscsi neutron-server[105524]: INFO neutron.wsgi [req-ced65396-3ea2-4161-b4b1-64a554bff3ac req-2c1d1563-b467-4efd-88db-b60acfd5ae2f tempest-ServerRescueNegativeTestJSON-190065780 tempest-ServerRescueNegativeTestJSON-190065780-project] 10.222.0.67 "GET /v2.0/ports?device_id=22f1bd17-827a-467f-844e-139d007919c0 HTTP/1.1" status: 200 len: 210 time: 0.0855684
Sep 03 09:51:03.747777 dv-cinder-606346-32-iscsi neutron-server[105525]: INFO neutron.wsgi [req-5fcb36c6-d4b9-43ac-bd2b-a261f79cd75e req-5eacea97-0d23-4de7-949b-61e4930d5668 tempest-AttachVolumeShelveTestJSON-1889168593 tempest-AttachVolumeShelveTestJSON-1889168593-project] 10.222.0.67 "GET /v2.0/security-groups?id=c5441c9f-f946-4b06-ae05-7d762e90f684&fields=id&fields=name HTTP/1.1" status: 200 len: 313 time: 0.1573644
Sep 03 09:51:03.766768 dv-cinder-606346-32-iscsi neutron-server[105524]: DEBUG neutron_lib.callbacks.manager [req-d8c7128a-ee34-45a0-af16-a35c90941e1c req-817ac1ca-6060-4abb-8cec-97a65c9bb823 tempest-ServerRescueNegativeTestJSON-190065780 tempest-ServerRescueNegativeTestJSON-190065780-project] Notify callbacks [] for port, precommit_create {{(pid=105524) _notify_loop /usr/local/lib/python3.8/dist-packages/neutron_lib/callbacks/manager.py:192}}
Sep 03 09:51:03.775559 dv-cinder-606346-32-iscsi neutron-server[105525]: DEBUG neutron_lib.callbacks.manager [None req-cbea2430-f6e7-485b-8626-01fc4365d67a admin admin] Notify callbacks [] for security_group, precommit_create {{(pid=105525) _notify_loop /usr/local/lib/python3.8/dist-packages/neutron_lib/callbacks/manager.py:192}}
Sep 03 09:51:03.790250 dv-cinder-606346-32-iscsi neutron-server[105525]: DEBUG neutron_lib.callbacks.manager [None req-cbea2430-f6e7-485b-8626-01fc4365d67a admin admin] Notify callbacks ['neutron.plugins.ml2.ovo_rpc._ObjectChangeHandler.handle_event-1581218'] for security_group, after_create {{(pid=105525) _notify_loop /usr/local/lib/python3.8/dist-packages/neutron_lib/callbacks/manager.py:192}}
Sep 03 09:51:03.841694 dv-cinder-606346-32-iscsi neutron-server[105526]: DEBUG neutron_lib.callbacks.manager [None req-a642e642-fcb2-47b5-b777-13e8b57c6243 None None] Notify callbacks ['neutron.services.segments.db._update_segment_host_mapping_for_agent-8759173696067', 'neutron.plugins.ml2.plugin.Ml2Plugin._retry_binding_revived_agents-718905'] for agent, after_update {{(pid=105526) _notify_loop /usr/local/lib/python3.8/dist-packages/neutron_lib/callbacks/manager.py:192}}
Sep 03 09:51:03.862040 dv-cinder-606346-32-iscsi neutron-server[105525]: INFO neutron.wsgi [None req-cbea2430-f6e7-485b-8626-01fc4365d67a admin admin] 10.222.0.67 "GET /v2.0/security-groups?tenant_id=563505c1261a42448781936127f6e845&name=default HTTP/1.1" status: 200 len: 2979 time: 1.1363761
Sep 03 09:51:03.866345 dv-cinder-606346-32-iscsi neutron-server[105526]: DEBUG neutron.api.rpc.handlers.resources_rpc [None req-cd833d38-df17-4f6e-8ef2-af99e8b227ea None None] Pushing event updated for resources: {'Port': ['ID=8f14eea0-cbb9-4187-b8dd-48cbd6747e9d,revision_number=4']} {{(pid=105526) push /opt/stack/neutron/neutron/api/rpc/handlers/resources_rpc.py:237}}
Sep 03 09:51:03.876498 dv-cinder-606346-32-iscsi neutron-server[105525]: DEBUG neutron.wsgi [-] (105525) accepted ('10.222.0.67', 33242) {{(pid=105525) server /usr/local/lib/python3.8/dist-packages/eventlet/wsgi.py:982}}
Sep 03 09:51:03.983461 dv-cinder-606346-32-iscsi neutron-server[105525]: DEBUG neutron_lib.callbacks.manager [None req-7046a3cc-136f-4a52-9aa1-fcdeccabfea1 admin admin] Notify callbacks [] for security_group, before_delete {{(pid=105525) _notify_loop /usr/local/lib/python3.8/dist-packages/neutron_lib/callbacks/manager.py:192}}
Sep 03 09:51:03.986018 dv-cinder-606346-32-iscsi neutron-server[105525]: DEBUG neutron.api.rpc.handlers.resources_rpc [None req-cbea2430-f6e7-485b-8626-01fc4365d67a admin admin] Pushing event updated for resources: {'SecurityGroup': ['ID=64a3b4b6-a318-4e3a-b6ab-8f586b383390,revision_number=1']} {{(pid=105525) push /opt/stack/neutron/neutron/api/rpc/handlers/resources_rpc.py:237}}
Sep 03 09:51:03.996798 dv-cinder-606346-32-iscsi neutron-server[105525]: DEBUG neutron.notifiers.nova [req-a0562c1d-2b58-4b69-9e26-958c24d26a20 req-3b49bd68-3960-4a79-8086-9c1a732e2682 service neutron] Ignoring state change previous_port_status: DOWN current_port_status: DOWN port_id 9000703e-83cb-4133-ad9a-97f2ee4d2fe9 {{(pid=105525) record_port_status_changed /opt/stack/neutron/neutron/notifiers/nova.py:224}}
Sep 03 09:51:04.015940 dv-cinder-606346-32-iscsi neutron-server[105525]: DEBUG neutron_lib.callbacks.manager [req-a0562c1d-2b58-4b69-9e26-958c24d26a20 req-3b49bd68-3960-4a79-8086-9c1a732e2682 service neutron] Notify callbacks [] for port, precommit_update {{(pid=105525) _notify_loop /usr/local/lib/python3.8/dist-packages/neutron_lib/callbacks/manager.py:192}}
Sep 03 09:51:04.018569 dv-cinder-606346-32-iscsi neutron-server[105526]: DEBUG neutron.plugins.ml2.db [None req-cd833d38-df17-4f6e-8ef2-af99e8b227ea None None] get_ports_and_sgs() called for port_ids ['547a93d6-30a5-4d82-b68d-4a9debfb2f71'] {{(pid=105526) get_ports_and_sgs /opt/stack/neutron/neutron/plugins/ml2/db.py:156}}
Sep 03 09:51:04.035711 dv-cinder-606346-32-iscsi neutron-server[105525]: DEBUG neutron_lib.callbacks.manager [None req-7046a3cc-136f-4a52-9aa1-fcdeccabfea1 admin admin] Notify callbacks [] for security_group, precommit_delete {{(pid=105525) _notify_loop /usr/local/lib/python3.8/dist-packages/neutron_lib/callbacks/manager.py:192}}
Sep 03 09:51:04.049086 dv-cinder-606346-32-iscsi neutron-server[105525]: DEBUG neutron.db.provisioning_blocks [req-a0562c1d-2b58-4b69-9e26-958c24d26a20 req-3b49bd68-3960-4a79-8086-9c1a732e2682 service neutron] Transition to ACTIVE for port object 9000703e-83cb-4133-ad9a-97f2ee4d2fe9 will not be triggered until provisioned by entity L2. {{(pid=105525) add_provisioning_component /opt/stack/neutron/neutron/db/provisioning_blocks.py:73}}
