Sep 02 13:10:00.652577 dv-cinder-606346-31-iscsi devstack@c-api.service[100903]: [pid: 100903|app: 0|req: 7/17] 10.222.0.64 () {58 vars in 1268 bytes} [Thu Sep 2 13:10:00 2021] GET /volume/v3/ad410ac2486a449f9a7144298fe3eb6d/scheduler-stats/get_pools => generated 66 bytes in 453 msecs (HTTP/1.1 200) 7 headers in 284 bytes (1 switches on core 0)
Sep 02 13:10:00.657526 dv-cinder-606346-31-iscsi devstack@c-api.service[100902]: WARNING keystonemiddleware.auth_token [None req-b77eeb97-0524-4042-a39c-614224e1bed4 tempest-VolumeQuotasNegativeTestJSON-376884176 tempest-VolumeQuotasNegativeTestJSON-376884176-project] A valid token was submitted as a service token, but it was not a valid service token. This is incorrect but backwards compatible behaviour. This will be removed in future releases.
Sep 02 13:10:00.671804 dv-cinder-606346-31-iscsi devstack@c-api.service[100902]: INFO cinder.api.openstack.wsgi [req-d25c08e7-65c0-419a-b059-3562987e6fd8 req-65ca697d-37fc-42d6-b533-62e120cd9ec0 tempest-VolumesSnapshotsTestJSON-2140923734 tempest-VolumesSnapshotsTestJSON-2140923734-project] POST http://10.222.0.64/volume/v3/b1a5b1ed1c4f46c19d0020de346e213b/volumes
Sep 02 13:10:00.671804 dv-cinder-606346-31-iscsi devstack@c-api.service[100902]: /usr/local/lib/python3.8/dist-packages/webob/acceptparse.py:1047: DeprecationWarning: The behavior of AcceptValidHeader.best_match is currently being maintained for backward compatibility, but it will be deprecated in the future, as it does not conform to the RFC.
Sep 02 13:10:00.671804 dv-cinder-606346-31-iscsi devstack@c-api.service[100902]: warnings.warn(
Sep 02 13:10:00.671804 dv-cinder-606346-31-iscsi devstack@c-api.service[100902]: DEBUG cinder.api.openstack.wsgi [req-d25c08e7-65c0-419a-b059-3562987e6fd8 req-65ca697d-37fc-42d6-b533-62e120cd9ec0 tempest-VolumesSnapshotsTestJSON-2140923734 tempest-VolumesSnapshotsTestJSON-2140923734-project] Action: 'create', calling method: create, body: {"volume": {"size": 1, "consistencygroup_id": null, "snapshot_id": null, "name": "tempest-VolumesSnapshotsTestJSON-volume-33510452", "description": null, "volume_type": null, "availability_zone": null, "metadata": {}, "imageRef": null, "source_volid": null, "backup_id": null}} {{(pid=100902) _process_stack /opt/stack/cinder/cinder/api/openstack/wsgi.py:854}}
Sep 02 13:10:00.671804 dv-cinder-606346-31-iscsi devstack@c-api.service[100902]: DEBUG cinder.api.v3.volumes [req-d25c08e7-65c0-419a-b059-3562987e6fd8 req-65ca697d-37fc-42d6-b533-62e120cd9ec0 tempest-VolumesSnapshotsTestJSON-2140923734 tempest-VolumesSnapshotsTestJSON-2140923734-project] Create volume request body: {'volume': {'size': 1, 'consistencygroup_id': None, 'snapshot_id': None, 'name': 'tempest-VolumesSnapshotsTestJSON-volume-33510452', 'description': None, 'volume_type': None, 'availability_zone': None, 'metadata': {}, 'imageRef': None, 'source_volid': None, 'backup_id': None}} {{(pid=100902) create /opt/stack/cinder/cinder/api/v3/volumes.py:298}}
Sep 02 13:10:00.671804 dv-cinder-606346-31-iscsi devstack@c-api.service[100902]: INFO cinder.api.v3.volumes [req-d25c08e7-65c0-419a-b059-3562987e6fd8 req-65ca697d-37fc-42d6-b533-62e120cd9ec0 tempest-VolumesSnapshotsTestJSON-2140923734 tempest-VolumesSnapshotsTestJSON-2140923734-project] Create volume of 1 GB
Sep 02 13:10:00.673847 dv-cinder-606346-31-iscsi devstack@c-api.service[100903]: INFO cinder.api.openstack.wsgi [None req-ca1c57e2-ee58-4679-a6e6-05998e394519 tempest-VolumeQuotasNegativeTestJSON-351524190 tempest-VolumeQuotasNegativeTestJSON-351524190-project-admin] PUT http://10.222.0.64/volume/v3/9f1cdeef2da84fedb111a261b7ffeaa7/os-quota-sets/35d88ec3caf2496eb115546005eb5174
Sep 02 13:10:00.674733 dv-cinder-606346-31-iscsi devstack@c-api.service[100903]: DEBUG cinder.api.openstack.wsgi [None req-ca1c57e2-ee58-4679-a6e6-05998e394519 tempest-VolumeQuotasNegativeTestJSON-351524190 tempest-VolumeQuotasNegativeTestJSON-351524190-project-admin] Action: 'update', calling method: update, body: {"quota_set": {"gigabytes": 1, "volumes": -1}} {{(pid=100903) _process_stack /opt/stack/cinder/cinder/api/openstack/wsgi.py:854}}
Sep 02 13:10:00.676040 dv-cinder-606346-31-iscsi devstack@c-api.service[100902]: INFO cinder.volume.api [req-d25c08e7-65c0-419a-b059-3562987e6fd8 req-65ca697d-37fc-42d6-b533-62e120cd9ec0 tempest-VolumesSnapshotsTestJSON-2140923734 tempest-VolumesSnapshotsTestJSON-2140923734-project] Availability Zones retrieved successfully.
Sep 02 13:10:00.716678 dv-cinder-606346-31-iscsi devstack@c-api.service[100902]: DEBUG cinder.volume.api [req-d25c08e7-65c0-419a-b059-3562987e6fd8 req-65ca697d-37fc-42d6-b533-62e120cd9ec0 tempest-VolumesSnapshotsTestJSON-2140923734 tempest-VolumesSnapshotsTestJSON-2140923734-project] Flow 'volume_create_api' (fb86c2a1-8907-400c-91a7-5168a2d4d3b6) transitioned into state 'RUNNING' from state 'PENDING' {{(pid=100902) _flow_receiver /usr/local/lib/python3.8/dist-packages/taskflow/listeners/logging.py:141}}
Sep 02 13:10:00.719444 dv-cinder-606346-31-iscsi devstack@c-api.service[100902]: DEBUG cinder.volume.api [req-d25c08e7-65c0-419a-b059-3562987e6fd8 req-65ca697d-37fc-42d6-b533-62e120cd9ec0 tempest-VolumesSnapshotsTestJSON-2140923734 tempest-VolumesSnapshotsTestJSON-2140923734-project] Task 'cinder.volume.flows.api.create_volume.ExtractVolumeRequestTask;volume:create' (b588da33-f950-4f10-b19d-d43c249d3cd2) transitioned into state 'RUNNING' from state 'PENDING' {{(pid=100902) _task_receiver /usr/local/lib/python3.8/dist-packages/taskflow/listeners/logging.py:190}}
Sep 02 13:10:00.723895 dv-cinder-606346-31-iscsi devstack@c-api.service[100902]: DEBUG cinder.volume.flows.api.create_volume [req-d25c08e7-65c0-419a-b059-3562987e6fd8 req-65ca697d-37fc-42d6-b533-62e120cd9ec0 tempest-VolumesSnapshotsTestJSON-2140923734 tempest-VolumesSnapshotsTestJSON-2140923734-project] Validating volume size '1' using validate_int {{(pid=100902) _extract_size /opt/stack/cinder/cinder/volume/flows/api/create_volume.py:225}}
Sep 02 13:10:00.809121 dv-cinder-606346-31-iscsi devstack@c-api.service[100903]: INFO cinder.api.openstack.wsgi [None req-ca1c57e2-ee58-4679-a6e6-05998e394519 tempest-VolumeQuotasNegativeTestJSON-351524190 tempest-VolumeQuotasNegativeTestJSON-351524190-project-admin] http://10.222.0.64/volume/v3/9f1cdeef2da84fedb111a261b7ffeaa7/os-quota-sets/35d88ec3caf2496eb115546005eb5174 returned with HTTP 200
Sep 02 13:10:00.815879 dv-cinder-606346-31-iscsi devstack@c-api.service[100903]: [pid: 100903|app: 0|req: 8/18] 10.222.0.64 () {60 vars in 1351 bytes} [Thu Sep 2 13:10:00 2021] PUT /volume/v3/9f1cdeef2da84fedb111a261b7ffeaa7/os-quota-sets/35d88ec3caf2496eb115546005eb5174 => generated 316 bytes in 162 msecs (HTTP/1.1 200) 7 headers in 285 bytes (1 switches on core 0)
Sep 02 13:10:00.820339 dv-cinder-606346-31-iscsi devstack@c-api.service[100902]: DEBUG cinder.volume.api [req-d25c08e7-65c0-419a-b059-3562987e6fd8 req-65ca697d-37fc-42d6-b533-62e120cd9ec0 tempest-VolumesSnapshotsTestJSON-2140923734 tempest-VolumesSnapshotsTestJSON-2140923734-project] Task 'cinder.volume.flows.api.create_volume.ExtractVolumeRequestTask;volume:create' (b588da33-f950-4f10-b19d-d43c249d3cd2) transitioned into state 'SUCCESS' from state 'RUNNING' with result '{'size': 1, 'snapshot_id': None, 'source_volid': None, 'volume_type': VolumeType(created_at=2021-09-02T13:00:35Z,deleted=False,deleted_at=None,description='Default Volume Type',extra_specs={},id=c49ff000-a5aa-429a-b05b-9895df84aee9,is_public=True,name='__DEFAULT__',projects=[],qos_specs=,qos_specs_id=None,updated_at=2021-09-02T13:00:35Z), 'volume_type_id': 'c49ff000-a5aa-429a-b05b-9895df84aee9', 'encryption_key_id': None, 'qos_specs': None, 'consistencygroup_id': None, 'cgsnapshot_id': None, 'group_id': None, 'replication_status': 'disabled', 'refresh_az': False, 'backup_id': None, 'multiattach': False, 'availability_zones': ['nova']}' {{(pid=100902) _task_receiver /usr/local/lib/python3.8/dist-packages/taskflow/listeners/logging.py:178}}
Sep 02 13:10:00.824162 dv-cinder-606346-31-iscsi devstack@c-api.service[100903]: INFO cinder.api.openstack.wsgi [None req-03c0fceb-cfbb-410b-b7cf-9b8a815e4cc8 tempest-BackendsCapabilitiesAdminTestsJSON-1940449384 tempest-BackendsCapabilitiesAdminTestsJSON-1940449384-project-admin] GET http://10.222.0.64/volume/v3/ad410ac2486a449f9a7144298fe3eb6d/scheduler-stats/get_pools?detail=True
Sep 02 13:10:00.824967 dv-cinder-606346-31-iscsi devstack@c-api.service[100903]: DEBUG cinder.api.openstack.wsgi [None req-03c0fceb-cfbb-410b-b7cf-9b8a815e4cc8 tempest-BackendsCapabilitiesAdminTestsJSON-1940449384 tempest-BackendsCapabilitiesAdminTestsJSON-1940449384-project-admin] Empty body provided in request {{(pid=100903) get_body /opt/stack/cinder/cinder/api/openstack/wsgi.py:703}}
Sep 02 13:10:00.825664 dv-cinder-606346-31-iscsi devstack@c-api.service[100903]: DEBUG cinder.api.openstack.wsgi [None req-03c0fceb-cfbb-410b-b7cf-9b8a815e4cc8 tempest-BackendsCapabilitiesAdminTestsJSON-1940449384 tempest-BackendsCapabilitiesAdminTestsJSON-1940449384-project-admin] Calling method 'get_pools' {{(pid=100903) _process_stack /opt/stack/cinder/cinder/api/openstack/wsgi.py:856}}
Sep 02 13:10:00.834685 dv-cinder-606346-31-iscsi devstack@c-api.service[100902]: DEBUG cinder.volume.api [req-d25c08e7-65c0-419a-b059-3562987e6fd8 req-65ca697d-37fc-42d6-b533-62e120cd9ec0 tempest-VolumesSnapshotsTestJSON-2140923734 tempest-VolumesSnapshotsTestJSON-2140923734-project] Task 'cinder.volume.flows.api.create_volume.QuotaReserveTask;volume:create' (bc4378eb-5437-4c91-b7c3-d27913f44bca) transitioned into state 'RUNNING' from state 'PENDING' {{(pid=100902) _task_receiver /usr/local/lib/python3.8/dist-packages/taskflow/listeners/logging.py:190}}
Sep 02 13:10:00.849189 dv-cinder-606346-31-iscsi devstack@c-api.service[100903]: INFO cinder.api.openstack.wsgi [None req-03c0fceb-cfbb-410b-b7cf-9b8a815e4cc8 tempest-BackendsCapabilitiesAdminTestsJSON-1940449384 tempest-BackendsCapabilitiesAdminTestsJSON-1940449384-project-admin] http://10.222.0.64/volume/v3/ad410ac2486a449f9a7144298fe3eb6d/scheduler-stats/get_pools?detail=True returned with HTTP 200
Sep 02 13:10:00.850060 dv-cinder-606346-31-iscsi devstack@c-api.service[100903]: [pid: 100903|app: 0|req: 9/19] 10.222.0.64 () {58 vars in 1291 bytes} [Thu Sep 2 13:10:00 2021] GET /volume/v3/ad410ac2486a449f9a7144298fe3eb6d/scheduler-stats/get_pools?detail=True => generated 482 bytes in 33 msecs (HTTP/1.1 200) 7 headers in 285 bytes (1 switches on core 0)
Sep 02 13:10:00.861566 dv-cinder-606346-31-iscsi devstack@c-api.service[100903]: INFO cinder.api.openstack.wsgi [None req-f4a99fc6-450e-408a-b6da-89117924c57d tempest-VolumeQuotasNegativeTestJSON-376884176 tempest-VolumeQuotasNegativeTestJSON-376884176-project] POST http://10.222.0.64/volume/v3/35d88ec3caf2496eb115546005eb5174/volumes
Sep 02 13:10:00.862460 dv-cinder-606346-31-iscsi devstack@c-api.service[100903]: DEBUG cinder.api.openstack.wsgi [None req-f4a99fc6-450e-408a-b6da-89117924c57d tempest-VolumeQuotasNegativeTestJSON-376884176 tempest-VolumeQuotasNegativeTestJSON-376884176-project] Action: 'create', calling method: create, body: {"volume": {"size": 2}} {{(pid=100903) _process_stack /opt/stack/cinder/cinder/api/openstack/wsgi.py:854}}
Sep 02 13:10:00.863763 dv-cinder-606346-31-iscsi devstack@c-api.service[100903]: DEBUG cinder.api.v3.volumes [None req-f4a99fc6-450e-408a-b6da-89117924c57d tempest-VolumeQuotasNegativeTestJSON-376884176 tempest-VolumeQuotasNegativeTestJSON-376884176-project] Create volume request body: {'volume': {'size': 2}} {{(pid=100903) create /opt/stack/cinder/cinder/api/v3/volumes.py:298}}
Sep 02 13:10:00.864569 dv-cinder-606346-31-iscsi devstack@c-api.service[100903]: INFO cinder.api.v3.volumes [None req-f4a99fc6-450e-408a-b6da-89117924c57d tempest-VolumeQuotasNegativeTestJSON-376884176 tempest-VolumeQuotasNegativeTestJSON-376884176-project] Create volume of 2 GB
Sep 02 13:10:00.881030 dv-cinder-606346-31-iscsi devstack@c-api.service[100903]: DEBUG cinder.volume.api [None req-f4a99fc6-450e-408a-b6da-89117924c57d tempest-VolumeQuotasNegativeTestJSON-376884176 tempest-VolumeQuotasNegativeTestJSON-376884176-project] Availability zone cache updated, next update will occur around 2021-09-02 14:10:00.880240. {{(pid=100903) list_availability_zones /opt/stack/cinder/cinder/volume/api.py:149}}
Sep 02 13:10:00.881507 dv-cinder-606346-31-iscsi devstack@c-api.service[100903]: INFO cinder.volume.api [None req-f4a99fc6-450e-408a-b6da-89117924c57d tempest-VolumeQuotasNegativeTestJSON-376884176 tempest-VolumeQuotasNegativeTestJSON-376884176-project] Availability Zones retrieved successfully.
Sep 02 13:10:00.926509 dv-cinder-606346-31-iscsi devstack@c-api.service[100903]: DEBUG cinder.volume.api [None req-f4a99fc6-450e-408a-b6da-89117924c57d tempest-VolumeQuotasNegativeTestJSON-376884176 tempest-VolumeQuotasNegativeTestJSON-376884176-project] Flow 'volume_create_api' (6fe2a062-47b1-49e8-8fb8-d3e12f168f85) transitioned into state 'RUNNING' from state 'PENDING' {{(pid=100903) _flow_receiver /usr/local/lib/python3.8/dist-packages/taskflow/listeners/logging.py:141}}
Sep 02 13:10:00.929936 dv-cinder-606346-31-iscsi devstack@c-api.service[100903]: DEBUG cinder.volume.api [None req-f4a99fc6-450e-408a-b6da-89117924c57d tempest-VolumeQuotasNegativeTestJSON-376884176 tempest-VolumeQuotasNegativeTestJSON-376884176-project] Task 'cinder.volume.flows.api.create_volume.ExtractVolumeRequestTask;volume:create' (d235b9dc-8180-4789-bb87-5fa3251a8dc7) transitioned into state 'RUNNING' from state 'PENDING' {{(pid=100903) _task_receiver /usr/local/lib/python3.8/dist-packages/taskflow/listeners/logging.py:190}}
Sep 02 13:10:00.932329 dv-cinder-606346-31-iscsi devstack@c-api.service[100903]: DEBUG cinder.volume.flows.api.create_volume [None req-f4a99fc6-450e-408a-b6da-89117924c57d tempest-VolumeQuotasNegativeTestJSON-376884176 tempest-VolumeQuotasNegativeTestJSON-376884176-project] Validating volume size '2' using validate_int {{(pid=100903) _extract_size /opt/stack/cinder/cinder/volume/flows/api/create_volume.py:225}}
Sep 02 13:10:01.055707 dv-cinder-606346-31-iscsi devstack@c-api.service[100903]: DEBUG cinder.volume.api [None req-f4a99fc6-450e-408a-b6da-89117924c57d tempest-VolumeQuotasNegativeTestJSON-376884176 tempest-VolumeQuotasNegativeTestJSON-376884176-project] Task 'cinder.volume.flows.api.create_volume.ExtractVolumeRequestTask;volume:create' (d235b9dc-8180-4789-bb87-5fa3251a8dc7) transitioned into state 'SUCCESS' from state 'RUNNING' with result '{'size': 2, 'snapshot_id': None, 'source_volid': None, 'volume_type': VolumeType(created_at=2021-09-02T13:00:35Z,deleted=False,deleted_at=None,description='Default Volume Type',extra_specs={},id=c49ff000-a5aa-429a-b05b-9895df84aee9,is_public=True,name='__DEFAULT__',projects=[],qos_specs=,qos_specs_id=None,updated_at=2021-09-02T13:00:35Z), 'volume_type_id': 'c49ff000-a5aa-429a-b05b-9895df84aee9', 'encryption_key_id': None, 'qos_specs': None, 'consistencygroup_id': None, 'cgsnapshot_id': None, 'group_id': None, 'replication_status': 'disabled', 'refresh_az': False, 'backup_id': None, 'multiattach': False, 'availability_zones': ['nova']}' {{(pid=100903) _task_receiver /usr/local/lib/python3.8/dist-packages/taskflow/listeners/logging.py:178}}
Sep 02 13:10:01.059211 dv-cinder-606346-31-iscsi devstack@c-api.service[100902]: DEBUG cinder.quota [req-d25c08e7-65c0-419a-b059-3562987e6fd8 req-65ca697d-37fc-42d6-b533-62e120cd9ec0 tempest-VolumesSnapshotsTestJSON-2140923734 tempest-VolumesSnapshotsTestJSON-2140923734-project] Created reservations ['404cb809-23e3-49f2-bc72-9a235da79b52', 'cebbc4c1-384b-4c9b-87d8-b346bc7c3115', '4e903961-0a9d-4b35-847c-4ea94ee64565', 'ffdb8303-68d0-4409-bc5e-54b1c25035a8'] {{(pid=100902) reserve /opt/stack/cinder/cinder/quota.py:755}}
Sep 02 13:10:01.061428 dv-cinder-606346-31-iscsi devstack@c-api.service[100903]: DEBUG cinder.volume.api [None req-f4a99fc6-450e-408a-b6da-89117924c57d tempest-VolumeQuotasNegativeTestJSON-376884176 tempest-VolumeQuotasNegativeTestJSON-376884176-project] Task 'cinder.volume.flows.api.create_volume.QuotaReserveTask;volume:create' (f20fa178-21cf-4697-8cd1-7808e85159cd) transitioned into state 'RUNNING' from state 'PENDING' {{(pid=100903) _task_receiver /usr/local/lib/python3.8/dist-packages/taskflow/listeners/logging.py:190}}
Sep 02 13:10:01.061787 dv-cinder-606346-31-iscsi devstack@c-api.service[100902]: DEBUG cinder.volume.api [req-d25c08e7-65c0-419a-b059-3562987e6fd8 req-65ca697d-37fc-42d6-b533-62e120cd9ec0 tempest-VolumesSnapshotsTestJSON-2140923734 tempest-VolumesSnapshotsTestJSON-2140923734-project] Task 'cinder.volume.flows.api.create_volume.QuotaReserveTask;volume:create' (bc4378eb-5437-4c91-b7c3-d27913f44bca) transitioned into state 'SUCCESS' from state 'RUNNING' with result '{'reservations': ['404cb809-23e3-49f2-bc72-9a235da79b52', 'cebbc4c1-384b-4c9b-87d8-b346bc7c3115', '4e903961-0a9d-4b35-847c-4ea94ee64565', 'ffdb8303-68d0-4409-bc5e-54b1c25035a8']}' {{(pid=100902) _task_receiver /usr/local/lib/python3.8/dist-packages/taskflow/listeners/logging.py:178}}
Sep 02 13:10:01.064809 dv-cinder-606346-31-iscsi devstack@c-api.service[100902]: DEBUG cinder.volume.api [req-d25c08e7-65c0-419a-b059-3562987e6fd8 req-65ca697d-37fc-42d6-b533-62e120cd9ec0 tempest-VolumesSnapshotsTestJSON-2140923734 tempest-VolumesSnapshotsTestJSON-2140923734-project] Task 'cinder.volume.flows.api.create_volume.EntryCreateTask;volume:create' (a9114220-cfe6-4867-9063-18e00864a66c) transitioned into state 'RUNNING' from state 'PENDING' {{(pid=100902) _task_receiver /usr/local/lib/python3.8/dist-packages/taskflow/listeners/logging.py:190}}
Sep 02 13:10:01.122616 dv-cinder-606346-31-iscsi devstack@c-api.service[100902]: DEBUG cinder.volume.api [req-d25c08e7-65c0-419a-b059-3562987e6fd8 req-65ca697d-37fc-42d6-b533-62e120cd9ec0 tempest-VolumesSnapshotsTestJSON-2140923734 tempest-VolumesSnapshotsTestJSON-2140923734-project] Task 'cinder.volume.flows.api.create_volume.EntryCreateTask;volume:create' (a9114220-cfe6-4867-9063-18e00864a66c) transitioned into state 'SUCCESS' from state 'RUNNING' with result '{'volume_id': 'e7ba4c3a-3eff-4e3a-b3f2-7f70a146d309', 'volume_properties': VolumeProperties(attach_status='detached',availability_zone='nova',cgsnapshot_id=None,consistencygroup_id=None,display_description=None,display_name='tempest-VolumesSnapshotsTestJSON-volume-33510452',encryption_key_id=None,group_id=None,group_type_id=,metadata={},multiattach=False,project_id='b1a5b1ed1c4f46c19d0020de346e213b',qos_specs=None,replication_status=,reservations=['404cb809-23e3-49f2-bc72-9a235da79b52','cebbc4c1-384b-4c9b-87d8-b346bc7c3115','4e903961-0a9d-4b35-847c-4ea94ee64565','ffdb8303-68d0-4409-bc5e-54b1c25035a8'],size=1,snapshot_id=None,source_replicaid=,source_volid=None,status='creating',user_id='1a56215d85804eb6b380dd71c926805c',volume_type_id=c49ff000-a5aa-429a-b05b-9895df84aee9), 'volume': Volume(_name_id=None,admin_metadata=,attach_status='detached',availability_zone='nova',bootable=False,cluster=,cluster_name=None,consistencygroup=,consistencygroup_id=None,created_at=2021-09-02T13:10:01Z,deleted=False,deleted_at=None,display_description=None,display_name='tempest-VolumesSnapshotsTestJSON-volume-33510452',ec2_id=None,encryption_key_id=None,glance_metadata=,group=,group_id=None,host=None,id=e7ba4c3a-3eff-4e3a-b3f2-7f70a146d309,launched_at=None,metadata={},migration_status=None,multiattach=False,previous_status=None,project_id='b1a5b1ed1c4f46c19d0020de346e213b',provider_auth=None,provider_geometry=None,provider_id=None,provider_location=None,replication_driver_data=None,replication_extended_status=None,replication_status=None,scheduled_at=None,service_uuid=None,shared_targets=True,size=1,snapshot_id=None,snapshots=,source_volid=None,status='creating',terminated_at=None,updated_at=None,use_quota=True,user_id='1a56215d85804eb6b380dd71c926805c',volume_attachment=,volume_type=VolumeType(c49ff000-a5aa-429a-b05b-9895df84aee9),volume_type_id=c49ff000-a5aa-429a-b05b-9895df84aee9)}' {{(pid=100902) _task_receiver /usr/local/lib/python3.8/dist-packages/taskflow/listeners/logging.py:178}}
Sep 02 13:10:01.127936 dv-cinder-606346-31-iscsi devstack@c-api.service[100902]: DEBUG cinder.volume.api [req-d25c08e7-65c0-419a-b059-3562987e6fd8 req-65ca697d-37fc-42d6-b533-62e120cd9ec0 tempest-VolumesSnapshotsTestJSON-2140923734 tempest-VolumesSnapshotsTestJSON-2140923734-project] Task 'cinder.volume.flows.api.create_volume.QuotaCommitTask;volume:create' (a7b0f6ce-e055-46b1-bcbb-f837042c7361) transitioned into state 'RUNNING' from state 'PENDING' {{(pid=100902) _task_receiver /usr/local/lib/python3.8/dist-packages/taskflow/listeners/logging.py:190}}
Sep 02 13:10:01.167836 dv-cinder-606346-31-iscsi devstack@c-api.service[100902]: DEBUG cinder.volume.api [req-d25c08e7-65c0-419a-b059-3562987e6fd8 req-65ca697d-37fc-42d6-b533-62e120cd9ec0 tempest-VolumesSnapshotsTestJSON-2140923734 tempest-VolumesSnapshotsTestJSON-2140923734-project] Task 'cinder.volume.flows.api.create_volume.QuotaCommitTask;volume:create' (a7b0f6ce-e055-46b1-bcbb-f837042c7361) transitioned into state 'SUCCESS' from state 'RUNNING' with result '{'volume_properties': VolumeProperties(attach_status='detached',availability_zone='nova',cgsnapshot_id=None,consistencygroup_id=None,display_description=None,display_name='tempest-VolumesSnapshotsTestJSON-volume-33510452',encryption_key_id=None,group_id=None,group_type_id=,metadata={},multiattach=False,project_id='b1a5b1ed1c4f46c19d0020de346e213b',qos_specs=None,replication_status=,reservations=['404cb809-23e3-49f2-bc72-9a235da79b52','cebbc4c1-384b-4c9b-87d8-b346bc7c3115','4e903961-0a9d-4b35-847c-4ea94ee64565','ffdb8303-68d0-4409-bc5e-54b1c25035a8'],size=1,snapshot_id=None,source_replicaid=,source_volid=None,status='creating',user_id='1a56215d85804eb6b380dd71c926805c',volume_type_id=c49ff000-a5aa-429a-b05b-9895df84aee9)}' {{(pid=100902) _task_receiver /usr/local/lib/python3.8/dist-packages/taskflow/listeners/logging.py:178}}
Sep 02 13:10:01.170494 dv-cinder-606346-31-iscsi devstack@c-api.service[100903]: WARNING cinder.quota_utils [None req-f4a99fc6-450e-408a-b6da-89117924c57d tempest-VolumeQuotasNegativeTestJSON-376884176 tempest-VolumeQuotasNegativeTestJSON-376884176-project] Quota exceeded for 35d88ec3caf2496eb115546005eb5174, tried to create 2G volume (1G of 1G already consumed).: cinder.exception.OverQuota: Quota exceeded for resources: ['gigabytes']
Sep 02 13:10:01.171602 dv-cinder-606346-31-iscsi devstack@c-api.service[100902]: DEBUG cinder.volume.api [req-d25c08e7-65c0-419a-b059-3562987e6fd8 req-65ca697d-37fc-42d6-b533-62e120cd9ec0 tempest-VolumesSnapshotsTestJSON-2140923734 tempest-VolumesSnapshotsTestJSON-2140923734-project] Task 'cinder.volume.flows.api.create_volume.VolumeCastTask;volume:create' (ec4536b5-76e1-442f-bbbd-23bb560d6810) transitioned into state 'RUNNING' from state 'PENDING' {{(pid=100902) _task_receiver /usr/local/lib/python3.8/dist-packages/taskflow/listeners/logging.py:190}}
Sep 02 13:10:01.184429 dv-cinder-606346-31-iscsi devstack@c-api.service[100903]: WARNING cinder.volume.api [None req-f4a99fc6-450e-408a-b6da-89117924c57d tempest-VolumeQuotasNegativeTestJSON-376884176 tempest-VolumeQuotasNegativeTestJSON-376884176-project] Task 'cinder.volume.flows.api.create_volume.QuotaReserveTask;volume:create' (f20fa178-21cf-4697-8cd1-7808e85159cd) transitioned into state 'FAILURE' from state 'RUNNING'
Sep 02 13:10:01.184429 dv-cinder-606346-31-iscsi devstack@c-api.service[100903]: Failure: cinder.exception.VolumeSizeExceedsAvailableQuota: Requested volume or snapshot exceeds allowed gigabytes quota. Requested 2G, quota is 1G and 1G has been consumed.
Sep 02 13:10:01.190138 dv-cinder-606346-31-iscsi devstack@c-api.service[100903]: DEBUG cinder.volume.api [None req-f4a99fc6-450e-408a-b6da-89117924c57d tempest-VolumeQuotasNegativeTestJSON-376884176 tempest-VolumeQuotasNegativeTestJSON-376884176-project] Task 'cinder.volume.flows.api.create_volume.QuotaReserveTask;volume:create' (f20fa178-21cf-4697-8cd1-7808e85159cd) transitioned into state 'REVERTING' from state 'FAILURE' {{(pid=100903) _task_receiver /usr/local/lib/python3.8/dist-packages/taskflow/listeners/logging.py:190}}
Sep 02 13:10:01.194003 dv-cinder-606346-31-iscsi devstack@c-api.service[100903]: WARNING cinder.volume.api [None req-f4a99fc6-450e-408a-b6da-89117924c57d tempest-VolumeQuotasNegativeTestJSON-376884176 tempest-VolumeQuotasNegativeTestJSON-376884176-project] Task 'cinder.volume.flows.api.create_volume.QuotaReserveTask;volume:create' (f20fa178-21cf-4697-8cd1-7808e85159cd) transitioned into state 'REVERTED' from state 'REVERTING' with result 'None'
Sep 02 13:10:01.196227 dv-cinder-606346-31-iscsi devstack@c-api.service[100903]: DEBUG cinder.volume.api [None req-f4a99fc6-450e-408a-b6da-89117924c57d tempest-VolumeQuotasNegativeTestJSON-376884176 tempest-VolumeQuotasNegativeTestJSON-376884176-project] Task 'cinder.volume.flows.api.create_volume.ExtractVolumeRequestTask;volume:create' (d235b9dc-8180-4789-bb87-5fa3251a8dc7) transitioned into state 'REVERTING' from state 'SUCCESS' {{(pid=100903) _task_receiver /usr/local/lib/python3.8/dist-packages/taskflow/listeners/logging.py:190}}
Sep 02 13:10:01.199284 dv-cinder-606346-31-iscsi devstack@c-api.service[100903]: WARNING cinder.volume.api [None req-f4a99fc6-450e-408a-b6da-89117924c57d tempest-VolumeQuotasNegativeTestJSON-376884176 tempest-VolumeQuotasNegativeTestJSON-376884176-project] Task 'cinder.volume.flows.api.create_volume.ExtractVolumeRequestTask;volume:create' (d235b9dc-8180-4789-bb87-5fa3251a8dc7) transitioned into state 'REVERTED' from state 'REVERTING' with result 'None'
Sep 02 13:10:01.200603 dv-cinder-606346-31-iscsi devstack@c-api.service[100902]: DEBUG cinder.volume.api [req-d25c08e7-65c0-419a-b059-3562987e6fd8 req-65ca697d-37fc-42d6-b533-62e120cd9ec0 tempest-VolumesSnapshotsTestJSON-2140923734 tempest-VolumesSnapshotsTestJSON-2140923734-project] Task 'cinder.volume.flows.api.create_volume.VolumeCastTask;volume:create' (ec4536b5-76e1-442f-bbbd-23bb560d6810) transitioned into state 'SUCCESS' from state 'RUNNING' with result 'None' {{(pid=100902) _task_receiver /usr/local/lib/python3.8/dist-packages/taskflow/listeners/logging.py:178}}
Sep 02 13:10:01.202206 dv-cinder-606346-31-iscsi devstack@c-api.service[100903]: WARNING cinder.volume.api [None req-f4a99fc6-450e-408a-b6da-89117924c57d tempest-VolumeQuotasNegativeTestJSON-376884176 tempest-VolumeQuotasNegativeTestJSON-376884176-project] Flow 'volume_create_api' (6fe2a062-47b1-49e8-8fb8-d3e12f168f85) transitioned into state 'REVERTED' from state 'RUNNING'
Sep 02 13:10:01.203029 dv-cinder-606346-31-iscsi devstack@c-api.service[100903]: INFO cinder.api.middleware.fault [None req-f4a99fc6-450e-408a-b6da-89117924c57d tempest-VolumeQuotasNegativeTestJSON-376884176 tempest-VolumeQuotasNegativeTestJSON-376884176-project] http://10.222.0.64/volume/v3/35d88ec3caf2496eb115546005eb5174/volumes returned with HTTP 413
Sep 02 13:10:01.204692 dv-cinder-606346-31-iscsi devstack@c-api.service[100902]: DEBUG cinder.volume.api [req-d25c08e7-65c0-419a-b059-3562987e6fd8 req-65ca697d-37fc-42d6-b533-62e120cd9ec0 tempest-VolumesSnapshotsTestJSON-2140923734 tempest-VolumesSnapshotsTestJSON-2140923734-project] Flow 'volume_create_api' (fb86c2a1-8907-400c-91a7-5168a2d4d3b6) transitioned into state 'SUCCESS' from state 'RUNNING' {{(pid=100902) _flow_receiver /usr/local/lib/python3.8/dist-packages/taskflow/listeners/logging.py:141}}
Sep 02 13:10:01.209880 dv-cinder-606346-31-iscsi devstack@c-api.service[100903]: [pid: 100903|app: 0|req: 10/20] 10.222.0.64 () {60 vars in 1235 bytes} [Thu Sep 2 13:10:00 2021] POST /volume/v3/35d88ec3caf2496eb115546005eb5174/volumes => generated 208 bytes in 352 msecs (HTTP/1.1 413) 8 headers in 323 bytes (1 switches on core 0)
Sep 02 13:10:01.210575 dv-cinder-606346-31-iscsi devstack@c-api.service[100902]: INFO cinder.volume.api [req-d25c08e7-65c0-419a-b059-3562987e6fd8 req-65ca697d-37fc-42d6-b533-62e120cd9ec0 tempest-VolumesSnapshotsTestJSON-2140923734 tempest-VolumesSnapshotsTestJSON-2140923734-project] Create volume request issued successfully.
Sep 02 13:10:01.218044 dv-cinder-606346-31-iscsi devstack@c-api.service[100903]: INFO cinder.api.openstack.wsgi [None req-e7f842ed-d9ab-483c-a695-9aea9872a08f tempest-BackendsCapabilitiesAdminTestsJSON-1940449384 tempest-BackendsCapabilitiesAdminTestsJSON-1940449384-project-admin] GET http://10.222.0.64/volume/v3/ad410ac2486a449f9a7144298fe3eb6d/capabilities/hv-cinder-60634@wincnd
Sep 02 13:10:01.218885 dv-cinder-606346-31-iscsi devstack@c-api.service[100903]: DEBUG cinder.api.openstack.wsgi [None req-e7f842ed-d9ab-483c-a695-9aea9872a08f tempest-BackendsCapabilitiesAdminTestsJSON-1940449384 tempest-BackendsCapabilitiesAdminTestsJSON-1940449384-project-admin] Empty body provided in request {{(pid=100903) get_body /opt/stack/cinder/cinder/api/openstack/wsgi.py:703}}
Sep 02 13:10:01.219248 dv-cinder-606346-31-iscsi devstack@c-api.service[100903]: /usr/local/lib/python3.8/dist-packages/webob/acceptparse.py:1047: DeprecationWarning: The behavior of AcceptValidHeader.best_match is currently being maintained for backward compatibility, but it will be deprecated in the future, as it does not conform to the RFC.
Sep 02 13:10:01.219248 dv-cinder-606346-31-iscsi devstack@c-api.service[100903]: warnings.warn(
Sep 02 13:10:01.219990 dv-cinder-606346-31-iscsi devstack@c-api.service[100903]: DEBUG cinder.api.openstack.wsgi [None req-e7f842ed-d9ab-483c-a695-9aea9872a08f tempest-BackendsCapabilitiesAdminTestsJSON-1940449384 tempest-BackendsCapabilitiesAdminTestsJSON-1940449384-project-admin] Calling method 'show' {{(pid=100903) _process_stack /opt/stack/cinder/cinder/api/openstack/wsgi.py:856}}
Sep 02 13:10:01.220770 dv-cinder-606346-31-iscsi devstack@c-api.service[100903]: /usr/local/lib/python3.8/dist-packages/oslo_context/context.py:105: DeprecationWarning: Policy enforcement is depending on the value of is_admin. This key is deprecated. Please update your policy file to use the standard policy values.
Sep 02 13:10:01.220770 dv-cinder-606346-31-iscsi devstack@c-api.service[100903]: warnings.warn('Policy enforcement is depending on the value of '
Sep 02 13:10:01.227181 dv-cinder-606346-31-iscsi devstack@c-api.service[100902]: INFO cinder.api.openstack.wsgi [req-d25c08e7-65c0-419a-b059-3562987e6fd8 req-65ca697d-37fc-42d6-b533-62e120cd9ec0 tempest-VolumesSnapshotsTestJSON-2140923734 tempest-VolumesSnapshotsTestJSON-2140923734-project] http://10.222.0.64/volume/v3/b1a5b1ed1c4f46c19d0020de346e213b/volumes returned with HTTP 202
Sep 02 13:10:01.230607 dv-cinder-606346-31-iscsi devstack@c-api.service[100902]: [pid: 100902|app: 0|req: 11/21] 10.222.0.64 () {64 vars in 1522 bytes} [Thu Sep 2 13:10:00 2021] POST /volume/v3/b1a5b1ed1c4f46c19d0020de346e213b/volumes => generated 822 bytes in 757 msecs (HTTP/1.1 202) 7 headers in 291 bytes (1 switches on core 0)
Sep 02 13:10:01.246179 dv-cinder-606346-31-iscsi devstack@c-api.service[100902]: INFO cinder.api.openstack.wsgi [None req-b4e64706-9f89-4fc9-94ab-3d9621e800db tempest-VolumeQuotasNegativeTestJSON-351524190 tempest-VolumeQuotasNegativeTestJSON-351524190-project-admin] PUT http://10.222.0.64/volume/v3/9f1cdeef2da84fedb111a261b7ffeaa7/os-quota-sets/35d88ec3caf2496eb115546005eb5174
Sep 02 13:10:01.247291 dv-cinder-606346-31-iscsi devstack@c-api.service[100902]: /usr/local/lib/python3.8/dist-packages/webob/acceptparse.py:1047: DeprecationWarning: The behavior of AcceptValidHeader.best_match is currently being maintained for backward compatibility, but it will be deprecated in the future, as it does not conform to the RFC.
Sep 02 13:10:01.247291 dv-cinder-606346-31-iscsi devstack@c-api.service[100902]: warnings.warn(
Sep 02 13:10:01.247917 dv-cinder-606346-31-iscsi devstack@c-api.service[100902]: DEBUG cinder.api.openstack.wsgi [None req-b4e64706-9f89-4fc9-94ab-3d9621e800db tempest-VolumeQuotasNegativeTestJSON-351524190 tempest-VolumeQuotasNegativeTestJSON-351524190-project-admin] Action: 'update', calling method: update, body: {"quota_set": {"volumes": 1, "gigabytes": -1}} {{(pid=100902) _process_stack /opt/stack/cinder/cinder/api/openstack/wsgi.py:854}}
Sep 02 13:10:01.265060 dv-cinder-606346-31-iscsi devstack@c-api.service[100903]: INFO cinder.api.openstack.wsgi [None req-e7f842ed-d9ab-483c-a695-9aea9872a08f tempest-BackendsCapabilitiesAdminTestsJSON-1940449384 tempest-BackendsCapabilitiesAdminTestsJSON-1940449384-project-admin] http://10.222.0.64/volume/v3/ad410ac2486a449f9a7144298fe3eb6d/capabilities/hv-cinder-60634@wincnd returned with HTTP 200
Sep 02 13:10:01.267568 dv-cinder-606346-31-iscsi devstack@c-api.service[100903]: [pid: 100903|app: 0|req: 11/22] 10.222.0.64 () {58 vars in 1298 bytes} [Thu Sep 2 13:10:01 2021] GET /volume/v3/ad410ac2486a449f9a7144298fe3eb6d/capabilities/hv-cinder-60634@wincnd => generated 715 bytes in 57 msecs (HTTP/1.1 200) 7 headers in 285 bytes (1 switches on core 0)
Sep 02 13:10:01.272809 dv-cinder-606346-31-iscsi devstack@c-api.service[100902]: /usr/local/lib/python3.8/dist-packages/oslo_context/context.py:105: DeprecationWarning: Policy enforcement is depending on the value of is_admin. This key is deprecated. Please update your policy file to use the standard policy values.
Sep 02 13:10:01.272809 dv-cinder-606346-31-iscsi devstack@c-api.service[100902]: warnings.warn('Policy enforcement is depending on the value of '
Sep 02 13:10:01.275204 dv-cinder-606346-31-iscsi devstack@c-api.service[100903]: WARNING keystonemiddleware.auth_token [None req-e7f842ed-d9ab-483c-a695-9aea9872a08f tempest-BackendsCapabilitiesAdminTestsJSON-1940449384 tempest-BackendsCapabilitiesAdminTestsJSON-1940449384-project-admin] A valid token was submitted as a service token, but it was not a valid service token. This is incorrect but backwards compatible behaviour. This will be removed in future releases.
Sep 02 13:10:01.284165 dv-cinder-606346-31-iscsi devstack@c-api.service[100903]: INFO cinder.api.openstack.wsgi [req-d25c08e7-65c0-419a-b059-3562987e6fd8 req-cedfd210-dc69-43c1-a753-d8bffc5604a9 tempest-VolumesSnapshotsTestJSON-2140923734 tempest-VolumesSnapshotsTestJSON-2140923734-project] GET http://10.222.0.64/volume/v3/b1a5b1ed1c4f46c19d0020de346e213b/volumes/e7ba4c3a-3eff-4e3a-b3f2-7f70a146d309
Sep 02 13:10:01.287475 dv-cinder-606346-31-iscsi devstack@c-api.service[100903]: DEBUG cinder.api.openstack.wsgi [req-d25c08e7-65c0-419a-b059-3562987e6fd8 req-cedfd210-dc69-43c1-a753-d8bffc5604a9 tempest-VolumesSnapshotsTestJSON-2140923734 tempest-VolumesSnapshotsTestJSON-2140923734-project] Empty body provided in request {{(pid=100903) get_body /opt/stack/cinder/cinder/api/openstack/wsgi.py:703}}
Sep 02 13:10:01.287910 dv-cinder-606346-31-iscsi devstack@c-api.service[100903]: DEBUG cinder.api.openstack.wsgi [req-d25c08e7-65c0-419a-b059-3562987e6fd8 req-cedfd210-dc69-43c1-a753-d8bffc5604a9 tempest-VolumesSnapshotsTestJSON-2140923734 tempest-VolumesSnapshotsTestJSON-2140923734-project] Calling method 'show' {{(pid=100903) _process_stack /opt/stack/cinder/cinder/api/openstack/wsgi.py:856}}
Sep 02 13:10:01.343286 dv-cinder-606346-31-iscsi devstack@c-api.service[100903]: /usr/local/lib/python3.8/dist-packages/oslo_context/context.py:105: DeprecationWarning: Policy enforcement is depending on the value of is_admin. This key is deprecated. Please update your policy file to use the standard policy values.
Sep 02 13:10:01.343286 dv-cinder-606346-31-iscsi devstack@c-api.service[100903]: warnings.warn('Policy enforcement is depending on the value of '
Sep 02 13:10:01.373246 dv-cinder-606346-31-iscsi devstack@c-api.service[100903]: INFO cinder.volume.api [req-d25c08e7-65c0-419a-b059-3562987e6fd8 req-cedfd210-dc69-43c1-a753-d8bffc5604a9 tempest-VolumesSnapshotsTestJSON-2140923734 tempest-VolumesSnapshotsTestJSON-2140923734-project] Volume info retrieved successfully.
Sep 02 13:10:01.395048 dv-cinder-606346-31-iscsi devstack@c-api.service[100902]: WARNING cinder.quota [None req-b4e64706-9f89-4fc9-94ab-3d9621e800db tempest-VolumeQuotasNegativeTestJSON-351524190 tempest-VolumeQuotasNegativeTestJSON-351524190-project-admin] Deprecated: Default quota for resource: backups is set by the default quota flag: quota_backups, it is now deprecated. Please use the default quota class for default quota.
Sep 02 13:10:01.398085 dv-cinder-606346-31-iscsi devstack@c-api.service[100902]: WARNING cinder.quota [None req-b4e64706-9f89-4fc9-94ab-3d9621e800db tempest-VolumeQuotasNegativeTestJSON-351524190 tempest-VolumeQuotasNegativeTestJSON-351524190-project-admin] Deprecated: Default quota for resource: backup_gigabytes is set by the default quota flag: quota_backup_gigabytes, it is now deprecated. Please use the default quota class for default quota.
Sep 02 13:10:01.399113 dv-cinder-606346-31-iscsi devstack@c-api.service[100902]: WARNING cinder.quota [None req-b4e64706-9f89-4fc9-94ab-3d9621e800db tempest-VolumeQuotasNegativeTestJSON-351524190 tempest-VolumeQuotasNegativeTestJSON-351524190-project-admin] Deprecated: Default quota for resource: volumes_lvmdriver-1 is set by the default quota flag: quota_volumes_lvmdriver-1, it is now deprecated. Please use the default quota class for default quota.
Sep 02 13:10:01.404939 dv-cinder-606346-31-iscsi devstack@c-api.service[100902]: WARNING cinder.quota [None req-b4e64706-9f89-4fc9-94ab-3d9621e800db tempest-VolumeQuotasNegativeTestJSON-351524190 tempest-VolumeQuotasNegativeTestJSON-351524190-project-admin] Deprecated: Default quota for resource: gigabytes_lvmdriver-1 is set by the default quota flag: quota_gigabytes_lvmdriver-1, it is now deprecated. Please use the default quota class for default quota.
Sep 02 13:10:01.406201 dv-cinder-606346-31-iscsi devstack@c-api.service[100902]: WARNING cinder.quota [None req-b4e64706-9f89-4fc9-94ab-3d9621e800db tempest-VolumeQuotasNegativeTestJSON-351524190 tempest-VolumeQuotasNegativeTestJSON-351524190-project-admin] Deprecated: Default quota for resource: snapshots_lvmdriver-1 is set by the default quota flag: quota_snapshots_lvmdriver-1, it is now deprecated. Please use the default quota class for default quota.
Sep 02 13:10:01.408008 dv-cinder-606346-31-iscsi devstack@c-api.service[100902]: WARNING cinder.quota [None req-b4e64706-9f89-4fc9-94ab-3d9621e800db tempest-VolumeQuotasNegativeTestJSON-351524190 tempest-VolumeQuotasNegativeTestJSON-351524190-project-admin] Deprecated: Default quota for resource: snapshots___DEFAULT__ is set by the default quota flag: quota_snapshots___DEFAULT__, it is now deprecated. Please use the default quota class for default quota.
Sep 02 13:10:01.422819 dv-cinder-606346-31-iscsi devstack@c-api.service[100903]: INFO cinder.api.openstack.wsgi [req-d25c08e7-65c0-419a-b059-3562987e6fd8 req-cedfd210-dc69-43c1-a753-d8bffc5604a9 tempest-VolumesSnapshotsTestJSON-2140923734 tempest-VolumesSnapshotsTestJSON-2140923734-project] http://10.222.0.64/volume/v3/b1a5b1ed1c4f46c19d0020de346e213b/volumes/e7ba4c3a-3eff-4e3a-b3f2-7f70a146d309 returned with HTTP 200
Sep 02 13:10:01.437601 dv-cinder-606346-31-iscsi devstack@c-api.service[100902]: INFO cinder.api.openstack.wsgi [None req-b4e64706-9f89-4fc9-94ab-3d9621e800db tempest-VolumeQuotasNegativeTestJSON-351524190 tempest-VolumeQuotasNegativeTestJSON-351524190-project-admin] http://10.222.0.64/volume/v3/9f1cdeef2da84fedb111a261b7ffeaa7/os-quota-sets/35d88ec3caf2496eb115546005eb5174 returned with HTTP 200
Sep 02 13:10:01.437601 dv-cinder-606346-31-iscsi devstack@c-api.service[100902]: [pid: 100902|app: 0|req: 12/23] 10.222.0.64 () {60 vars in 1351 bytes} [Thu Sep 2 13:10:01 2021] PUT /volume/v3/9f1cdeef2da84fedb111a261b7ffeaa7/os-quota-sets/35d88ec3caf2496eb115546005eb5174 => generated 316 bytes in 200 msecs (HTTP/1.1 200) 7 headers in 285 bytes (1 switches on core 0)
Sep 02 13:10:01.442042 dv-cinder-606346-31-iscsi devstack@c-api.service[100902]: INFO cinder.api.openstack.wsgi [None req-4166b9fe-cb58-44ce-9d33-0bd0be844e20 tempest-BackendsCapabilitiesAdminTestsJSON-1940449384 tempest-BackendsCapabilitiesAdminTestsJSON-1940449384-project-admin] GET http://10.222.0.64/volume/v3/ad410ac2486a449f9a7144298fe3eb6d/capabilities/hv-cinder-60634@wincnd
Sep 02 13:10:01.442638 dv-cinder-606346-31-iscsi devstack@c-api.service[100902]: DEBUG cinder.api.openstack.wsgi [None req-4166b9fe-cb58-44ce-9d33-0bd0be844e20 tempest-BackendsCapabilitiesAdminTestsJSON-1940449384 tempest-BackendsCapabilitiesAdminTestsJSON-1940449384-project-admin] Empty body provided in request {{(pid=100902) get_body /opt/stack/cinder/cinder/api/openstack/wsgi.py:703}}
Sep 02 13:10:01.443064 dv-cinder-606346-31-iscsi devstack@c-api.service[100902]: DEBUG cinder.api.openstack.wsgi [None req-4166b9fe-cb58-44ce-9d33-0bd0be844e20 tempest-BackendsCapabilitiesAdminTestsJSON-1940449384 tempest-BackendsCapabilitiesAdminTestsJSON-1940449384-project-admin] Calling method 'show' {{(pid=100902) _process_stack /opt/stack/cinder/cinder/api/openstack/wsgi.py:856}}
Sep 02 13:10:01.459648 dv-cinder-606346-31-iscsi devstack@c-api.service[100903]: [pid: 100903|app: 0|req: 12/24] 10.222.0.64 () {60 vars in 1579 bytes} [Thu Sep 2 13:10:01 2021] GET /volume/v3/b1a5b1ed1c4f46c19d0020de346e213b/volumes/e7ba4c3a-3eff-4e3a-b3f2-7f70a146d309 => generated 890 bytes in 191 msecs (HTTP/1.1 200) 7 headers in 285 bytes (1 switches on core 0)
Sep 02 13:10:01.467258 dv-cinder-606346-31-iscsi devstack@c-api.service[100903]: INFO cinder.api.openstack.wsgi [None req-3970a2fa-debf-494e-b806-ac03a5b9ecdf tempest-VolumeQuotasNegativeTestJSON-376884176 tempest-VolumeQuotasNegativeTestJSON-376884176-project] POST http://10.222.0.64/volume/v3/35d88ec3caf2496eb115546005eb5174/volumes
Sep 02 13:10:01.468032 dv-cinder-606346-31-iscsi devstack@c-api.service[100903]: /usr/local/lib/python3.8/dist-packages/webob/acceptparse.py:1047: DeprecationWarning: The behavior of AcceptValidHeader.best_match is currently being maintained for backward compatibility, but it will be deprecated in the future, as it does not conform to the RFC.
Sep 02 13:10:01.468032 dv-cinder-606346-31-iscsi devstack@c-api.service[100903]: warnings.warn(
Sep 02 13:10:01.468032 dv-cinder-606346-31-iscsi devstack@c-api.service[100903]: DEBUG cinder.api.openstack.wsgi [None req-3970a2fa-debf-494e-b806-ac03a5b9ecdf tempest-VolumeQuotasNegativeTestJSON-376884176 tempest-VolumeQuotasNegativeTestJSON-376884176-project] Action: 'create', calling method: create, body: {"volume": {"size": 1}} {{(pid=100903) _process_stack /opt/stack/cinder/cinder/api/openstack/wsgi.py:854}}
Sep 02 13:10:01.481912 dv-cinder-606346-31-iscsi devstack@c-api.service[100903]: DEBUG cinder.api.v3.volumes [None req-3970a2fa-debf-494e-b806-ac03a5b9ecdf tempest-VolumeQuotasNegativeTestJSON-376884176 tempest-VolumeQuotasNegativeTestJSON-376884176-project] Create volume request body: {'volume': {'size': 1}} {{(pid=100903) create /opt/stack/cinder/cinder/api/v3/volumes.py:298}}
Sep 02 13:10:01.482306 dv-cinder-606346-31-iscsi devstack@c-api.service[100903]: INFO cinder.api.v3.volumes [None req-3970a2fa-debf-494e-b806-ac03a5b9ecdf tempest-VolumeQuotasNegativeTestJSON-376884176 tempest-VolumeQuotasNegativeTestJSON-376884176-project] Create volume of 1 GB
Sep 02 13:10:01.507237 dv-cinder-606346-31-iscsi devstack@c-api.service[100903]: INFO cinder.volume.api [None req-3970a2fa-debf-494e-b806-ac03a5b9ecdf tempest-VolumeQuotasNegativeTestJSON-376884176 tempest-VolumeQuotasNegativeTestJSON-376884176-project] Availability Zones retrieved successfully.
Sep 02 13:10:01.545420 dv-cinder-606346-31-iscsi devstack@c-api.service[100902]: INFO cinder.api.openstack.wsgi [None req-4166b9fe-cb58-44ce-9d33-0bd0be844e20 tempest-BackendsCapabilitiesAdminTestsJSON-1940449384 tempest-BackendsCapabilitiesAdminTestsJSON-1940449384-project-admin] http://10.222.0.64/volume/v3/ad410ac2486a449f9a7144298fe3eb6d/capabilities/hv-cinder-60634@wincnd returned with HTTP 200
Sep 02 13:10:01.546968 dv-cinder-606346-31-iscsi devstack@c-api.service[100902]: [pid: 100902|app: 0|req: 13/25] 10.222.0.64 () {58 vars in 1298 bytes} [Thu Sep 2 13:10:01 2021] GET /volume/v3/ad410ac2486a449f9a7144298fe3eb6d/capabilities/hv-cinder-60634@wincnd => generated 715 bytes in 114 msecs (HTTP/1.1 200) 7 headers in 285 bytes (1 switches on core 0)
Sep 02 13:10:01.551889 dv-cinder-606346-31-iscsi devstack@c-api.service[100902]: INFO cinder.api.openstack.wsgi [req-9ecf0172-71fc-474c-87ba-952e70a9dc37 req-3263093c-a18c-4a05-bea0-732ff4601253 tempest-VolumesSnapshotsTestJSON-2140923734 tempest-VolumesSnapshotsTestJSON-2140923734-project] GET http://10.222.0.64/volume/v3/b1a5b1ed1c4f46c19d0020de346e213b/volumes/e7ba4c3a-3eff-4e3a-b3f2-7f70a146d309
Sep 02 13:10:01.552679 dv-cinder-606346-31-iscsi devstack@c-api.service[100902]: DEBUG cinder.api.openstack.wsgi [req-9ecf0172-71fc-474c-87ba-952e70a9dc37 req-3263093c-a18c-4a05-bea0-732ff4601253 tempest-VolumesSnapshotsTestJSON-2140923734 tempest-VolumesSnapshotsTestJSON-2140923734-project] Empty body provided in request {{(pid=100902) get_body /opt/stack/cinder/cinder/api/openstack/wsgi.py:703}}
Sep 02 13:10:01.553258 dv-cinder-606346-31-iscsi devstack@c-api.service[100902]: DEBUG cinder.api.openstack.wsgi [req-9ecf0172-71fc-474c-87ba-952e70a9dc37 req-3263093c-a18c-4a05-bea0-732ff4601253 tempest-VolumesSnapshotsTestJSON-2140923734 tempest-VolumesSnapshotsTestJSON-2140923734-project] Calling method 'show' {{(pid=100902) _process_stack /opt/stack/cinder/cinder/api/openstack/wsgi.py:856}}
Sep 02 13:10:01.566219 dv-cinder-606346-31-iscsi devstack@c-api.service[100903]: DEBUG cinder.volume.api [None req-3970a2fa-debf-494e-b806-ac03a5b9ecdf tempest-VolumeQuotasNegativeTestJSON-376884176 tempest-VolumeQuotasNegativeTestJSON-376884176-project] Flow 'volume_create_api' (f16b51b2-04a4-403a-94de-7d38f8cd777d) transitioned into state 'RUNNING' from state 'PENDING' {{(pid=100903) _flow_receiver /usr/local/lib/python3.8/dist-packages/taskflow/listeners/logging.py:141}}
Sep 02 13:10:01.574891 dv-cinder-606346-31-iscsi devstack@c-api.service[100903]: DEBUG cinder.volume.api [None req-3970a2fa-debf-494e-b806-ac03a5b9ecdf tempest-VolumeQuotasNegativeTestJSON-376884176 tempest-VolumeQuotasNegativeTestJSON-376884176-project] Task 'cinder.volume.flows.api.create_volume.ExtractVolumeRequestTask;volume:create' (b68fa916-844c-4f35-9107-cc6fcca93fa9) transitioned into state 'RUNNING' from state 'PENDING' {{(pid=100903) _task_receiver /usr/local/lib/python3.8/dist-packages/taskflow/listeners/logging.py:190}}
Sep 02 13:10:01.580506 dv-cinder-606346-31-iscsi devstack@c-api.service[100903]: DEBUG cinder.volume.flows.api.create_volume [None req-3970a2fa-debf-494e-b806-ac03a5b9ecdf tempest-VolumeQuotasNegativeTestJSON-376884176 tempest-VolumeQuotasNegativeTestJSON-376884176-project] Validating volume size '1' using validate_int {{(pid=100903) _extract_size /opt/stack/cinder/cinder/volume/flows/api/create_volume.py:225}}
Sep 02 13:10:01.582500 dv-cinder-606346-31-iscsi devstack@c-api.service[100902]: /usr/local/lib/python3.8/dist-packages/oslo_context/context.py:105: DeprecationWarning: Policy enforcement is depending on the value of is_admin. This key is deprecated. Please update your policy file to use the standard policy values.
Sep 02 13:10:01.582500 dv-cinder-606346-31-iscsi devstack@c-api.service[100902]: warnings.warn('Policy enforcement is depending on the value of '
Sep 02 13:10:01.604943 dv-cinder-606346-31-iscsi devstack@c-api.service[100902]: INFO cinder.volume.api [req-9ecf0172-71fc-474c-87ba-952e70a9dc37 req-3263093c-a18c-4a05-bea0-732ff4601253 tempest-VolumesSnapshotsTestJSON-2140923734 tempest-VolumesSnapshotsTestJSON-2140923734-project] Volume info retrieved successfully.
Sep 02 13:10:01.643600 dv-cinder-606346-31-iscsi devstack@c-api.service[100902]: INFO cinder.api.openstack.wsgi [req-9ecf0172-71fc-474c-87ba-952e70a9dc37 req-3263093c-a18c-4a05-bea0-732ff4601253 tempest-VolumesSnapshotsTestJSON-2140923734 tempest-VolumesSnapshotsTestJSON-2140923734-project] http://10.222.0.64/volume/v3/b1a5b1ed1c4f46c19d0020de346e213b/volumes/e7ba4c3a-3eff-4e3a-b3f2-7f70a146d309 returned with HTTP 200
Sep 02 13:10:01.645774 dv-cinder-606346-31-iscsi devstack@c-api.service[100902]: [pid: 100902|app: 0|req: 14/26] 10.222.0.64 () {60 vars in 1579 bytes} [Thu Sep 2 13:10:01 2021] GET /volume/v3/b1a5b1ed1c4f46c19d0020de346e213b/volumes/e7ba4c3a-3eff-4e3a-b3f2-7f70a146d309 => generated 914 bytes in 97 msecs (HTTP/1.1 200) 7 headers in 285 bytes (1 switches on core 0)
Sep 02 13:10:01.663125 dv-cinder-606346-31-iscsi devstack@c-api.service[100903]: DEBUG cinder.volume.api [None req-3970a2fa-debf-494e-b806-ac03a5b9ecdf tempest-VolumeQuotasNegativeTestJSON-376884176 tempest-VolumeQuotasNegativeTestJSON-376884176-project] Task 'cinder.volume.flows.api.create_volume.ExtractVolumeRequestTask;volume:create' (b68fa916-844c-4f35-9107-cc6fcca93fa9) transitioned into state 'SUCCESS' from state 'RUNNING' with result '{'size': 1, 'snapshot_id': None, 'source_volid': None, 'volume_type': VolumeType(created_at=2021-09-02T13:00:35Z,deleted=False,deleted_at=None,description='Default Volume Type',extra_specs={},id=c49ff000-a5aa-429a-b05b-9895df84aee9,is_public=True,name='__DEFAULT__',projects=[],qos_specs=,qos_specs_id=None,updated_at=2021-09-02T13:00:35Z), 'volume_type_id': 'c49ff000-a5aa-429a-b05b-9895df84aee9', 'encryption_key_id': None, 'qos_specs': None, 'consistencygroup_id': None, 'cgsnapshot_id': None, 'group_id': None, 'replication_status': 'disabled', 'refresh_az': False, 'backup_id': None, 'multiattach': False, 'availability_zones': ['nova']}' {{(pid=100903) _task_receiver /usr/local/lib/python3.8/dist-packages/taskflow/listeners/logging.py:178}}
