Sep 02 13:10:48.190631 dv-cinder-606346-31-iscsi devstack@c-api.service[100903]: [pid: 100903|app: 0|req: 169/335] 10.222.0.64 () {58 vars in 1325 bytes} [Thu Sep 2 13:10:48 2021] GET /volume/v3/9981b920cd80447a9cf7d687bcba1ae5/volumes/9fdb205f-962e-4877-905b-ac5b57840c90 => generated 916 bytes in 69 msecs (HTTP/1.1 200) 7 headers in 285 bytes (1 switches on core 0)
Sep 02 13:10:48.193426 dv-cinder-606346-31-iscsi devstack@c-api.service[100902]: INFO cinder.volume.api [None req-e6cc2915-630f-4ee1-bf25-7665c10eb7bc tempest-VolumesListAdminTestJSON-587749662 tempest-VolumesListAdminTestJSON-587749662-project] Availability Zones retrieved successfully.
Sep 02 13:10:48.210812 dv-cinder-606346-31-iscsi devstack@c-api.service[100902]: DEBUG cinder.volume.api [None req-e6cc2915-630f-4ee1-bf25-7665c10eb7bc tempest-VolumesListAdminTestJSON-587749662 tempest-VolumesListAdminTestJSON-587749662-project] Flow 'volume_create_api' (49ff8c1b-255c-41bd-918d-fa5f9dfc7af6) transitioned into state 'RUNNING' from state 'PENDING' {{(pid=100902) _flow_receiver /usr/local/lib/python3.8/dist-packages/taskflow/listeners/logging.py:141}}
Sep 02 13:10:48.213363 dv-cinder-606346-31-iscsi devstack@c-api.service[100902]: DEBUG cinder.volume.api [None req-e6cc2915-630f-4ee1-bf25-7665c10eb7bc tempest-VolumesListAdminTestJSON-587749662 tempest-VolumesListAdminTestJSON-587749662-project] Task 'cinder.volume.flows.api.create_volume.ExtractVolumeRequestTask;volume:create' (a643219e-bf10-4b4f-b242-c2bc815f5778) transitioned into state 'RUNNING' from state 'PENDING' {{(pid=100902) _task_receiver /usr/local/lib/python3.8/dist-packages/taskflow/listeners/logging.py:190}}
Sep 02 13:10:48.215330 dv-cinder-606346-31-iscsi devstack@c-api.service[100902]: DEBUG cinder.volume.flows.api.create_volume [None req-e6cc2915-630f-4ee1-bf25-7665c10eb7bc tempest-VolumesListAdminTestJSON-587749662 tempest-VolumesListAdminTestJSON-587749662-project] Validating volume size '1' using validate_int {{(pid=100902) _extract_size /opt/stack/cinder/cinder/volume/flows/api/create_volume.py:225}}
Sep 02 13:10:48.251804 dv-cinder-606346-31-iscsi devstack@c-api.service[100902]: DEBUG cinder.volume.api [None req-e6cc2915-630f-4ee1-bf25-7665c10eb7bc tempest-VolumesListAdminTestJSON-587749662 tempest-VolumesListAdminTestJSON-587749662-project] Task 'cinder.volume.flows.api.create_volume.ExtractVolumeRequestTask;volume:create' (a643219e-bf10-4b4f-b242-c2bc815f5778) transitioned into state 'SUCCESS' from state 'RUNNING' with result '{'size': 1, 'snapshot_id': None, 'source_volid': None, 'volume_type': VolumeType(created_at=2021-09-02T13:00:35Z,deleted=False,deleted_at=None,description='Default Volume Type',extra_specs={},id=c49ff000-a5aa-429a-b05b-9895df84aee9,is_public=True,name='__DEFAULT__',projects=[],qos_specs=,qos_specs_id=None,updated_at=2021-09-02T13:00:35Z), 'volume_type_id': 'c49ff000-a5aa-429a-b05b-9895df84aee9', 'encryption_key_id': None, 'qos_specs': None, 'consistencygroup_id': None, 'cgsnapshot_id': None, 'group_id': None, 'replication_status': 'disabled', 'refresh_az': False, 'backup_id': None, 'multiattach': False, 'availability_zones': ['nova']}' {{(pid=100902) _task_receiver /usr/local/lib/python3.8/dist-packages/taskflow/listeners/logging.py:178}}
Sep 02 13:10:48.254338 dv-cinder-606346-31-iscsi devstack@c-api.service[100902]: DEBUG cinder.volume.api [None req-e6cc2915-630f-4ee1-bf25-7665c10eb7bc tempest-VolumesListAdminTestJSON-587749662 tempest-VolumesListAdminTestJSON-587749662-project] Task 'cinder.volume.flows.api.create_volume.QuotaReserveTask;volume:create' (056d95a9-ed49-484d-a005-2ebb801c29f7) transitioned into state 'RUNNING' from state 'PENDING' {{(pid=100902) _task_receiver /usr/local/lib/python3.8/dist-packages/taskflow/listeners/logging.py:190}}
Sep 02 13:10:48.316054 dv-cinder-606346-31-iscsi devstack@c-api.service[100902]: DEBUG cinder.quota [None req-e6cc2915-630f-4ee1-bf25-7665c10eb7bc tempest-VolumesListAdminTestJSON-587749662 tempest-VolumesListAdminTestJSON-587749662-project] Created reservations ['fdb82363-6c28-4b69-a6d3-4554f87c5e80', '46609f71-65e6-44a1-b669-7693f5c57cba', 'ba7dc850-407b-4d13-bd40-e6873c2f91bf', '85ef7256-69d7-4525-8f63-970e3f944cd6'] {{(pid=100902) reserve /opt/stack/cinder/cinder/quota.py:755}}
Sep 02 13:10:48.319998 dv-cinder-606346-31-iscsi devstack@c-api.service[100902]: DEBUG cinder.volume.api [None req-e6cc2915-630f-4ee1-bf25-7665c10eb7bc tempest-VolumesListAdminTestJSON-587749662 tempest-VolumesListAdminTestJSON-587749662-project] Task 'cinder.volume.flows.api.create_volume.QuotaReserveTask;volume:create' (056d95a9-ed49-484d-a005-2ebb801c29f7) transitioned into state 'SUCCESS' from state 'RUNNING' with result '{'reservations': ['fdb82363-6c28-4b69-a6d3-4554f87c5e80', '46609f71-65e6-44a1-b669-7693f5c57cba', 'ba7dc850-407b-4d13-bd40-e6873c2f91bf', '85ef7256-69d7-4525-8f63-970e3f944cd6']}' {{(pid=100902) _task_receiver /usr/local/lib/python3.8/dist-packages/taskflow/listeners/logging.py:178}}
Sep 02 13:10:48.323289 dv-cinder-606346-31-iscsi devstack@c-api.service[100902]: DEBUG cinder.volume.api [None req-e6cc2915-630f-4ee1-bf25-7665c10eb7bc tempest-VolumesListAdminTestJSON-587749662 tempest-VolumesListAdminTestJSON-587749662-project] Task 'cinder.volume.flows.api.create_volume.EntryCreateTask;volume:create' (585cc098-e0bb-421e-9e35-2a8dc7da829d) transitioned into state 'RUNNING' from state 'PENDING' {{(pid=100902) _task_receiver /usr/local/lib/python3.8/dist-packages/taskflow/listeners/logging.py:190}}
Sep 02 13:10:48.370904 dv-cinder-606346-31-iscsi devstack@c-api.service[100902]: DEBUG cinder.volume.api [None req-e6cc2915-630f-4ee1-bf25-7665c10eb7bc tempest-VolumesListAdminTestJSON-587749662 tempest-VolumesListAdminTestJSON-587749662-project] Task 'cinder.volume.flows.api.create_volume.EntryCreateTask;volume:create' (585cc098-e0bb-421e-9e35-2a8dc7da829d) transitioned into state 'SUCCESS' from state 'RUNNING' with result '{'volume_id': 'e38c6e5d-b796-4cda-9e2d-70d523f4d5db', 'volume_properties': VolumeProperties(attach_status='detached',availability_zone='nova',cgsnapshot_id=None,consistencygroup_id=None,display_description=None,display_name='tempest-VolumesListAdminTestJSON-Volume-1664824573',encryption_key_id=None,group_id=None,group_type_id=,metadata={},multiattach=False,project_id='9981b920cd80447a9cf7d687bcba1ae5',qos_specs=None,replication_status=,reservations=['fdb82363-6c28-4b69-a6d3-4554f87c5e80','46609f71-65e6-44a1-b669-7693f5c57cba','ba7dc850-407b-4d13-bd40-e6873c2f91bf','85ef7256-69d7-4525-8f63-970e3f944cd6'],size=1,snapshot_id=None,source_replicaid=,source_volid=None,status='creating',user_id='57e9d5d671454bbe82fdd1c4a1a798ed',volume_type_id=c49ff000-a5aa-429a-b05b-9895df84aee9), 'volume': Volume(_name_id=None,admin_metadata=,attach_status='detached',availability_zone='nova',bootable=False,cluster=,cluster_name=None,consistencygroup=,consistencygroup_id=None,created_at=2021-09-02T13:10:48Z,deleted=False,deleted_at=None,display_description=None,display_name='tempest-VolumesListAdminTestJSON-Volume-1664824573',ec2_id=None,encryption_key_id=None,glance_metadata=,group=,group_id=None,host=None,id=e38c6e5d-b796-4cda-9e2d-70d523f4d5db,launched_at=None,metadata={},migration_status=None,multiattach=False,previous_status=None,project_id='9981b920cd80447a9cf7d687bcba1ae5',provider_auth=None,provider_geometry=None,provider_id=None,provider_location=None,replication_driver_data=None,replication_extended_status=None,replication_status=None,scheduled_at=None,service_uuid=None,shared_targets=True,size=1,snapshot_id=None,snapshots=,source_volid=None,status='creating',terminated_at=None,updated_at=None,use_quota=True,user_id='57e9d5d671454bbe82fdd1c4a1a798ed',volume_attachment=,volume_type=VolumeType(c49ff000-a5aa-429a-b05b-9895df84aee9),volume_type_id=c49ff000-a5aa-429a-b05b-9895df84aee9)}' {{(pid=100902) _task_receiver /usr/local/lib/python3.8/dist-packages/taskflow/listeners/logging.py:178}}
Sep 02 13:10:48.376093 dv-cinder-606346-31-iscsi devstack@c-api.service[100902]: DEBUG cinder.volume.api [None req-e6cc2915-630f-4ee1-bf25-7665c10eb7bc tempest-VolumesListAdminTestJSON-587749662 tempest-VolumesListAdminTestJSON-587749662-project] Task 'cinder.volume.flows.api.create_volume.QuotaCommitTask;volume:create' (b4ccbb5f-8423-4851-8db3-88b1138cb686) transitioned into state 'RUNNING' from state 'PENDING' {{(pid=100902) _task_receiver /usr/local/lib/python3.8/dist-packages/taskflow/listeners/logging.py:190}}
Sep 02 13:10:48.424124 dv-cinder-606346-31-iscsi devstack@c-api.service[100902]: DEBUG cinder.volume.api [None req-e6cc2915-630f-4ee1-bf25-7665c10eb7bc tempest-VolumesListAdminTestJSON-587749662 tempest-VolumesListAdminTestJSON-587749662-project] Task 'cinder.volume.flows.api.create_volume.QuotaCommitTask;volume:create' (b4ccbb5f-8423-4851-8db3-88b1138cb686) transitioned into state 'SUCCESS' from state 'RUNNING' with result '{'volume_properties': VolumeProperties(attach_status='detached',availability_zone='nova',cgsnapshot_id=None,consistencygroup_id=None,display_description=None,display_name='tempest-VolumesListAdminTestJSON-Volume-1664824573',encryption_key_id=None,group_id=None,group_type_id=,metadata={},multiattach=False,project_id='9981b920cd80447a9cf7d687bcba1ae5',qos_specs=None,replication_status=,reservations=['fdb82363-6c28-4b69-a6d3-4554f87c5e80','46609f71-65e6-44a1-b669-7693f5c57cba','ba7dc850-407b-4d13-bd40-e6873c2f91bf','85ef7256-69d7-4525-8f63-970e3f944cd6'],size=1,snapshot_id=None,source_replicaid=,source_volid=None,status='creating',user_id='57e9d5d671454bbe82fdd1c4a1a798ed',volume_type_id=c49ff000-a5aa-429a-b05b-9895df84aee9)}' {{(pid=100902) _task_receiver /usr/local/lib/python3.8/dist-packages/taskflow/listeners/logging.py:178}}
Sep 02 13:10:48.428358 dv-cinder-606346-31-iscsi devstack@c-api.service[100902]: DEBUG cinder.volume.api [None req-e6cc2915-630f-4ee1-bf25-7665c10eb7bc tempest-VolumesListAdminTestJSON-587749662 tempest-VolumesListAdminTestJSON-587749662-project] Task 'cinder.volume.flows.api.create_volume.VolumeCastTask;volume:create' (a25ce10b-d68b-460e-b716-d62a6459e523) transitioned into state 'RUNNING' from state 'PENDING' {{(pid=100902) _task_receiver /usr/local/lib/python3.8/dist-packages/taskflow/listeners/logging.py:190}}
Sep 02 13:10:48.465666 dv-cinder-606346-31-iscsi devstack@c-api.service[100902]: DEBUG cinder.volume.api [None req-e6cc2915-630f-4ee1-bf25-7665c10eb7bc tempest-VolumesListAdminTestJSON-587749662 tempest-VolumesListAdminTestJSON-587749662-project] Task 'cinder.volume.flows.api.create_volume.VolumeCastTask;volume:create' (a25ce10b-d68b-460e-b716-d62a6459e523) transitioned into state 'SUCCESS' from state 'RUNNING' with result 'None' {{(pid=100902) _task_receiver /usr/local/lib/python3.8/dist-packages/taskflow/listeners/logging.py:178}}
Sep 02 13:10:48.472933 dv-cinder-606346-31-iscsi devstack@c-api.service[100902]: DEBUG cinder.volume.api [None req-e6cc2915-630f-4ee1-bf25-7665c10eb7bc tempest-VolumesListAdminTestJSON-587749662 tempest-VolumesListAdminTestJSON-587749662-project] Flow 'volume_create_api' (49ff8c1b-255c-41bd-918d-fa5f9dfc7af6) transitioned into state 'SUCCESS' from state 'RUNNING' {{(pid=100902) _flow_receiver /usr/local/lib/python3.8/dist-packages/taskflow/listeners/logging.py:141}}
Sep 02 13:10:48.475111 dv-cinder-606346-31-iscsi devstack@c-api.service[100902]: INFO cinder.volume.api [None req-e6cc2915-630f-4ee1-bf25-7665c10eb7bc tempest-VolumesListAdminTestJSON-587749662 tempest-VolumesListAdminTestJSON-587749662-project] Create volume request issued successfully.
Sep 02 13:10:48.493999 dv-cinder-606346-31-iscsi devstack@c-api.service[100902]: INFO cinder.api.openstack.wsgi [None req-e6cc2915-630f-4ee1-bf25-7665c10eb7bc tempest-VolumesListAdminTestJSON-587749662 tempest-VolumesListAdminTestJSON-587749662-project] http://10.222.0.64/volume/v3/9981b920cd80447a9cf7d687bcba1ae5/volumes returned with HTTP 202
Sep 02 13:10:48.499200 dv-cinder-606346-31-iscsi devstack@c-api.service[100902]: [pid: 100902|app: 0|req: 167/336] 10.222.0.64 () {60 vars in 1235 bytes} [Thu Sep 2 13:10:48 2021] POST /volume/v3/9981b920cd80447a9cf7d687bcba1ae5/volumes => generated 824 bytes in 320 msecs (HTTP/1.1 202) 7 headers in 291 bytes (1 switches on core 0)
Sep 02 13:10:48.513559 dv-cinder-606346-31-iscsi devstack@c-api.service[100902]: INFO cinder.api.openstack.wsgi [None req-4e3fee95-8634-44a9-9df9-11802cba39d0 tempest-VolumesListAdminTestJSON-587749662 tempest-VolumesListAdminTestJSON-587749662-project] GET http://10.222.0.64/volume/v3/9981b920cd80447a9cf7d687bcba1ae5/volumes/e38c6e5d-b796-4cda-9e2d-70d523f4d5db
Sep 02 13:10:48.514042 dv-cinder-606346-31-iscsi devstack@c-api.service[100902]: DEBUG cinder.api.openstack.wsgi [None req-4e3fee95-8634-44a9-9df9-11802cba39d0 tempest-VolumesListAdminTestJSON-587749662 tempest-VolumesListAdminTestJSON-587749662-project] Empty body provided in request {{(pid=100902) get_body /opt/stack/cinder/cinder/api/openstack/wsgi.py:703}}
Sep 02 13:10:48.514219 dv-cinder-606346-31-iscsi devstack@c-api.service[100902]: /usr/local/lib/python3.8/dist-packages/webob/acceptparse.py:1047: DeprecationWarning: The behavior of AcceptValidHeader.best_match is currently being maintained for backward compatibility, but it will be deprecated in the future, as it does not conform to the RFC.
Sep 02 13:10:48.514219 dv-cinder-606346-31-iscsi devstack@c-api.service[100902]: warnings.warn(
Sep 02 13:10:48.514538 dv-cinder-606346-31-iscsi devstack@c-api.service[100902]: DEBUG cinder.api.openstack.wsgi [None req-4e3fee95-8634-44a9-9df9-11802cba39d0 tempest-VolumesListAdminTestJSON-587749662 tempest-VolumesListAdminTestJSON-587749662-project] Calling method 'show' {{(pid=100902) _process_stack /opt/stack/cinder/cinder/api/openstack/wsgi.py:856}}
Sep 02 13:10:48.535400 dv-cinder-606346-31-iscsi devstack@c-api.service[100902]: /usr/local/lib/python3.8/dist-packages/oslo_context/context.py:105: DeprecationWarning: Policy enforcement is depending on the value of is_admin. This key is deprecated. Please update your policy file to use the standard policy values.
Sep 02 13:10:48.535400 dv-cinder-606346-31-iscsi devstack@c-api.service[100902]: warnings.warn('Policy enforcement is depending on the value of '
Sep 02 13:10:48.547906 dv-cinder-606346-31-iscsi devstack@c-api.service[100902]: INFO cinder.volume.api [None req-4e3fee95-8634-44a9-9df9-11802cba39d0 tempest-VolumesListAdminTestJSON-587749662 tempest-VolumesListAdminTestJSON-587749662-project] Volume info retrieved successfully.
Sep 02 13:10:48.566023 dv-cinder-606346-31-iscsi devstack@c-api.service[100902]: INFO cinder.api.openstack.wsgi [None req-4e3fee95-8634-44a9-9df9-11802cba39d0 tempest-VolumesListAdminTestJSON-587749662 tempest-VolumesListAdminTestJSON-587749662-project] http://10.222.0.64/volume/v3/9981b920cd80447a9cf7d687bcba1ae5/volumes/e38c6e5d-b796-4cda-9e2d-70d523f4d5db returned with HTTP 200
Sep 02 13:10:48.567401 dv-cinder-606346-31-iscsi devstack@c-api.service[100902]: [pid: 100902|app: 0|req: 168/337] 10.222.0.64 () {58 vars in 1325 bytes} [Thu Sep 2 13:10:48 2021] GET /volume/v3/9981b920cd80447a9cf7d687bcba1ae5/volumes/e38c6e5d-b796-4cda-9e2d-70d523f4d5db => generated 892 bytes in 58 msecs (HTTP/1.1 200) 7 headers in 285 bytes (2 switches on core 0)
Sep 02 13:10:48.608828 dv-cinder-606346-31-iscsi devstack@c-api.service[100903]: INFO cinder.api.openstack.wsgi [None req-c2bb2fd2-729b-46a0-9cb9-4e2b6aff403d tempest-VolumesSnapshotListTestJSON-599709807 tempest-VolumesSnapshotListTestJSON-599709807-project] POST http://10.222.0.64/volume/v3/a6b98ae56d8f495ea71ae89cb05e7dfa/volumes
Sep 02 13:10:48.609216 dv-cinder-606346-31-iscsi devstack@c-api.service[100903]: /usr/local/lib/python3.8/dist-packages/webob/acceptparse.py:1047: DeprecationWarning: The behavior of AcceptValidHeader.best_match is currently being maintained for backward compatibility, but it will be deprecated in the future, as it does not conform to the RFC.
Sep 02 13:10:48.609216 dv-cinder-606346-31-iscsi devstack@c-api.service[100903]: warnings.warn(
Sep 02 13:10:48.609575 dv-cinder-606346-31-iscsi devstack@c-api.service[100903]: DEBUG cinder.api.openstack.wsgi [None req-c2bb2fd2-729b-46a0-9cb9-4e2b6aff403d tempest-VolumesSnapshotListTestJSON-599709807 tempest-VolumesSnapshotListTestJSON-599709807-project] Action: 'create', calling method: create, body: {"volume": {"size": 1, "name": "tempest-VolumesSnapshotListTestJSON-Volume-1598653399"}} {{(pid=100903) _process_stack /opt/stack/cinder/cinder/api/openstack/wsgi.py:854}}
Sep 02 13:10:48.610549 dv-cinder-606346-31-iscsi devstack@c-api.service[100903]: DEBUG cinder.api.v3.volumes [None req-c2bb2fd2-729b-46a0-9cb9-4e2b6aff403d tempest-VolumesSnapshotListTestJSON-599709807 tempest-VolumesSnapshotListTestJSON-599709807-project] Create volume request body: {'volume': {'size': 1, 'name': 'tempest-VolumesSnapshotListTestJSON-Volume-1598653399'}} {{(pid=100903) create /opt/stack/cinder/cinder/api/v3/volumes.py:298}}
Sep 02 13:10:48.610863 dv-cinder-606346-31-iscsi devstack@c-api.service[100903]: INFO cinder.api.v3.volumes [None req-c2bb2fd2-729b-46a0-9cb9-4e2b6aff403d tempest-VolumesSnapshotListTestJSON-599709807 tempest-VolumesSnapshotListTestJSON-599709807-project] Create volume of 1 GB
Sep 02 13:10:48.620453 dv-cinder-606346-31-iscsi devstack@c-api.service[100903]: INFO cinder.volume.api [None req-c2bb2fd2-729b-46a0-9cb9-4e2b6aff403d tempest-VolumesSnapshotListTestJSON-599709807 tempest-VolumesSnapshotListTestJSON-599709807-project] Availability Zones retrieved successfully.
Sep 02 13:10:48.637024 dv-cinder-606346-31-iscsi devstack@c-api.service[100903]: DEBUG cinder.volume.api [None req-c2bb2fd2-729b-46a0-9cb9-4e2b6aff403d tempest-VolumesSnapshotListTestJSON-599709807 tempest-VolumesSnapshotListTestJSON-599709807-project] Flow 'volume_create_api' (ed3b573d-9470-499f-a5e8-0378872b3957) transitioned into state 'RUNNING' from state 'PENDING' {{(pid=100903) _flow_receiver /usr/local/lib/python3.8/dist-packages/taskflow/listeners/logging.py:141}}
Sep 02 13:10:48.640141 dv-cinder-606346-31-iscsi devstack@c-api.service[100903]: DEBUG cinder.volume.api [None req-c2bb2fd2-729b-46a0-9cb9-4e2b6aff403d tempest-VolumesSnapshotListTestJSON-599709807 tempest-VolumesSnapshotListTestJSON-599709807-project] Task 'cinder.volume.flows.api.create_volume.ExtractVolumeRequestTask;volume:create' (aef7602c-7387-49ef-b0ce-a4bc66681784) transitioned into state 'RUNNING' from state 'PENDING' {{(pid=100903) _task_receiver /usr/local/lib/python3.8/dist-packages/taskflow/listeners/logging.py:190}}
Sep 02 13:10:48.643635 dv-cinder-606346-31-iscsi devstack@c-api.service[100903]: DEBUG cinder.volume.flows.api.create_volume [None req-c2bb2fd2-729b-46a0-9cb9-4e2b6aff403d tempest-VolumesSnapshotListTestJSON-599709807 tempest-VolumesSnapshotListTestJSON-599709807-project] Validating volume size '1' using validate_int {{(pid=100903) _extract_size /opt/stack/cinder/cinder/volume/flows/api/create_volume.py:225}}
Sep 02 13:10:48.686359 dv-cinder-606346-31-iscsi devstack@c-api.service[100903]: DEBUG cinder.volume.api [None req-c2bb2fd2-729b-46a0-9cb9-4e2b6aff403d tempest-VolumesSnapshotListTestJSON-599709807 tempest-VolumesSnapshotListTestJSON-599709807-project] Task 'cinder.volume.flows.api.create_volume.ExtractVolumeRequestTask;volume:create' (aef7602c-7387-49ef-b0ce-a4bc66681784) transitioned into state 'SUCCESS' from state 'RUNNING' with result '{'size': 1, 'snapshot_id': None, 'source_volid': None, 'volume_type': VolumeType(created_at=2021-09-02T13:00:35Z,deleted=False,deleted_at=None,description='Default Volume Type',extra_specs={},id=c49ff000-a5aa-429a-b05b-9895df84aee9,is_public=True,name='__DEFAULT__',projects=[],qos_specs=,qos_specs_id=None,updated_at=2021-09-02T13:00:35Z), 'volume_type_id': 'c49ff000-a5aa-429a-b05b-9895df84aee9', 'encryption_key_id': None, 'qos_specs': None, 'consistencygroup_id': None, 'cgsnapshot_id': None, 'group_id': None, 'replication_status': 'disabled', 'refresh_az': False, 'backup_id': None, 'multiattach': False, 'availability_zones': ['nova']}' {{(pid=100903) _task_receiver /usr/local/lib/python3.8/dist-packages/taskflow/listeners/logging.py:178}}
Sep 02 13:10:48.689485 dv-cinder-606346-31-iscsi devstack@c-api.service[100903]: DEBUG cinder.volume.api [None req-c2bb2fd2-729b-46a0-9cb9-4e2b6aff403d tempest-VolumesSnapshotListTestJSON-599709807 tempest-VolumesSnapshotListTestJSON-599709807-project] Task 'cinder.volume.flows.api.create_volume.QuotaReserveTask;volume:create' (39a4acc5-7cde-4d16-a956-10856215da6b) transitioned into state 'RUNNING' from state 'PENDING' {{(pid=100903) _task_receiver /usr/local/lib/python3.8/dist-packages/taskflow/listeners/logging.py:190}}
Sep 02 13:10:48.808081 dv-cinder-606346-31-iscsi devstack@c-api.service[100903]: DEBUG cinder.quota [None req-c2bb2fd2-729b-46a0-9cb9-4e2b6aff403d tempest-VolumesSnapshotListTestJSON-599709807 tempest-VolumesSnapshotListTestJSON-599709807-project] Created reservations ['0c4a2078-fbec-406d-b64d-59b2c10d7b50', '296f8184-669a-45e2-b918-93d02b1f2044', 'b1e9163e-8e50-4c84-adc0-4288f41b2d6c', 'acad6afa-21f9-42a7-86be-f50dbe214962'] {{(pid=100903) reserve /opt/stack/cinder/cinder/quota.py:755}}
Sep 02 13:10:48.811318 dv-cinder-606346-31-iscsi devstack@c-api.service[100903]: DEBUG cinder.volume.api [None req-c2bb2fd2-729b-46a0-9cb9-4e2b6aff403d tempest-VolumesSnapshotListTestJSON-599709807 tempest-VolumesSnapshotListTestJSON-599709807-project] Task 'cinder.volume.flows.api.create_volume.QuotaReserveTask;volume:create' (39a4acc5-7cde-4d16-a956-10856215da6b) transitioned into state 'SUCCESS' from state 'RUNNING' with result '{'reservations': ['0c4a2078-fbec-406d-b64d-59b2c10d7b50', '296f8184-669a-45e2-b918-93d02b1f2044', 'b1e9163e-8e50-4c84-adc0-4288f41b2d6c', 'acad6afa-21f9-42a7-86be-f50dbe214962']}' {{(pid=100903) _task_receiver /usr/local/lib/python3.8/dist-packages/taskflow/listeners/logging.py:178}}
Sep 02 13:10:48.816232 dv-cinder-606346-31-iscsi devstack@c-api.service[100903]: DEBUG cinder.volume.api [None req-c2bb2fd2-729b-46a0-9cb9-4e2b6aff403d tempest-VolumesSnapshotListTestJSON-599709807 tempest-VolumesSnapshotListTestJSON-599709807-project] Task 'cinder.volume.flows.api.create_volume.EntryCreateTask;volume:create' (3549ea91-df58-4e72-aec9-fad4a3d17ce7) transitioned into state 'RUNNING' from state 'PENDING' {{(pid=100903) _task_receiver /usr/local/lib/python3.8/dist-packages/taskflow/listeners/logging.py:190}}
Sep 02 13:10:48.847487 dv-cinder-606346-31-iscsi devstack@c-api.service[100902]: INFO cinder.api.openstack.wsgi [None req-ea3bb652-9dbe-41b9-a4eb-63148564c256 tempest-GroupSnapshotsTest-2078346893 tempest-GroupSnapshotsTest-2078346893-project] GET http://10.222.0.64/volume/v3/eddb656c02ae47aeb181a92dfaf232c9/groups/387c4631-1cf8-4ae8-8c5f-df55d9731392
Sep 02 13:10:48.849124 dv-cinder-606346-31-iscsi devstack@c-api.service[100902]: DEBUG cinder.api.openstack.wsgi [None req-ea3bb652-9dbe-41b9-a4eb-63148564c256 tempest-GroupSnapshotsTest-2078346893 tempest-GroupSnapshotsTest-2078346893-project] Empty body provided in request {{(pid=100902) get_body /opt/stack/cinder/cinder/api/openstack/wsgi.py:703}}
Sep 02 13:10:48.849280 dv-cinder-606346-31-iscsi devstack@c-api.service[100902]: /usr/local/lib/python3.8/dist-packages/webob/acceptparse.py:1047: DeprecationWarning: The behavior of AcceptValidHeader.best_match is currently being maintained for backward compatibility, but it will be deprecated in the future, as it does not conform to the RFC.
Sep 02 13:10:48.849280 dv-cinder-606346-31-iscsi devstack@c-api.service[100902]: warnings.warn(
Sep 02 13:10:48.849630 dv-cinder-606346-31-iscsi devstack@c-api.service[100902]: DEBUG cinder.api.openstack.wsgi [None req-ea3bb652-9dbe-41b9-a4eb-63148564c256 tempest-GroupSnapshotsTest-2078346893 tempest-GroupSnapshotsTest-2078346893-project] Calling method 'version_select' {{(pid=100902) _process_stack /opt/stack/cinder/cinder/api/openstack/wsgi.py:856}}
Sep 02 13:10:48.850071 dv-cinder-606346-31-iscsi devstack@c-api.service[100902]: DEBUG cinder.api.v3.groups [None req-ea3bb652-9dbe-41b9-a4eb-63148564c256 tempest-GroupSnapshotsTest-2078346893 tempest-GroupSnapshotsTest-2078346893-project] show called for member 387c4631-1cf8-4ae8-8c5f-df55d9731392 {{(pid=100902) show /opt/stack/cinder/cinder/api/v3/groups.py:58}}
Sep 02 13:10:48.857574 dv-cinder-606346-31-iscsi devstack@c-api.service[100902]: /usr/local/lib/python3.8/dist-packages/oslo_context/context.py:105: DeprecationWarning: Policy enforcement is depending on the value of is_admin. This key is deprecated. Please update your policy file to use the standard policy values.
Sep 02 13:10:48.857574 dv-cinder-606346-31-iscsi devstack@c-api.service[100902]: warnings.warn('Policy enforcement is depending on the value of '
Sep 02 13:10:48.859363 dv-cinder-606346-31-iscsi devstack@c-api.service[100903]: DEBUG cinder.volume.api [None req-c2bb2fd2-729b-46a0-9cb9-4e2b6aff403d tempest-VolumesSnapshotListTestJSON-599709807 tempest-VolumesSnapshotListTestJSON-599709807-project] Task 'cinder.volume.flows.api.create_volume.EntryCreateTask;volume:create' (3549ea91-df58-4e72-aec9-fad4a3d17ce7) transitioned into state 'SUCCESS' from state 'RUNNING' with result '{'volume_id': '97f0bebb-c855-481e-8d65-a5c9b6aa4fe7', 'volume_properties': VolumeProperties(attach_status='detached',availability_zone='nova',cgsnapshot_id=None,consistencygroup_id=None,display_description=None,display_name='tempest-VolumesSnapshotListTestJSON-Volume-1598653399',encryption_key_id=None,group_id=None,group_type_id=,metadata={},multiattach=False,project_id='a6b98ae56d8f495ea71ae89cb05e7dfa',qos_specs=None,replication_status=,reservations=['0c4a2078-fbec-406d-b64d-59b2c10d7b50','296f8184-669a-45e2-b918-93d02b1f2044','b1e9163e-8e50-4c84-adc0-4288f41b2d6c','acad6afa-21f9-42a7-86be-f50dbe214962'],size=1,snapshot_id=None,source_replicaid=,source_volid=None,status='creating',user_id='02eb1a59408444eaa1487c34f2e1238f',volume_type_id=c49ff000-a5aa-429a-b05b-9895df84aee9), 'volume': Volume(_name_id=None,admin_metadata=,attach_status='detached',availability_zone='nova',bootable=False,cluster=,cluster_name=None,consistencygroup=,consistencygroup_id=None,created_at=2021-09-02T13:10:48Z,deleted=False,deleted_at=None,display_description=None,display_name='tempest-VolumesSnapshotListTestJSON-Volume-1598653399',ec2_id=None,encryption_key_id=None,glance_metadata=,group=,group_id=None,host=None,id=97f0bebb-c855-481e-8d65-a5c9b6aa4fe7,launched_at=None,metadata={},migration_status=None,multiattach=False,previous_status=None,project_id='a6b98ae56d8f495ea71ae89cb05e7dfa',provider_auth=None,provider_geometry=None,provider_id=None,provider_location=None,replication_driver_data=None,replication_extended_status=None,replication_status=None,scheduled_at=None,service_uuid=None,shared_targets=True,size=1,snapshot_id=None,snapshots=,source_volid=None,status='creating',terminated_at=None,updated_at=None,use_quota=True,user_id='02eb1a59408444eaa1487c34f2e1238f',volume_attachment=,volume_type=VolumeType(c49ff000-a5aa-429a-b05b-9895df84aee9),volume_type_id=c49ff000-a5aa-429a-b05b-9895df84aee9)}' {{(pid=100903) _task_receiver /usr/local/lib/python3.8/dist-packages/taskflow/listeners/logging.py:178}}
Sep 02 13:10:48.861834 dv-cinder-606346-31-iscsi devstack@c-api.service[100903]: DEBUG cinder.volume.api [None req-c2bb2fd2-729b-46a0-9cb9-4e2b6aff403d tempest-VolumesSnapshotListTestJSON-599709807 tempest-VolumesSnapshotListTestJSON-599709807-project] Task 'cinder.volume.flows.api.create_volume.QuotaCommitTask;volume:create' (826abd43-3821-460d-a0a0-99edfa72a98b) transitioned into state 'RUNNING' from state 'PENDING' {{(pid=100903) _task_receiver /usr/local/lib/python3.8/dist-packages/taskflow/listeners/logging.py:190}}
Sep 02 13:10:48.881778 dv-cinder-606346-31-iscsi devstack@c-api.service[100902]: INFO cinder.api.openstack.wsgi [None req-ea3bb652-9dbe-41b9-a4eb-63148564c256 tempest-GroupSnapshotsTest-2078346893 tempest-GroupSnapshotsTest-2078346893-project] http://10.222.0.64/volume/v3/eddb656c02ae47aeb181a92dfaf232c9/groups/387c4631-1cf8-4ae8-8c5f-df55d9731392 returned with HTTP 200
Sep 02 13:10:48.890433 dv-cinder-606346-31-iscsi devstack@c-api.service[100902]: [pid: 100902|app: 0|req: 169/338] 10.222.0.64 () {60 vars in 1363 bytes} [Thu Sep 2 13:10:48 2021] GET /volume/v3/eddb656c02ae47aeb181a92dfaf232c9/groups/387c4631-1cf8-4ae8-8c5f-df55d9731392 => generated 393 bytes in 50 msecs (HTTP/1.1 200) 7 headers in 286 bytes (1 switches on core 0)
Sep 02 13:10:48.894740 dv-cinder-606346-31-iscsi devstack@c-api.service[100902]: INFO cinder.api.openstack.wsgi [None req-20c3e230-e3b6-443a-893b-3a6528fd2da5 tempest-GroupSnapshotsTest-2078346893 tempest-GroupSnapshotsTest-2078346893-project] GET http://10.222.0.64/volume/v3/eddb656c02ae47aeb181a92dfaf232c9/volumes/detail
Sep 02 13:10:48.895465 dv-cinder-606346-31-iscsi devstack@c-api.service[100902]: DEBUG cinder.api.openstack.wsgi [None req-20c3e230-e3b6-443a-893b-3a6528fd2da5 tempest-GroupSnapshotsTest-2078346893 tempest-GroupSnapshotsTest-2078346893-project] Empty body provided in request {{(pid=100902) get_body /opt/stack/cinder/cinder/api/openstack/wsgi.py:703}}
Sep 02 13:10:48.895867 dv-cinder-606346-31-iscsi devstack@c-api.service[100902]: /usr/local/lib/python3.8/dist-packages/webob/acceptparse.py:1047: DeprecationWarning: The behavior of AcceptValidHeader.best_match is currently being maintained for backward compatibility, but it will be deprecated in the future, as it does not conform to the RFC.
Sep 02 13:10:48.895867 dv-cinder-606346-31-iscsi devstack@c-api.service[100902]: warnings.warn(
Sep 02 13:10:48.897073 dv-cinder-606346-31-iscsi devstack@c-api.service[100902]: DEBUG cinder.api.openstack.wsgi [None req-20c3e230-e3b6-443a-893b-3a6528fd2da5 tempest-GroupSnapshotsTest-2078346893 tempest-GroupSnapshotsTest-2078346893-project] Calling method 'detail' {{(pid=100902) _process_stack /opt/stack/cinder/cinder/api/openstack/wsgi.py:856}}
Sep 02 13:10:48.897801 dv-cinder-606346-31-iscsi devstack@c-api.service[100902]: DEBUG cinder.api.api_utils [None req-20c3e230-e3b6-443a-893b-3a6528fd2da5 tempest-GroupSnapshotsTest-2078346893 tempest-GroupSnapshotsTest-2078346893-project] Removing options '' from query. {{(pid=100902) remove_invalid_filter_options /opt/stack/cinder/cinder/api/api_utils.py:73}}
Sep 02 13:10:48.898597 dv-cinder-606346-31-iscsi devstack@c-api.service[100902]: /usr/local/lib/python3.8/dist-packages/oslo_context/context.py:105: DeprecationWarning: Policy enforcement is depending on the value of is_admin. This key is deprecated. Please update your policy file to use the standard policy values.
Sep 02 13:10:48.898597 dv-cinder-606346-31-iscsi devstack@c-api.service[100902]: warnings.warn('Policy enforcement is depending on the value of '
Sep 02 13:10:48.901184 dv-cinder-606346-31-iscsi devstack@c-api.service[100902]: DEBUG cinder.volume.api [None req-20c3e230-e3b6-443a-893b-3a6528fd2da5 tempest-GroupSnapshotsTest-2078346893 tempest-GroupSnapshotsTest-2078346893-project] Searching by: MultiDict([('no_migration_targets', True)]). {{(pid=100902) get_all /opt/stack/cinder/cinder/volume/api.py:620}}
Sep 02 13:10:48.932022 dv-cinder-606346-31-iscsi devstack@c-api.service[100903]: DEBUG cinder.volume.api [None req-c2bb2fd2-729b-46a0-9cb9-4e2b6aff403d tempest-VolumesSnapshotListTestJSON-599709807 tempest-VolumesSnapshotListTestJSON-599709807-project] Task 'cinder.volume.flows.api.create_volume.QuotaCommitTask;volume:create' (826abd43-3821-460d-a0a0-99edfa72a98b) transitioned into state 'SUCCESS' from state 'RUNNING' with result '{'volume_properties': VolumeProperties(attach_status='detached',availability_zone='nova',cgsnapshot_id=None,consistencygroup_id=None,display_description=None,display_name='tempest-VolumesSnapshotListTestJSON-Volume-1598653399',encryption_key_id=None,group_id=None,group_type_id=,metadata={},multiattach=False,project_id='a6b98ae56d8f495ea71ae89cb05e7dfa',qos_specs=None,replication_status=,reservations=['0c4a2078-fbec-406d-b64d-59b2c10d7b50','296f8184-669a-45e2-b918-93d02b1f2044','b1e9163e-8e50-4c84-adc0-4288f41b2d6c','acad6afa-21f9-42a7-86be-f50dbe214962'],size=1,snapshot_id=None,source_replicaid=,source_volid=None,status='creating',user_id='02eb1a59408444eaa1487c34f2e1238f',volume_type_id=c49ff000-a5aa-429a-b05b-9895df84aee9)}' {{(pid=100903) _task_receiver /usr/local/lib/python3.8/dist-packages/taskflow/listeners/logging.py:178}}
Sep 02 13:10:48.934224 dv-cinder-606346-31-iscsi devstack@c-api.service[100903]: DEBUG cinder.volume.api [None req-c2bb2fd2-729b-46a0-9cb9-4e2b6aff403d tempest-VolumesSnapshotListTestJSON-599709807 tempest-VolumesSnapshotListTestJSON-599709807-project] Task 'cinder.volume.flows.api.create_volume.VolumeCastTask;volume:create' (d789f8db-48fa-4ed6-89ff-4ebb06e9eb90) transitioned into state 'RUNNING' from state 'PENDING' {{(pid=100903) _task_receiver /usr/local/lib/python3.8/dist-packages/taskflow/listeners/logging.py:190}}
Sep 02 13:10:48.968694 dv-cinder-606346-31-iscsi devstack@c-api.service[100903]: DEBUG cinder.volume.api [None req-c2bb2fd2-729b-46a0-9cb9-4e2b6aff403d tempest-VolumesSnapshotListTestJSON-599709807 tempest-VolumesSnapshotListTestJSON-599709807-project] Task 'cinder.volume.flows.api.create_volume.VolumeCastTask;volume:create' (d789f8db-48fa-4ed6-89ff-4ebb06e9eb90) transitioned into state 'SUCCESS' from state 'RUNNING' with result 'None' {{(pid=100903) _task_receiver /usr/local/lib/python3.8/dist-packages/taskflow/listeners/logging.py:178}}
Sep 02 13:10:48.971403 dv-cinder-606346-31-iscsi devstack@c-api.service[100903]: DEBUG cinder.volume.api [None req-c2bb2fd2-729b-46a0-9cb9-4e2b6aff403d tempest-VolumesSnapshotListTestJSON-599709807 tempest-VolumesSnapshotListTestJSON-599709807-project] Flow 'volume_create_api' (ed3b573d-9470-499f-a5e8-0378872b3957) transitioned into state 'SUCCESS' from state 'RUNNING' {{(pid=100903) _flow_receiver /usr/local/lib/python3.8/dist-packages/taskflow/listeners/logging.py:141}}
Sep 02 13:10:48.972587 dv-cinder-606346-31-iscsi devstack@c-api.service[100903]: INFO cinder.volume.api [None req-c2bb2fd2-729b-46a0-9cb9-4e2b6aff403d tempest-VolumesSnapshotListTestJSON-599709807 tempest-VolumesSnapshotListTestJSON-599709807-project] Create volume request issued successfully.
Sep 02 13:10:48.982018 dv-cinder-606346-31-iscsi devstack@c-api.service[100903]: INFO cinder.api.openstack.wsgi [None req-c2bb2fd2-729b-46a0-9cb9-4e2b6aff403d tempest-VolumesSnapshotListTestJSON-599709807 tempest-VolumesSnapshotListTestJSON-599709807-project] http://10.222.0.64/volume/v3/a6b98ae56d8f495ea71ae89cb05e7dfa/volumes returned with HTTP 202
Sep 02 13:10:48.995855 dv-cinder-606346-31-iscsi devstack@c-api.service[100903]: [pid: 100903|app: 0|req: 170/339] 10.222.0.64 () {60 vars in 1235 bytes} [Thu Sep 2 13:10:48 2021] POST /volume/v3/a6b98ae56d8f495ea71ae89cb05e7dfa/volumes => generated 827 bytes in 555 msecs (HTTP/1.1 202) 7 headers in 291 bytes (1 switches on core 0)
Sep 02 13:10:49.002872 dv-cinder-606346-31-iscsi devstack@c-api.service[100903]: INFO cinder.api.openstack.wsgi [None req-d245e400-34d2-4886-a237-bb816eb567f0 tempest-DeleteServersTestJSON-632837033 tempest-DeleteServersTestJSON-632837033-project] GET http://10.222.0.64/volume/v3/0224f3f82b4b43278f51b6e6b5c663d6/volumes/e88fc8ec-fbb9-463e-a95d-ade9468d4cce
Sep 02 13:10:49.003676 dv-cinder-606346-31-iscsi devstack@c-api.service[100903]: DEBUG cinder.api.openstack.wsgi [None req-d245e400-34d2-4886-a237-bb816eb567f0 tempest-DeleteServersTestJSON-632837033 tempest-DeleteServersTestJSON-632837033-project] Empty body provided in request {{(pid=100903) get_body /opt/stack/cinder/cinder/api/openstack/wsgi.py:703}}
Sep 02 13:10:49.004765 dv-cinder-606346-31-iscsi devstack@c-api.service[100903]: /usr/local/lib/python3.8/dist-packages/webob/acceptparse.py:1047: DeprecationWarning: The behavior of AcceptValidHeader.best_match is currently being maintained for backward compatibility, but it will be deprecated in the future, as it does not conform to the RFC.
Sep 02 13:10:49.004765 dv-cinder-606346-31-iscsi devstack@c-api.service[100903]: warnings.warn(
Sep 02 13:10:49.005421 dv-cinder-606346-31-iscsi devstack@c-api.service[100903]: DEBUG cinder.api.openstack.wsgi [None req-d245e400-34d2-4886-a237-bb816eb567f0 tempest-DeleteServersTestJSON-632837033 tempest-DeleteServersTestJSON-632837033-project] Calling method 'show' {{(pid=100903) _process_stack /opt/stack/cinder/cinder/api/openstack/wsgi.py:856}}
Sep 02 13:10:49.029402 dv-cinder-606346-31-iscsi devstack@c-api.service[100902]: INFO cinder.volume.api [None req-20c3e230-e3b6-443a-893b-3a6528fd2da5 tempest-GroupSnapshotsTest-2078346893 tempest-GroupSnapshotsTest-2078346893-project] Get all volumes completed successfully.
Sep 02 13:10:49.033535 dv-cinder-606346-31-iscsi devstack@c-api.service[100903]: /usr/local/lib/python3.8/dist-packages/oslo_context/context.py:105: DeprecationWarning: Policy enforcement is depending on the value of is_admin. This key is deprecated. Please update your policy file to use the standard policy values.
Sep 02 13:10:49.033535 dv-cinder-606346-31-iscsi devstack@c-api.service[100903]: warnings.warn('Policy enforcement is depending on the value of '
Sep 02 13:10:49.035711 dv-cinder-606346-31-iscsi devstack@c-api.service[100902]: WARNING stevedore.named [None req-20c3e230-e3b6-443a-893b-3a6528fd2da5 tempest-GroupSnapshotsTest-2078346893 tempest-GroupSnapshotsTest-2078346893-project] Could not load cinder.keymgr.conf_key_mgr.ConfKeyManager
Sep 02 13:10:49.037268 dv-cinder-606346-31-iscsi devstack@c-api.service[100902]: WARNING castellan.key_manager [None req-20c3e230-e3b6-443a-893b-3a6528fd2da5 tempest-GroupSnapshotsTest-2078346893 tempest-GroupSnapshotsTest-2078346893-project] Deprecation Warning : cinder.keymgr.conf_key_mgr.ConfKeyManager is not a stevedore based driver, trying to load it as a class: stevedore.exception.NoMatches: No 'castellan.drivers' driver found, looking for 'cinder.keymgr.conf_key_mgr.ConfKeyManager'
Sep 02 13:10:49.052411 dv-cinder-606346-31-iscsi devstack@c-api.service[100902]: DEBUG oslo_db.sqlalchemy.engines [None req-20c3e230-e3b6-443a-893b-3a6528fd2da5 tempest-GroupSnapshotsTest-2078346893 tempest-GroupSnapshotsTest-2078346893-project] MySQL server mode set to STRICT_TRANS_TABLES,STRICT_ALL_TABLES,NO_ZERO_IN_DATE,NO_ZERO_DATE,ERROR_FOR_DIVISION_BY_ZERO,TRADITIONAL,NO_ENGINE_SUBSTITUTION {{(pid=100902) _check_effective_sql_mode /usr/local/lib/python3.8/dist-packages/oslo_db/sqlalchemy/engines.py:314}}
Sep 02 13:10:49.061460 dv-cinder-606346-31-iscsi devstack@c-api.service[100902]: /usr/local/lib/python3.8/dist-packages/oslo_context/context.py:105: DeprecationWarning: Policy enforcement is depending on the value of is_admin. This key is deprecated. Please update your policy file to use the standard policy values.
Sep 02 13:10:49.061460 dv-cinder-606346-31-iscsi devstack@c-api.service[100902]: warnings.warn('Policy enforcement is depending on the value of '
Sep 02 13:10:49.074388 dv-cinder-606346-31-iscsi devstack@c-api.service[100902]: WARNING stevedore.named [None req-20c3e230-e3b6-443a-893b-3a6528fd2da5 tempest-GroupSnapshotsTest-2078346893 tempest-GroupSnapshotsTest-2078346893-project] Could not load cinder.keymgr.conf_key_mgr.ConfKeyManager
Sep 02 13:10:49.075114 dv-cinder-606346-31-iscsi devstack@c-api.service[100903]: INFO cinder.volume.api [None req-d245e400-34d2-4886-a237-bb816eb567f0 tempest-DeleteServersTestJSON-632837033 tempest-DeleteServersTestJSON-632837033-project] Volume info retrieved successfully.
Sep 02 13:10:49.075239 dv-cinder-606346-31-iscsi devstack@c-api.service[100902]: WARNING castellan.key_manager [None req-20c3e230-e3b6-443a-893b-3a6528fd2da5 tempest-GroupSnapshotsTest-2078346893 tempest-GroupSnapshotsTest-2078346893-project] Deprecation Warning : cinder.keymgr.conf_key_mgr.ConfKeyManager is not a stevedore based driver, trying to load it as a class: stevedore.exception.NoMatches: No 'castellan.drivers' driver found, looking for 'cinder.keymgr.conf_key_mgr.ConfKeyManager'
Sep 02 13:10:49.086571 dv-cinder-606346-31-iscsi devstack@c-api.service[100902]: DEBUG oslo_db.sqlalchemy.engines [None req-20c3e230-e3b6-443a-893b-3a6528fd2da5 tempest-GroupSnapshotsTest-2078346893 tempest-GroupSnapshotsTest-2078346893-project] MySQL server mode set to STRICT_TRANS_TABLES,STRICT_ALL_TABLES,NO_ZERO_IN_DATE,NO_ZERO_DATE,ERROR_FOR_DIVISION_BY_ZERO,TRADITIONAL,NO_ENGINE_SUBSTITUTION {{(pid=100902) _check_effective_sql_mode /usr/local/lib/python3.8/dist-packages/oslo_db/sqlalchemy/engines.py:314}}
Sep 02 13:10:49.100099 dv-cinder-606346-31-iscsi devstack@c-api.service[100902]: /usr/local/lib/python3.8/dist-packages/oslo_context/context.py:105: DeprecationWarning: Policy enforcement is depending on the value of is_admin. This key is deprecated. Please update your policy file to use the standard policy values.
Sep 02 13:10:49.100099 dv-cinder-606346-31-iscsi devstack@c-api.service[100902]: warnings.warn('Policy enforcement is depending on the value of '
Sep 02 13:10:49.106660 dv-cinder-606346-31-iscsi devstack@c-api.service[100903]: /usr/local/lib/python3.8/dist-packages/oslo_context/context.py:105: DeprecationWarning: Policy enforcement is depending on the value of is_admin. This key is deprecated. Please update your policy file to use the standard policy values.
Sep 02 13:10:49.106660 dv-cinder-606346-31-iscsi devstack@c-api.service[100903]: warnings.warn('Policy enforcement is depending on the value of '
Sep 02 13:10:49.131593 dv-cinder-606346-31-iscsi devstack@c-api.service[100903]: INFO cinder.api.openstack.wsgi [None req-d245e400-34d2-4886-a237-bb816eb567f0 tempest-DeleteServersTestJSON-632837033 tempest-DeleteServersTestJSON-632837033-project] http://10.222.0.64/volume/v3/0224f3f82b4b43278f51b6e6b5c663d6/volumes/e88fc8ec-fbb9-463e-a95d-ade9468d4cce returned with HTTP 200
Sep 02 13:10:49.134194 dv-cinder-606346-31-iscsi devstack@c-api.service[100903]: [pid: 100903|app: 0|req: 171/340] 10.222.0.64 () {58 vars in 1325 bytes} [Thu Sep 2 13:10:48 2021] GET /volume/v3/0224f3f82b4b43278f51b6e6b5c663d6/volumes/e88fc8ec-fbb9-463e-a95d-ade9468d4cce => generated 913 bytes in 137 msecs (HTTP/1.1 200) 7 headers in 285 bytes (1 switches on core 0)
Sep 02 13:10:49.137270 dv-cinder-606346-31-iscsi devstack@c-api.service[100902]: INFO cinder.api.openstack.wsgi [None req-20c3e230-e3b6-443a-893b-3a6528fd2da5 tempest-GroupSnapshotsTest-2078346893 tempest-GroupSnapshotsTest-2078346893-project] http://10.222.0.64/volume/v3/eddb656c02ae47aeb181a92dfaf232c9/volumes/detail returned with HTTP 200
Sep 02 13:10:49.140726 dv-cinder-606346-31-iscsi devstack@c-api.service[100902]: [pid: 100902|app: 0|req: 170/341] 10.222.0.64 () {60 vars in 1276 bytes} [Thu Sep 2 13:10:48 2021] GET /volume/v3/eddb656c02ae47aeb181a92dfaf232c9/volumes/detail => generated 1993 bytes in 250 msecs (HTTP/1.1 200) 7 headers in 287 bytes (1 switches on core 0)
Sep 02 13:10:49.141526 dv-cinder-606346-31-iscsi devstack@c-api.service[100903]: INFO cinder.api.openstack.wsgi [None req-f1f111fe-e156-4320-9943-d7873cef5bdb tempest-VolumesSnapshotListTestJSON-599709807 tempest-VolumesSnapshotListTestJSON-599709807-project] GET http://10.222.0.64/volume/v3/a6b98ae56d8f495ea71ae89cb05e7dfa/volumes/97f0bebb-c855-481e-8d65-a5c9b6aa4fe7
Sep 02 13:10:49.142012 dv-cinder-606346-31-iscsi devstack@c-api.service[100903]: DEBUG cinder.api.openstack.wsgi [None req-f1f111fe-e156-4320-9943-d7873cef5bdb tempest-VolumesSnapshotListTestJSON-599709807 tempest-VolumesSnapshotListTestJSON-599709807-project] Empty body provided in request {{(pid=100903) get_body /opt/stack/cinder/cinder/api/openstack/wsgi.py:703}}
Sep 02 13:10:49.142176 dv-cinder-606346-31-iscsi devstack@c-api.service[100903]: /usr/local/lib/python3.8/dist-packages/webob/acceptparse.py:1047: DeprecationWarning: The behavior of AcceptValidHeader.best_match is currently being maintained for backward compatibility, but it will be deprecated in the future, as it does not conform to the RFC.
Sep 02 13:10:49.142176 dv-cinder-606346-31-iscsi devstack@c-api.service[100903]: warnings.warn(
Sep 02 13:10:49.142724 dv-cinder-606346-31-iscsi devstack@c-api.service[100903]: DEBUG cinder.api.openstack.wsgi [None req-f1f111fe-e156-4320-9943-d7873cef5bdb tempest-VolumesSnapshotListTestJSON-599709807 tempest-VolumesSnapshotListTestJSON-599709807-project] Calling method 'show' {{(pid=100903) _process_stack /opt/stack/cinder/cinder/api/openstack/wsgi.py:856}}
Sep 02 13:10:49.158052 dv-cinder-606346-31-iscsi devstack@c-api.service[100902]: INFO cinder.api.openstack.wsgi [None req-bc7eef43-bc13-44e8-b6d5-1a944d9d5b89 tempest-GroupSnapshotsTest-2078346893 tempest-GroupSnapshotsTest-2078346893-project] POST http://10.222.0.64/volume/v3/eddb656c02ae47aeb181a92dfaf232c9/group_snapshots
Sep 02 13:10:49.158619 dv-cinder-606346-31-iscsi devstack@c-api.service[100902]: /usr/local/lib/python3.8/dist-packages/webob/acceptparse.py:1047: DeprecationWarning: The behavior of AcceptValidHeader.best_match is currently being maintained for backward compatibility, but it will be deprecated in the future, as it does not conform to the RFC.
Sep 02 13:10:49.158619 dv-cinder-606346-31-iscsi devstack@c-api.service[100902]: warnings.warn(
Sep 02 13:10:49.158996 dv-cinder-606346-31-iscsi devstack@c-api.service[100902]: DEBUG cinder.api.openstack.wsgi [None req-bc7eef43-bc13-44e8-b6d5-1a944d9d5b89 tempest-GroupSnapshotsTest-2078346893 tempest-GroupSnapshotsTest-2078346893-project] Action: 'create', calling method: version_select, body: {"group_snapshot": {"group_id": "387c4631-1cf8-4ae8-8c5f-df55d9731392", "name": "tempest-GroupSnapshotsTest-Group_Snapshot-847597207"}} {{(pid=100902) _process_stack /opt/stack/cinder/cinder/api/openstack/wsgi.py:854}}
Sep 02 13:10:49.160145 dv-cinder-606346-31-iscsi devstack@c-api.service[100902]: DEBUG cinder.api.v3.group_snapshots [None req-bc7eef43-bc13-44e8-b6d5-1a944d9d5b89 tempest-GroupSnapshotsTest-2078346893 tempest-GroupSnapshotsTest-2078346893-project] Creating new group_snapshot {'group_snapshot': {'group_id': '387c4631-1cf8-4ae8-8c5f-df55d9731392', 'name': 'tempest-GroupSnapshotsTest-Group_Snapshot-847597207'}} {{(pid=100902) create /opt/stack/cinder/cinder/api/v3/group_snapshots.py:154}}
Sep 02 13:10:49.167593 dv-cinder-606346-31-iscsi devstack@c-api.service[100903]: /usr/local/lib/python3.8/dist-packages/oslo_context/context.py:105: DeprecationWarning: Policy enforcement is depending on the value of is_admin. This key is deprecated. Please update your policy file to use the standard policy values.
Sep 02 13:10:49.167593 dv-cinder-606346-31-iscsi devstack@c-api.service[100903]: warnings.warn('Policy enforcement is depending on the value of '
Sep 02 13:10:49.170682 dv-cinder-606346-31-iscsi devstack@c-api.service[100902]: /usr/local/lib/python3.8/dist-packages/oslo_context/context.py:105: DeprecationWarning: Policy enforcement is depending on the value of is_admin. This key is deprecated. Please update your policy file to use the standard policy values.
Sep 02 13:10:49.170682 dv-cinder-606346-31-iscsi devstack@c-api.service[100902]: warnings.warn('Policy enforcement is depending on the value of '
Sep 02 13:10:49.179008 dv-cinder-606346-31-iscsi devstack@c-api.service[100903]: INFO cinder.volume.api [None req-f1f111fe-e156-4320-9943-d7873cef5bdb tempest-VolumesSnapshotListTestJSON-599709807 tempest-VolumesSnapshotListTestJSON-599709807-project] Volume info retrieved successfully.
Sep 02 13:10:49.183550 dv-cinder-606346-31-iscsi devstack@c-api.service[100902]: INFO cinder.api.v3.group_snapshots [None req-bc7eef43-bc13-44e8-b6d5-1a944d9d5b89 tempest-GroupSnapshotsTest-2078346893 tempest-GroupSnapshotsTest-2078346893-project] Creating group_snapshot tempest-GroupSnapshotsTest-Group_Snapshot-847597207.
Sep 02 13:10:49.196436 dv-cinder-606346-31-iscsi devstack@c-api.service[100903]: INFO cinder.api.openstack.wsgi [None req-f1f111fe-e156-4320-9943-d7873cef5bdb tempest-VolumesSnapshotListTestJSON-599709807 tempest-VolumesSnapshotListTestJSON-599709807-project] http://10.222.0.64/volume/v3/a6b98ae56d8f495ea71ae89cb05e7dfa/volumes/97f0bebb-c855-481e-8d65-a5c9b6aa4fe7 returned with HTTP 200
Sep 02 13:10:49.198802 dv-cinder-606346-31-iscsi devstack@c-api.service[100903]: [pid: 100903|app: 0|req: 172/342] 10.222.0.64 () {58 vars in 1325 bytes} [Thu Sep 2 13:10:49 2021] GET /volume/v3/a6b98ae56d8f495ea71ae89cb05e7dfa/volumes/97f0bebb-c855-481e-8d65-a5c9b6aa4fe7 => generated 919 bytes in 64 msecs (HTTP/1.1 200) 7 headers in 285 bytes (1 switches on core 0)
Sep 02 13:10:49.229834 dv-cinder-606346-31-iscsi devstack@c-api.service[100902]: /usr/local/lib/python3.8/dist-packages/oslo_context/context.py:105: DeprecationWarning: Policy enforcement is depending on the value of is_admin. This key is deprecated. Please update your policy file to use the standard policy values.
Sep 02 13:10:49.229834 dv-cinder-606346-31-iscsi devstack@c-api.service[100902]: warnings.warn('Policy enforcement is depending on the value of '
Sep 02 13:10:49.272814 dv-cinder-606346-31-iscsi devstack@c-api.service[100902]: WARNING cinder.quota [None req-bc7eef43-bc13-44e8-b6d5-1a944d9d5b89 tempest-GroupSnapshotsTest-2078346893 tempest-GroupSnapshotsTest-2078346893-project] Deprecated: Default quota for resource: snapshots_tempest-GroupSnapshotsTest-volume-type-147734123 is set by the default quota flag: quota_snapshots_tempest-GroupSnapshotsTest-volume-type-147734123, it is now deprecated. Please use the default quota class for default quota.
Sep 02 13:10:49.281904 dv-cinder-606346-31-iscsi devstack@c-api.service[100903]: INFO cinder.api.openstack.wsgi [None req-f1f111fe-e156-4320-9943-d7873cef5bdb tempest-VolumesSnapshotListTestJSON-599709807 tempest-VolumesSnapshotListTestJSON-599709807-project] GET http://10.222.0.64/volume//
