Mar 29 15:25:42.049407 dv-cinder-562053-19-iscsi neutron-server[103832]: DEBUG neutron.scheduler.base_scheduler [None req-736f8205-25ac-4494-9d7c-b90d59efcba4 admin admin] Resources bound (agent type, host, resource id): (DHCP agent, dv-cinder-562053-19-iscsi, e9e966a3-c502-4415-ba24-fb4be64d7c3f) {{(pid=103832) schedule /opt/stack/neutron/neutron/scheduler/base_scheduler.py:57}}
Mar 29 15:25:42.054948 dv-cinder-562053-19-iscsi neutron-server[103832]: DEBUG neutron.pecan_wsgi.hooks.policy_enforcement [None req-736f8205-25ac-4494-9d7c-b90d59efcba4 admin admin] Attributes excluded by policy engine: ['standard_attr_id', 'shared', 'network'] {{(pid=103832) _exclude_attributes_by_policy /opt/stack/neutron/neutron/pecan_wsgi/hooks/policy_enforcement.py:255}}
Mar 29 15:25:42.056613 dv-cinder-562053-19-iscsi neutron-server[103832]: DEBUG neutron_lib.callbacks.manager [None req-736f8205-25ac-4494-9d7c-b90d59efcba4 admin admin] Publish callbacks ['neutron.api.rpc.agentnotifiers.dhcp_rpc_agent_api.DhcpAgentNotifyAPI._send_dhcp_notification-1025652'] for subnet (None), before_response {{(pid=103832) _notify_loop /usr/local/lib/python3.8/dist-packages/neutron_lib/callbacks/manager.py:176}}
Mar 29 15:25:42.063400 dv-cinder-562053-19-iscsi neutron-server[103833]: DEBUG neutron.api.rpc.handlers.dhcp_rpc [None req-f0a3dcf6-bb7c-4d4c-927a-b54c5758b05a None None] Network e9e966a3-c502-4415-ba24-fb4be64d7c3f requested from dv-cinder-562053-19-iscsi {{(pid=103833) get_network_info /opt/stack/neutron/neutron/api/rpc/handlers/dhcp_rpc.py:191}}
Mar 29 15:25:42.169244 dv-cinder-562053-19-iscsi neutron-server[103832]: INFO neutron.wsgi [None req-736f8205-25ac-4494-9d7c-b90d59efcba4 admin admin] 10.222.0.39 "POST /v2.0/subnets HTTP/1.1" status: 201 len: 847 time: 0.6665661
Mar 29 15:25:42.170330 dv-cinder-562053-19-iscsi neutron-server[103832]: DEBUG neutron.wsgi [-] (103832) accepted ('10.222.0.39', 59162) {{(pid=103832) server /usr/local/lib/python3.8/dist-packages/eventlet/wsgi.py:1004}}
Mar 29 15:25:42.174944 dv-cinder-562053-19-iscsi neutron-server[103832]: DEBUG neutron.api.v2.base [None req-7d3a338d-18cc-4499-870b-ddf68d96c0c5 admin admin] Request body: {'router': {'name': 'tempest-AttachVolumeTestJSON-1437192592-router', 'tenant_id': '68b100b32ca6457b87f13df08e31d969', 'external_gateway_info': {'network_id': '3dc57d37-328b-453d-86b3-347b9e0efd38'}}} {{(pid=103832) prepare_request_body /opt/stack/neutron/neutron/api/v2/base.py:729}}
Mar 29 15:25:42.220225 dv-cinder-562053-19-iscsi neutron-server[103831]: DEBUG neutron.api.v2.base [None req-d1c17577-2fef-4fc0-a96a-eac8014f99fc admin admin] Request body: {'network': {'name': 'tempest-AttachVolumeShelveTestJSON-1908872265-network', 'tenant_id': '58c1f8fd4f83455ca0f32dbc38c1ed32'}} {{(pid=103831) prepare_request_body /opt/stack/neutron/neutron/api/v2/base.py:729}}
Mar 29 15:25:42.260307 dv-cinder-562053-19-iscsi neutron-server[103833]: DEBUG neutron.api.rpc.handlers.dhcp_rpc [None req-4af3b3a6-c9a4-4d54-8032-e8ab5a13f795 None None] Create dhcp port {'port': {'name': '', 'admin_state_up': True, 'device_id': 'dhcp7fd4760e-f710-5e2a-8ad4-26c94dd4ee74-e9e966a3-c502-4415-ba24-fb4be64d7c3f', 'network_id': 'e9e966a3-c502-4415-ba24-fb4be64d7c3f', 'project_id': '68b100b32ca6457b87f13df08e31d969', 'fixed_ips': [{'subnet_id': 'd3e72c2a-9791-4704-a967-653d7b3a63cc'}]}} from dv-cinder-562053-19-iscsi. {{(pid=103833) create_dhcp_port /opt/stack/neutron/neutron/api/rpc/handlers/dhcp_rpc.py:268}}
Mar 29 15:25:42.264353 dv-cinder-562053-19-iscsi neutron-server[103833]: DEBUG neutron_lib.callbacks.manager [None req-4af3b3a6-c9a4-4d54-8032-e8ab5a13f795 None None] Publish callbacks ['neutron.plugins.ml2.plugin.SecurityGroupDbMixin._ensure_default_security_group_handler-1278676'] for port (None), before_create {{(pid=103833) _notify_loop /usr/local/lib/python3.8/dist-packages/neutron_lib/callbacks/manager.py:176}}
Mar 29 15:25:42.312571 dv-cinder-562053-19-iscsi neutron-server[103831]: DEBUG neutron_lib.callbacks.manager [None req-58c58060-9165-436e-9f87-addf96db8ecb admin admin] Publish callbacks ['neutron.plugins.ml2.ovo_rpc._ObjectChangeHandler.handle_event-555405', 'neutron.api.rpc.agentnotifiers.dhcp_rpc_agent_api.DhcpAgentNotifyAPI._native_event_send_dhcp_notification-1025602'] for subnet (f8c9e7d7-542a-40c6-88da-47d047391514), after_create {{(pid=103831) _notify_loop /usr/local/lib/python3.8/dist-packages/neutron_lib/callbacks/manager.py:176}}
Mar 29 15:25:42.340683 dv-cinder-562053-19-iscsi neutron-server[103832]: DEBUG neutron_lib.callbacks.manager [None req-7d3a338d-18cc-4499-870b-ddf68d96c0c5 admin admin] Publish callbacks ['neutron.services.l3_router.l3_router_plugin.L3_HA_NAT_db_mixin._before_router_create_handler-1031732', 'neutron.services.l3_router.service_providers.driver_controller.DriverController._check_router_request-845'] for router (73c396a8-d46c-4f74-9439-370970a2ec31), before_create {{(pid=103832) _notify_loop /usr/local/lib/python3.8/dist-packages/neutron_lib/callbacks/manager.py:176}}
Mar 29 15:25:42.342002 dv-cinder-562053-19-iscsi neutron-server[103832]: DEBUG neutron_lib.callbacks.manager [None req-7d3a338d-18cc-4499-870b-ddf68d96c0c5 admin admin] Publish callbacks ['neutron.services.l3_router.l3_router_plugin.L3_HA_NAT_db_mixin._precommit_router_create-1034660', 'neutron.services.l3_router.l3_router_plugin.DVRResourceOperationHandler._set_distributed_flag-1033461', 'neutron.services.l3_router.l3_router_plugin.RouterAvailabilityZoneMixin._process_az_request-579545', 'neutron.services.l3_router.service_providers.driver_controller.DriverController._set_router_provider-836'] for router (73c396a8-d46c-4f74-9439-370970a2ec31), precommit_create {{(pid=103832) _notify_loop /usr/local/lib/python3.8/dist-packages/neutron_lib/callbacks/manager.py:176}}
Mar 29 15:25:42.378567 dv-cinder-562053-19-iscsi neutron-server[103831]: DEBUG neutron.api.rpc.handlers.resources_rpc [None req-58c58060-9165-436e-9f87-addf96db8ecb admin admin] Pushing event updated for resources: {'Subnet': ['ID=f8c9e7d7-542a-40c6-88da-47d047391514,revision_number=0']} {{(pid=103831) push /opt/stack/neutron/neutron/api/rpc/handlers/resources_rpc.py:237}}
Mar 29 15:25:42.387520 dv-cinder-562053-19-iscsi neutron-server[103831]: DEBUG neutron.plugins.ml2.drivers.mech_agent [None req-58c58060-9165-436e-9f87-addf96db8ecb admin admin] Checking segment: {'id': '0204e774-ac2b-47cb-a8c9-99b2efb6c81e', 'network_type': 'vlan', 'physical_network': 'physnet1', 'segmentation_id': 407, 'network_id': 'feb66b74-11a8-4941-9395-ec28eef514af'} for mappings: {'physnet1': 'br-data'} with network types: ['local', 'flat', 'vlan'] {{(pid=103831) check_segment_for_agent /opt/stack/neutron/neutron/plugins/ml2/drivers/mech_agent.py:373}}
Mar 29 15:25:42.388520 dv-cinder-562053-19-iscsi neutron-server[103831]: DEBUG neutron.scheduler.dhcp_agent_scheduler [None req-58c58060-9165-436e-9f87-addf96db8ecb admin admin] Network hostable DHCP agents. Network: feb66b74-11a8-4941-9395-ec28eef514af, hostable agents: ['60b75cb5-fa55-4ab5-bd81-9da0c894ffc8'], hosted agents: [] {{(pid=103831) _get_network_hostable_dhcp_agents /opt/stack/neutron/neutron/scheduler/dhcp_agent_scheduler.py:329}}
Mar 29 15:25:42.399359 dv-cinder-562053-19-iscsi neutron-server[103832]: DEBUG neutron_lib.callbacks.manager [None req-7d3a338d-18cc-4499-870b-ddf68d96c0c5 admin admin] Publish callbacks [] for router_controller (73c396a8-d46c-4f74-9439-370970a2ec31), precommit_add_association {{(pid=103832) _notify_loop /usr/local/lib/python3.8/dist-packages/neutron_lib/callbacks/manager.py:176}}
Mar 29 15:25:42.406672 dv-cinder-562053-19-iscsi neutron-server[103831]: DEBUG neutron.pecan_wsgi.hooks.quota_enforcement [None req-d1c17577-2fef-4fc0-a96a-eac8014f99fc admin admin] Made reservation on behalf of 58c1f8fd4f83455ca0f32dbc38c1ed32 for: {'network': 1} {{(pid=103831) before /opt/stack/neutron/neutron/pecan_wsgi/hooks/quota_enforcement.py:53}}
Mar 29 15:25:42.411194 dv-cinder-562053-19-iscsi neutron-server[103831]: DEBUG neutron_lib.callbacks.manager [None req-d1c17577-2fef-4fc0-a96a-eac8014f99fc admin admin] Publish callbacks ['neutron.plugins.ml2.plugin.SecurityGroupDbMixin._ensure_default_security_group_handler-1278676'] for network (None), before_create {{(pid=103831) _notify_loop /usr/local/lib/python3.8/dist-packages/neutron_lib/callbacks/manager.py:176}}
Mar 29 15:25:42.413979 dv-cinder-562053-19-iscsi neutron-server[103833]: DEBUG neutron.db.db_base_plugin_common [None req-4af3b3a6-c9a4-4d54-8032-e8ab5a13f795 None None] Allocated IP 172.20.0.2 (e9e966a3-c502-4415-ba24-fb4be64d7c3f/d3e72c2a-9791-4704-a967-653d7b3a63cc/af760a0f-7883-49ab-95fb-6ae590ea6842) {{(pid=103833) _store_ip_allocation /opt/stack/neutron/neutron/db/db_base_plugin_common.py:131}}
Mar 29 15:25:42.428724 dv-cinder-562053-19-iscsi neutron-server[103831]: DEBUG neutron_lib.callbacks.manager [None req-d1c17577-2fef-4fc0-a96a-eac8014f99fc admin admin] Publish callbacks [] for security_group (None), before_create {{(pid=103831) _notify_loop /usr/local/lib/python3.8/dist-packages/neutron_lib/callbacks/manager.py:176}}
Mar 29 15:25:42.515906 dv-cinder-562053-19-iscsi neutron-server[103831]: DEBUG neutron.scheduler.dhcp_agent_scheduler [None req-58c58060-9165-436e-9f87-addf96db8ecb admin admin] Network feb66b74-11a8-4941-9395-ec28eef514af is scheduled to be hosted by DHCP agent 60b75cb5-fa55-4ab5-bd81-9da0c894ffc8 with binding_index 1 {{(pid=103831) bind /opt/stack/neutron/neutron/scheduler/dhcp_agent_scheduler.py:227}}
Mar 29 15:25:42.544132 dv-cinder-562053-19-iscsi neutron-server[103831]: DEBUG neutron_lib.callbacks.manager [None req-d1c17577-2fef-4fc0-a96a-eac8014f99fc admin admin] Publish callbacks [] for security_group (a21877dc-67aa-441a-a13e-6509599d53a8), precommit_create {{(pid=103831) _notify_loop /usr/local/lib/python3.8/dist-packages/neutron_lib/callbacks/manager.py:176}}
Mar 29 15:25:42.617310 dv-cinder-562053-19-iscsi neutron-server[103833]: DEBUG neutron_lib.callbacks.manager [None req-4af3b3a6-c9a4-4d54-8032-e8ab5a13f795 None None] Publish callbacks [] for port (af760a0f-7883-49ab-95fb-6ae590ea6842), precommit_create {{(pid=103833) _notify_loop /usr/local/lib/python3.8/dist-packages/neutron_lib/callbacks/manager.py:176}}
Mar 29 15:25:42.620727 dv-cinder-562053-19-iscsi neutron-server[103831]: DEBUG neutron.scheduler.base_scheduler [None req-58c58060-9165-436e-9f87-addf96db8ecb admin admin] Resources bound (agent type, host, resource id): (DHCP agent, dv-cinder-562053-19-iscsi, feb66b74-11a8-4941-9395-ec28eef514af) {{(pid=103831) schedule /opt/stack/neutron/neutron/scheduler/base_scheduler.py:57}}
Mar 29 15:25:42.635380 dv-cinder-562053-19-iscsi neutron-server[103831]: DEBUG neutron.pecan_wsgi.hooks.policy_enforcement [None req-58c58060-9165-436e-9f87-addf96db8ecb admin admin] Attributes excluded by policy engine: ['standard_attr_id', 'shared', 'network'] {{(pid=103831) _exclude_attributes_by_policy /opt/stack/neutron/neutron/pecan_wsgi/hooks/policy_enforcement.py:255}}
Mar 29 15:25:42.636346 dv-cinder-562053-19-iscsi neutron-server[103831]: DEBUG neutron_lib.callbacks.manager [None req-58c58060-9165-436e-9f87-addf96db8ecb admin admin] Publish callbacks ['neutron.api.rpc.agentnotifiers.dhcp_rpc_agent_api.DhcpAgentNotifyAPI._send_dhcp_notification-1025652'] for subnet (None), before_response {{(pid=103831) _notify_loop /usr/local/lib/python3.8/dist-packages/neutron_lib/callbacks/manager.py:176}}
Mar 29 15:25:42.637131 dv-cinder-562053-19-iscsi neutron-server[103833]: DEBUG neutron.api.rpc.handlers.dhcp_rpc [None req-2208ebd2-ed84-435a-bd3c-b23a295d91c0 None None] Network feb66b74-11a8-4941-9395-ec28eef514af requested from dv-cinder-562053-19-iscsi {{(pid=103833) get_network_info /opt/stack/neutron/neutron/api/rpc/handlers/dhcp_rpc.py:191}}
Mar 29 15:25:42.654678 dv-cinder-562053-19-iscsi neutron-server[103832]: DEBUG neutron_lib.callbacks.manager [None req-7d3a338d-18cc-4499-870b-ddf68d96c0c5 admin admin] Publish callbacks [] for router_gateway (73c396a8-d46c-4f74-9439-370970a2ec31), precommit_update {{(pid=103832) _notify_loop /usr/local/lib/python3.8/dist-packages/neutron_lib/callbacks/manager.py:176}}
Mar 29 15:25:42.672092 dv-cinder-562053-19-iscsi neutron-server[103831]: DEBUG neutron_lib.callbacks.manager [None req-d1c17577-2fef-4fc0-a96a-eac8014f99fc admin admin] Publish callbacks ['neutron.plugins.ml2.ovo_rpc._ObjectChangeHandler.handle_event-543194'] for security_group (a21877dc-67aa-441a-a13e-6509599d53a8), after_create {{(pid=103831) _notify_loop /usr/local/lib/python3.8/dist-packages/neutron_lib/callbacks/manager.py:176}}
Mar 29 15:25:42.714540 dv-cinder-562053-19-iscsi neutron-server[103831]: DEBUG neutron.plugins.ml2.drivers.helpers [None req-d1c17577-2fef-4fc0-a96a-eac8014f99fc admin admin] vlan segment allocate from pool success with {'vlan_id': 426, 'physical_network': 'physnet1'} {{(pid=103831) allocate_partially_specified_segment /opt/stack/neutron/neutron/plugins/ml2/drivers/helpers.py:153}}
Mar 29 15:25:42.730472 dv-cinder-562053-19-iscsi neutron-server[103831]: DEBUG neutron.api.rpc.handlers.resources_rpc [None req-d1c17577-2fef-4fc0-a96a-eac8014f99fc admin admin] Pushing event updated for resources: {'SecurityGroup': ['ID=a21877dc-67aa-441a-a13e-6509599d53a8,revision_number=1']} {{(pid=103831) push /opt/stack/neutron/neutron/api/rpc/handlers/resources_rpc.py:237}}
Mar 29 15:25:42.732541 dv-cinder-562053-19-iscsi neutron-server[103833]: DEBUG neutron_lib.callbacks.manager [None req-4af3b3a6-c9a4-4d54-8032-e8ab5a13f795 None None] Publish callbacks ['neutron.plugins.ml2.plugin.SecurityGroupServerNotifierRpcMixin._notify_sg_on_port_change-1278613', 'neutron.plugins.ml2.ovo_rpc._ObjectChangeHandler.handle_event-94687', 'neutron.api.rpc.agentnotifiers.dhcp_rpc_agent_api.DhcpAgentNotifyAPI._native_event_send_dhcp_notification-1025602', 'neutron.db.l3_dvrscheduler_db._notify_l3_agent_new_port-8748544541934'] for port (af760a0f-7883-49ab-95fb-6ae590ea6842), after_create {{(pid=103833) _notify_loop /usr/local/lib/python3.8/dist-packages/neutron_lib/callbacks/manager.py:176}}
Mar 29 15:25:42.753680 dv-cinder-562053-19-iscsi neutron-server[103831]: DEBUG neutron_lib.callbacks.manager [None req-d1c17577-2fef-4fc0-a96a-eac8014f99fc admin admin] Publish callbacks ['neutron.plugins.ml2.plugin.Ml2Plugin._handle_segment_change-1176561'] for segment (c447c32b-bb36-4dcf-8df5-2a75f4e6e95e), precommit_create {{(pid=103831) _notify_loop /usr/local/lib/python3.8/dist-packages/neutron_lib/callbacks/manager.py:176}}
Mar 29 15:25:42.754026 dv-cinder-562053-19-iscsi neutron-server[103831]: INFO neutron.db.segments_db [None req-d1c17577-2fef-4fc0-a96a-eac8014f99fc admin admin] Added segment c447c32b-bb36-4dcf-8df5-2a75f4e6e95e of type vlan for network a9dba225-3458-4749-adfb-4348d5911f6f
Mar 29 15:25:42.755131 dv-cinder-562053-19-iscsi neutron-server[103833]: DEBUG neutron.scheduler.dhcp_agent_scheduler [None req-4af3b3a6-c9a4-4d54-8032-e8ab5a13f795 None None] Network e9e966a3-c502-4415-ba24-fb4be64d7c3f is already hosted by enough agents. {{(pid=103833) _get_dhcp_agents_hosting_network /opt/stack/neutron/neutron/scheduler/dhcp_agent_scheduler.py:275}}
Mar 29 15:25:42.761554 dv-cinder-562053-19-iscsi neutron-server[103833]: DEBUG neutron.scheduler.base_scheduler [None req-4af3b3a6-c9a4-4d54-8032-e8ab5a13f795 None None] Resources bound (agent type, host, resource id): {{(pid=103833) schedule /opt/stack/neutron/neutron/scheduler/base_scheduler.py:57}}
Mar 29 15:25:42.767495 dv-cinder-562053-19-iscsi neutron-server[103833]: DEBUG neutron.db.l3_dvrscheduler_db [None req-4af3b3a6-c9a4-4d54-8032-e8ab5a13f795 None None] Received port after_create {{(pid=103833) _notify_l3_agent_new_port /opt/stack/neutron/neutron/db/l3_dvrscheduler_db.py:536}}
Mar 29 15:25:42.850233 dv-cinder-562053-19-iscsi neutron-server[103831]: INFO neutron.wsgi [None req-58c58060-9165-436e-9f87-addf96db8ecb admin admin] 10.222.0.39 "POST /v2.0/subnets HTTP/1.1" status: 201 len: 849 time: 1.0049672
Mar 29 15:25:42.852215 dv-cinder-562053-19-iscsi neutron-server[103831]: DEBUG neutron_lib.callbacks.manager [None req-d1c17577-2fef-4fc0-a96a-eac8014f99fc admin admin] Publish callbacks ['neutron.services.auto_allocate.db._ensure_external_network_default_value_callback-8748544495665'] for network (a9dba225-3458-4749-adfb-4348d5911f6f), precommit_create {{(pid=103831) _notify_loop /usr/local/lib/python3.8/dist-packages/neutron_lib/callbacks/manager.py:176}}
Mar 29 15:25:42.948362 dv-cinder-562053-19-iscsi neutron-server[103833]: DEBUG neutron.plugins.ml2.managers [None req-4af3b3a6-c9a4-4d54-8032-e8ab5a13f795 None None] Attempting to bind port af760a0f-7883-49ab-95fb-6ae590ea6842 on host dv-cinder-562053-19-iscsi for vnic_type normal with profile {{(pid=103833) bind_port /opt/stack/neutron/neutron/plugins/ml2/managers.py:795}}
Mar 29 15:25:42.948822 dv-cinder-562053-19-iscsi neutron-server[103833]: DEBUG neutron.plugins.ml2.managers [None req-4af3b3a6-c9a4-4d54-8032-e8ab5a13f795 None None] Attempting to bind port af760a0f-7883-49ab-95fb-6ae590ea6842 by drivers openvswitch,hyperv on host dv-cinder-562053-19-iscsi at level 0 using segments [{'id': '1d3df2be-b294-4164-824a-37d5b6cd48ea', 'network_type': 'vlan', 'physical_network': 'physnet1', 'segmentation_id': 448, 'network_id': 'e9e966a3-c502-4415-ba24-fb4be64d7c3f'}] {{(pid=103833) _bind_port_level /opt/stack/neutron/neutron/plugins/ml2/managers.py:820}}
Mar 29 15:25:42.949293 dv-cinder-562053-19-iscsi neutron-server[103833]: DEBUG neutron.plugins.ml2.drivers.mech_agent [None req-4af3b3a6-c9a4-4d54-8032-e8ab5a13f795 None None] Attempting to bind port af760a0f-7883-49ab-95fb-6ae590ea6842 on network e9e966a3-c502-4415-ba24-fb4be64d7c3f {{(pid=103833) bind_port /opt/stack/neutron/neutron/plugins/ml2/drivers/mech_agent.py:91}}
Mar 29 15:25:42.956105 dv-cinder-562053-19-iscsi neutron-server[103833]: DEBUG neutron.api.rpc.handlers.dhcp_rpc [None req-594f3237-0b91-41b8-be4e-6a49e5f01b74 None None] Network feb66b74-11a8-4941-9395-ec28eef514af requested from dv-cinder-562053-19-iscsi {{(pid=103833) get_network_info /opt/stack/neutron/neutron/api/rpc/handlers/dhcp_rpc.py:191}}
Mar 29 15:25:42.962646 dv-cinder-562053-19-iscsi neutron-server[103833]: DEBUG neutron.api.rpc.handlers.resources_rpc [None req-4af3b3a6-c9a4-4d54-8032-e8ab5a13f795 None None] Pushing event updated for resources: {'Port': ['ID=af760a0f-7883-49ab-95fb-6ae590ea6842,revision_number=1']} {{(pid=103833) push /opt/stack/neutron/neutron/api/rpc/handlers/resources_rpc.py:237}}
Mar 29 15:25:43.002217 dv-cinder-562053-19-iscsi neutron-server[103833]: DEBUG neutron.plugins.ml2.drivers.mech_agent [None req-4af3b3a6-c9a4-4d54-8032-e8ab5a13f795 None None] Checking agent: {'id': 'e8838db2-72d1-4575-857c-ebb7c890e0bc', 'agent_type': 'Open vSwitch agent', 'binary': 'neutron-openvswitch-agent', 'topic': 'N/A', 'host': 'dv-cinder-562053-19-iscsi', 'admin_state_up': True, 'created_at': datetime.datetime(2022, 3, 29, 15, 17, 28), 'started_at': datetime.datetime(2022, 3, 29, 15, 17, 58), 'heartbeat_timestamp': datetime.datetime(2022, 3, 29, 15, 25, 28), 'description': None, 'resources_synced': None, 'availability_zone': None, 'alive': True, 'configurations': {'arp_responder_enabled': False, 'baremetal_smartnic': False, 'bridge_mappings': {'physnet1': 'br-data'}, 'datapath_type': 'system', 'devices': 0, 'enable_distributed_routing': False, 'extensions': [], 'in_distributed_mode': False, 'integration_bridge': 'br-int', 'l2_population': False, 'log_agent_heartbeats': False, 'ovs_capabilities': {'datapath_types': ['netdev', 'system'], 'iface_types': ['erspan', 'geneve', 'gre', 'internal', 'ip6erspan', 'ip6gre', 'lisp', 'patch', 'stt', 'system', 'tap', 'vxlan']}, 'ovs_hybrid_plug': False, 'resource_provider_bandwidths': {}, 'resource_provider_hypervisors': {'br-data': 'dv-cinder-562053-19-iscsi'}, 'resource_provider_inventory_defaults': {'allocation_ratio': 1.0, 'min_unit': 1, 'step_size': 1, 'reserved': 0}, 'resource_provider_packet_processing_inventory_defaults': {'allocation_ratio': 1.0, 'min_unit': 1, 'step_size': 1, 'reserved': 0}, 'resource_provider_packet_processing_with_direction': {}, 'resource_provider_packet_processing_without_direction': {}, 'tunnel_types': [], 'tunneling_ip': None, 'vhostuser_socket_dir': '/var/run/openvswitch'}, 'resource_versions': {'AddressGroup': '1.2', 'Agent': '1.1', 'ConntrackHelper': '1.0', 'LocalIPAssociation': '1.0', 'Log': '1.0', 'NDPProxy': '1.0', 'Network': '1.1', 'Port': '1.7', 'PortForwarding': '1.3', 'QosPolicy': '1.10', 'SecurityGroup': '1.5', 'SecurityGroupRule': '1.2', 'SubPort': '1.0', 'Subnet': '1.1', 'Trunk': '1.1'}} {{(pid=103833) bind_port /opt/stack/neutron/neutron/plugins/ml2/drivers/mech_agent.py:110}}
Mar 29 15:25:43.002685 dv-cinder-562053-19-iscsi neutron-server[103833]: DEBUG neutron.plugins.ml2.drivers.mech_agent [None req-4af3b3a6-c9a4-4d54-8032-e8ab5a13f795 None None] Checking segment: {'id': '1d3df2be-b294-4164-824a-37d5b6cd48ea', 'network_type': 'vlan', 'physical_network': 'physnet1', 'segmentation_id': 448, 'network_id': 'e9e966a3-c502-4415-ba24-fb4be64d7c3f'} for mappings: {'physnet1': 'br-data'} with network types: ['local', 'flat', 'vlan'] {{(pid=103833) check_segment_for_agent /opt/stack/neutron/neutron/plugins/ml2/drivers/mech_agent.py:373}}
Mar 29 15:25:43.003149 dv-cinder-562053-19-iscsi neutron-server[103833]: DEBUG neutron_lib.callbacks.manager [None req-4af3b3a6-c9a4-4d54-8032-e8ab5a13f795 None None] Publish callbacks [] for ovs_bridge_name (None), before_read {{(pid=103833) _notify_loop /usr/local/lib/python3.8/dist-packages/neutron_lib/callbacks/manager.py:176}}
Mar 29 15:25:43.003653 dv-cinder-562053-19-iscsi neutron-server[103833]: DEBUG neutron.plugins.ml2.drivers.mech_agent [None req-4af3b3a6-c9a4-4d54-8032-e8ab5a13f795 None None] Bound using segment: {'id': '1d3df2be-b294-4164-824a-37d5b6cd48ea', 'network_type': 'vlan', 'physical_network': 'physnet1', 'segmentation_id': 448, 'network_id': 'e9e966a3-c502-4415-ba24-fb4be64d7c3f'} {{(pid=103833) bind_port /opt/stack/neutron/neutron/plugins/ml2/drivers/mech_agent.py:120}}
Mar 29 15:25:43.004188 dv-cinder-562053-19-iscsi neutron-server[103833]: DEBUG neutron.plugins.ml2.managers [None req-4af3b3a6-c9a4-4d54-8032-e8ab5a13f795 None None] Bound port: af760a0f-7883-49ab-95fb-6ae590ea6842, host: dv-cinder-562053-19-iscsi, vif_type: ovs, vif_details: {"connectivity": "l2", "port_filter": true, "ovs_hybrid_plug": false, "datapath_type": "system", "bridge_name": "br-int"}, binding_levels: [{'bound_driver': 'openvswitch', 'bound_segment': {'id': '1d3df2be-b294-4164-824a-37d5b6cd48ea', 'network_type': 'vlan', 'physical_network': 'physnet1', 'segmentation_id': 448, 'network_id': 'e9e966a3-c502-4415-ba24-fb4be64d7c3f'}}] {{(pid=103833) _bind_port_level /opt/stack/neutron/neutron/plugins/ml2/managers.py:932}}
Mar 29 15:25:43.004659 dv-cinder-562053-19-iscsi neutron-server[103833]: DEBUG neutron_lib.callbacks.manager [None req-4af3b3a6-c9a4-4d54-8032-e8ab5a13f795 None None] Publish callbacks ['neutron.plugins.ml2.plugin.SecurityGroupDbMixin._ensure_default_security_group_handler-1278676'] for port (af760a0f-7883-49ab-95fb-6ae590ea6842), before_update {{(pid=103833) _notify_loop /usr/local/lib/python3.8/dist-packages/neutron_lib/callbacks/manager.py:176}}
Mar 29 15:25:43.020510 dv-cinder-562053-19-iscsi neutron-server[103831]: DEBUG neutron_lib.callbacks.manager [None req-d1c17577-2fef-4fc0-a96a-eac8014f99fc admin admin] Publish callbacks ['neutron.plugins.ml2.ovo_rpc._ObjectChangeHandler.handle_event-543029', 'neutron.api.rpc.agentnotifiers.dhcp_rpc_agent_api.DhcpAgentNotifyAPI._native_event_send_dhcp_notification-1025602'] for network (a9dba225-3458-4749-adfb-4348d5911f6f), after_create {{(pid=103831) _notify_loop /usr/local/lib/python3.8/dist-packages/neutron_lib/callbacks/manager.py:176}}
Mar 29 15:25:43.021487 dv-cinder-562053-19-iscsi neutron-server[103831]: DEBUG neutron.pecan_wsgi.hooks.policy_enforcement [None req-d1c17577-2fef-4fc0-a96a-eac8014f99fc admin admin] Attributes excluded by policy engine: ['standard_attr_id', 'vlan_transparent'] {{(pid=103831) _exclude_attributes_by_policy /opt/stack/neutron/neutron/pecan_wsgi/hooks/policy_enforcement.py:255}}
Mar 29 15:25:43.022076 dv-cinder-562053-19-iscsi neutron-server[103831]: DEBUG neutron_lib.callbacks.manager [None req-d1c17577-2fef-4fc0-a96a-eac8014f99fc admin admin] Publish callbacks ['neutron.api.rpc.agentnotifiers.dhcp_rpc_agent_api.DhcpAgentNotifyAPI._send_dhcp_notification-1025652'] for network (None), before_response {{(pid=103831) _notify_loop /usr/local/lib/python3.8/dist-packages/neutron_lib/callbacks/manager.py:176}}
Mar 29 15:25:43.094589 dv-cinder-562053-19-iscsi neutron-server[103833]: DEBUG neutron.plugins.ml2.db [None req-4af3b3a6-c9a4-4d54-8032-e8ab5a13f795 None None] For port af760a0f-7883-49ab-95fb-6ae590ea6842, host dv-cinder-562053-19-iscsi, cleared binding levels {{(pid=103833) clear_binding_levels /opt/stack/neutron/neutron/plugins/ml2/db.py:87}}
Mar 29 15:25:43.098441 dv-cinder-562053-19-iscsi neutron-server[103833]: DEBUG neutron.plugins.ml2.db [None req-4af3b3a6-c9a4-4d54-8032-e8ab5a13f795 None None] For port af760a0f-7883-49ab-95fb-6ae590ea6842, host dv-cinder-562053-19-iscsi, set binding levels [PortBindingLevel(driver='openvswitch',host='dv-cinder-562053-19-iscsi',level=0,port_id=af760a0f-7883-49ab-95fb-6ae590ea6842,segment=NetworkSegment(1d3df2be-b294-4164-824a-37d5b6cd48ea),segment_id=1d3df2be-b294-4164-824a-37d5b6cd48ea)] {{(pid=103833) set_binding_levels /opt/stack/neutron/neutron/plugins/ml2/db.py:59}}
Mar 29 15:25:43.101790 dv-cinder-562053-19-iscsi neutron-server[103833]: DEBUG neutron.api.rpc.callbacks.version_manager [None req-4af3b3a6-c9a4-4d54-8032-e8ab5a13f795 None None] Version for resource type AddressGroup changed None to 1.2 on consumer Open vSwitch agent@dv-cinder-562053-19-iscsi {{(pid=103833) _set_version /opt/stack/neutron/neutron/api/rpc/callbacks/version_manager.py:113}}
Mar 29 15:25:43.102438 dv-cinder-562053-19-iscsi neutron-server[103833]: DEBUG neutron.api.rpc.callbacks.version_manager [None req-4af3b3a6-c9a4-4d54-8032-e8ab5a13f795 None None] Version for resource type Agent changed None to 1.1 on consumer Open vSwitch agent@dv-cinder-562053-19-iscsi {{(pid=103833) _set_version /opt/stack/neutron/neutron/api/rpc/callbacks/version_manager.py:113}}
Mar 29 15:25:43.113114 dv-cinder-562053-19-iscsi neutron-server[103833]: DEBUG neutron.api.rpc.callbacks.version_manager [None req-4af3b3a6-c9a4-4d54-8032-e8ab5a13f795 None None] Version for resource type ConntrackHelper changed None to 1.0 on consumer Open vSwitch agent@dv-cinder-562053-19-iscsi {{(pid=103833) _set_version /opt/stack/neutron/neutron/api/rpc/callbacks/version_manager.py:113}}
Mar 29 15:25:43.113114 dv-cinder-562053-19-iscsi neutron-server[103833]: DEBUG neutron.api.rpc.callbacks.version_manager [None req-4af3b3a6-c9a4-4d54-8032-e8ab5a13f795 None None] Version for resource type LocalIPAssociation changed None to 1.0 on consumer Open vSwitch agent@dv-cinder-562053-19-iscsi {{(pid=103833) _set_version /opt/stack/neutron/neutron/api/rpc/callbacks/version_manager.py:113}}
Mar 29 15:25:43.113114 dv-cinder-562053-19-iscsi neutron-server[103833]: DEBUG neutron.api.rpc.callbacks.version_manager [None req-4af3b3a6-c9a4-4d54-8032-e8ab5a13f795 None None] Version for resource type Log changed None to 1.0 on consumer Open vSwitch agent@dv-cinder-562053-19-iscsi {{(pid=103833) _set_version /opt/stack/neutron/neutron/api/rpc/callbacks/version_manager.py:113}}
Mar 29 15:25:43.113114 dv-cinder-562053-19-iscsi neutron-server[103833]: DEBUG neutron.api.rpc.callbacks.version_manager [None req-4af3b3a6-c9a4-4d54-8032-e8ab5a13f795 None None] Version for resource type NDPProxy changed None to 1.0 on consumer Open vSwitch agent@dv-cinder-562053-19-iscsi {{(pid=103833) _set_version /opt/stack/neutron/neutron/api/rpc/callbacks/version_manager.py:113}}
Mar 29 15:25:43.113114 dv-cinder-562053-19-iscsi neutron-server[103833]: DEBUG neutron.api.rpc.callbacks.version_manager [None req-4af3b3a6-c9a4-4d54-8032-e8ab5a13f795 None None] Version for resource type Network changed None to 1.1 on consumer Open vSwitch agent@dv-cinder-562053-19-iscsi {{(pid=103833) _set_version /opt/stack/neutron/neutron/api/rpc/callbacks/version_manager.py:113}}
Mar 29 15:25:43.113114 dv-cinder-562053-19-iscsi neutron-server[103833]: DEBUG neutron.api.rpc.callbacks.version_manager [None req-4af3b3a6-c9a4-4d54-8032-e8ab5a13f795 None None] Version for resource type Port changed None to 1.7 on consumer Open vSwitch agent@dv-cinder-562053-19-iscsi {{(pid=103833) _set_version /opt/stack/neutron/neutron/api/rpc/callbacks/version_manager.py:113}}
Mar 29 15:25:43.113114 dv-cinder-562053-19-iscsi neutron-server[103833]: DEBUG neutron.api.rpc.callbacks.version_manager [None req-4af3b3a6-c9a4-4d54-8032-e8ab5a13f795 None None] Version for resource type PortForwarding changed None to 1.3 on consumer Open vSwitch agent@dv-cinder-562053-19-iscsi {{(pid=103833) _set_version /opt/stack/neutron/neutron/api/rpc/callbacks/version_manager.py:113}}
Mar 29 15:25:43.113114 dv-cinder-562053-19-iscsi neutron-server[103833]: DEBUG neutron.api.rpc.callbacks.version_manager [None req-4af3b3a6-c9a4-4d54-8032-e8ab5a13f795 None None] Version for resource type QosPolicy changed None to 1.10 on consumer Open vSwitch agent@dv-cinder-562053-19-iscsi {{(pid=103833) _set_version /opt/stack/neutron/neutron/api/rpc/callbacks/version_manager.py:113}}
Mar 29 15:25:43.113114 dv-cinder-562053-19-iscsi neutron-server[103833]: DEBUG neutron.api.rpc.callbacks.version_manager [None req-4af3b3a6-c9a4-4d54-8032-e8ab5a13f795 None None] Version for resource type SecurityGroup changed None to 1.5 on consumer Open vSwitch agent@dv-cinder-562053-19-iscsi {{(pid=103833) _set_version /opt/stack/neutron/neutron/api/rpc/callbacks/version_manager.py:113}}
Mar 29 15:25:43.113114 dv-cinder-562053-19-iscsi neutron-server[103833]: DEBUG neutron.api.rpc.callbacks.version_manager [None req-4af3b3a6-c9a4-4d54-8032-e8ab5a13f795 None None] Version for resource type SecurityGroupRule changed None to 1.2 on consumer Open vSwitch agent@dv-cinder-562053-19-iscsi {{(pid=103833) _set_version /opt/stack/neutron/neutron/api/rpc/callbacks/version_manager.py:113}}
Mar 29 15:25:43.113114 dv-cinder-562053-19-iscsi neutron-server[103833]: DEBUG neutron.api.rpc.callbacks.version_manager [None req-4af3b3a6-c9a4-4d54-8032-e8ab5a13f795 None None] Version for resource type SubPort changed None to 1.0 on consumer Open vSwitch agent@dv-cinder-562053-19-iscsi {{(pid=103833) _set_version /opt/stack/neutron/neutron/api/rpc/callbacks/version_manager.py:113}}
Mar 29 15:25:43.113114 dv-cinder-562053-19-iscsi neutron-server[103833]: DEBUG neutron.api.rpc.callbacks.version_manager [None req-4af3b3a6-c9a4-4d54-8032-e8ab5a13f795 None None] Version for resource type Subnet changed None to 1.1 on consumer Open vSwitch agent@dv-cinder-562053-19-iscsi {{(pid=103833) _set_version /opt/stack/neutron/neutron/api/rpc/callbacks/version_manager.py:113}}
Mar 29 15:25:43.113114 dv-cinder-562053-19-iscsi neutron-server[103833]: DEBUG neutron.api.rpc.callbacks.version_manager [None req-4af3b3a6-c9a4-4d54-8032-e8ab5a13f795 None None] Version for resource type Trunk changed None to 1.1 on consumer Open vSwitch agent@dv-cinder-562053-19-iscsi {{(pid=103833) _set_version /opt/stack/neutron/neutron/api/rpc/callbacks/version_manager.py:113}}
Mar 29 15:25:43.113114 dv-cinder-562053-19-iscsi neutron-server[103833]: DEBUG neutron.api.rpc.callbacks.version_manager [None req-4af3b3a6-c9a4-4d54-8032-e8ab5a13f795 None None] Tracked resource versions report:
Mar 29 15:25:43.113114 dv-cinder-562053-19-iscsi neutron-server[103833]: pushed versions:
Mar 29 15:25:43.113114 dv-cinder-562053-19-iscsi neutron-server[103833]: { 'AddressGroup': {'1.2'},
Mar 29 15:25:43.113114 dv-cinder-562053-19-iscsi neutron-server[103833]: 'Agent': {'1.1'},
Mar 29 15:25:43.113114 dv-cinder-562053-19-iscsi neutron-server[103833]: 'ConntrackHelper': {'1.0'},
Mar 29 15:25:43.113114 dv-cinder-562053-19-iscsi neutron-server[103833]: 'LocalIPAssociation': {'1.0'},
Mar 29 15:25:43.113114 dv-cinder-562053-19-iscsi neutron-server[103833]: 'Log': {'1.0'},
Mar 29 15:25:43.113114 dv-cinder-562053-19-iscsi neutron-server[103833]: 'NDPProxy': {'1.0'},
Mar 29 15:25:43.113114 dv-cinder-562053-19-iscsi neutron-server[103833]: 'Network': {'1.1'},
Mar 29 15:25:43.113114 dv-cinder-562053-19-iscsi neutron-server[103833]: 'Port': {'1.7'},
Mar 29 15:25:43.113114 dv-cinder-562053-19-iscsi neutron-server[103833]: 'PortForwarding': {'1.3'},
Mar 29 15:25:43.113114 dv-cinder-562053-19-iscsi neutron-server[103833]: 'QosPolicy': {'1.10'},
Mar 29 15:25:43.113114 dv-cinder-562053-19-iscsi neutron-server[103833]: 'SecurityGroup': {'1.5'},
Mar 29 15:25:43.113114 dv-cinder-562053-19-iscsi neutron-server[103833]: 'SecurityGroupRule': {'1.2'},
Mar 29 15:25:43.113114 dv-cinder-562053-19-iscsi neutron-server[103833]: 'SubPort': {'1.0'},
Mar 29 15:25:43.113114 dv-cinder-562053-19-iscsi neutron-server[103833]: 'Subnet': {'1.1'},
Mar 29 15:25:43.113114 dv-cinder-562053-19-iscsi neutron-server[103833]: 'Trunk': {'1.1'}}
Mar 29 15:25:43.113114 dv-cinder-562053-19-iscsi neutron-server[103833]: consumer versions:
Mar 29 15:25:43.113114 dv-cinder-562053-19-iscsi neutron-server[103833]: { DHCP agent@dv-cinder-562053-19-iscsi: {},
Mar 29 15:25:43.113114 dv-cinder-562053-19-iscsi neutron-server[103833]: HyperV agent@hv-cinder-56205: {},
Mar 29 15:25:43.113114 dv-cinder-562053-19-iscsi neutron-server[103833]: L3 agent@dv-cinder-562053-19-iscsi: {},
Mar 29 15:25:43.113114 dv-cinder-562053-19-iscsi neutron-server[103833]: Metadata agent@dv-cinder-562053-19-iscsi: {},
Mar 29 15:25:43.113114 dv-cinder-562053-19-iscsi neutron-server[103833]: Metering agent@dv-cinder-562053-19-iscsi: {},
Mar 29 15:25:43.113114 dv-cinder-562053-19-iscsi neutron-server[103833]: Open vSwitch agent@dv-cinder-562053-19-iscsi: { 'AddressGroup': '1.2',
Mar 29 15:25:43.113114 dv-cinder-562053-19-iscsi neutron-server[103833]: 'Agent': '1.1',
Mar 29 15:25:43.113114 dv-cinder-562053-19-iscsi neutron-server[103833]: 'ConntrackHelper': '1.0',
Mar 29 15:25:43.115428 dv-cinder-562053-19-iscsi neutron-server[103833]: 'LocalIPAssociation': '1.0',
Mar 29 15:25:43.115428 dv-cinder-562053-19-iscsi neutron-server[103833]: 'Log': '1.0',
Mar 29 15:25:43.115428 dv-cinder-562053-19-iscsi neutron-server[103833]: 'NDPProxy': '1.0',
Mar 29 15:25:43.115428 dv-cinder-562053-19-iscsi neutron-server[103833]: 'Network': '1.1',
Mar 29 15:25:43.115428 dv-cinder-562053-19-iscsi neutron-server[103833]: 'Port': '1.7',
Mar 29 15:25:43.115428 dv-cinder-562053-19-iscsi neutron-server[103833]: 'PortForwarding': '1.3',
Mar 29 15:25:43.115428 dv-cinder-562053-19-iscsi neutron-server[103833]: 'QosPolicy': '1.10',
Mar 29 15:25:43.115428 dv-cinder-562053-19-iscsi neutron-server[103833]: 'SecurityGroup': '1.5',
Mar 29 15:25:43.115428 dv-cinder-562053-19-iscsi neutron-server[103833]: 'SecurityGroupRule': '1.2',
Mar 29 15:25:43.115428 dv-cinder-562053-19-iscsi neutron-server[103833]: 'SubPort': '1.0',
Mar 29 15:25:43.115428 dv-cinder-562053-19-iscsi neutron-server[103833]: 'Subnet': '1.1',
Mar 29 15:25:43.115428 dv-cinder-562053-19-iscsi neutron-server[103833]: 'Trunk': '1.1'}}
Mar 29 15:25:43.115428 dv-cinder-562053-19-iscsi neutron-server[103833]: {{(pid=103833) report /opt/stack/neutron/neutron/api/rpc/callbacks/version_manager.py:175}}
Mar 29 15:25:43.193980 dv-cinder-562053-19-iscsi neutron-server[103832]: DEBUG neutron_lib.callbacks.manager [None req-7d3a338d-18cc-4499-870b-ddf68d96c0c5 admin admin] Publish callbacks [] for router_gateway (73c396a8-d46c-4f74-9439-370970a2ec31), before_create {{(pid=103832) _notify_loop /usr/local/lib/python3.8/dist-packages/neutron_lib/callbacks/manager.py:176}}
Mar 29 15:25:43.219450 dv-cinder-562053-19-iscsi neutron-server[103831]: DEBUG neutron.api.rpc.handlers.resources_rpc [None req-d1c17577-2fef-4fc0-a96a-eac8014f99fc admin admin] Pushing event updated for resources: {'Network': ['ID=a9dba225-3458-4749-adfb-4348d5911f6f,revision_number=1']} {{(pid=103831) push /opt/stack/neutron/neutron/api/rpc/handlers/resources_rpc.py:237}}
Mar 29 15:25:43.231663 dv-cinder-562053-19-iscsi neutron-server[103833]: DEBUG neutron_lib.callbacks.manager [None req-4af3b3a6-c9a4-4d54-8032-e8ab5a13f795 None None] Publish callbacks ['neutron.plugins.ml2.plugin.SecurityGroupServerNotifierRpcMixin._notify_sg_on_port_change-1278613', 'neutron.plugins.ml2.ovo_rpc._ObjectChangeHandler.handle_event-94687', 'neutron.api.rpc.agentnotifiers.dhcp_rpc_agent_api.DhcpAgentNotifyAPI._native_event_send_dhcp_notification-1025602', 'neutron.db.l3_db.L3RpcNotifierMixin._notify_gateway_port_ip_changed-8748545096075', 'neutron.db.l3_dvrscheduler_db._notify_l3_agent_port_update-8748544538372', 'neutron.db.l3_hascheduler_db._notify_l3_agent_ha_port_update-8748544538390'] for port (af760a0f-7883-49ab-95fb-6ae590ea6842), after_update {{(pid=103833) _notify_loop /usr/local/lib/python3.8/dist-packages/neutron_lib/callbacks/manager.py:176}}
Mar 29 15:25:43.233789 dv-cinder-562053-19-iscsi neutron-server[103833]: DEBUG neutron_lib.callbacks.manager [None req-6a7de51e-0ce7-4c5f-855c-61212aef46d6 None None] Publish callbacks ['neutron.services.segments.db._update_segment_host_mapping_for_agent-8748544868904', 'neutron.plugins.ml2.plugin.Ml2Plugin._retry_binding_revived_agents-1239180'] for agent (cb22ad3b-74f2-4994-b299-960cea1745ef), after_update {{(pid=103833) _notify_loop /usr/local/lib/python3.8/dist-packages/neutron_lib/callbacks/manager.py:176}}
Mar 29 15:25:43.246865 dv-cinder-562053-19-iscsi neutron-server[103833]: DEBUG neutron.plugins.ml2.rpc [None req-177d9b28-3ebb-47e5-ba55-f7282e072031 None None] Network a9dba225-3458-4749-adfb-4348d5911f6f details requested by agent ovs-agent-dv-cinder-562053-19-iscsi with host dv-cinder-562053-19-iscsi {{(pid=103833) get_network_details /opt/stack/neutron/neutron/plugins/ml2/rpc.py:248}}
Mar 29 15:25:43.258171 dv-cinder-562053-19-iscsi neutron-server[103832]: DEBUG neutron_lib.callbacks.manager [None req-7d3a338d-18cc-4499-870b-ddf68d96c0c5 admin admin] Publish callbacks ['neutron.plugins.ml2.plugin.SecurityGroupDbMixin._ensure_default_security_group_handler-1278676'] for port (None), before_create {{(pid=103832) _notify_loop /usr/local/lib/python3.8/dist-packages/neutron_lib/callbacks/manager.py:176}}
Mar 29 15:25:43.281281 dv-cinder-562053-19-iscsi neutron-server[103831]: INFO neutron.wsgi [None req-d1c17577-2fef-4fc0-a96a-eac8014f99fc admin admin] 10.222.0.39 "POST /v2.0/networks HTTP/1.1" status: 201 len: 890 time: 1.5308084
Mar 29 15:25:43.281547 dv-cinder-562053-19-iscsi neutron-server[103831]: DEBUG neutron.wsgi [-] (103831) accepted ('10.222.0.39', 59200) {{(pid=103831) server /usr/local/lib/python3.8/dist-packages/eventlet/wsgi.py:1004}}
Mar 29 15:25:43.286521 dv-cinder-562053-19-iscsi neutron-server[103831]: DEBUG neutron.api.v2.base [None req-be119199-32d9-4341-b54f-6247dfbc2d13 admin admin] Request body: {'subnet': {'network_id': 'a9dba225-3458-4749-adfb-4348d5911f6f', 'cidr': '172.20.0.0/28', 'name': 'tempest-AttachVolumeShelveTestJSON-1908872265-subnet', 'tenant_id': '58c1f8fd4f83455ca0f32dbc38c1ed32', 'enable_dhcp': True, 'ip_version': 4}} {{(pid=103831) prepare_request_body /opt/stack/neutron/neutron/api/v2/base.py:729}}
Mar 29 15:25:43.333604 dv-cinder-562053-19-iscsi neutron-server[103833]: DEBUG neutron.api.rpc.handlers.resources_rpc [None req-4af3b3a6-c9a4-4d54-8032-e8ab5a13f795 None None] Pushing event updated for resources: {'Port': ['ID=af760a0f-7883-49ab-95fb-6ae590ea6842,revision_number=2']} {{(pid=103833) push /opt/stack/neutron/neutron/api/rpc/handlers/resources_rpc.py:237}}
Mar 29 15:25:43.395559 dv-cinder-562053-19-iscsi neutron-server[103831]: DEBUG neutron.pecan_wsgi.hooks.quota_enforcement [None req-be119199-32d9-4341-b54f-6247dfbc2d13 admin admin] Made reservation on behalf of 58c1f8fd4f83455ca0f32dbc38c1ed32 for: {'subnet': 1} {{(pid=103831) before /opt/stack/neutron/neutron/pecan_wsgi/hooks/quota_enforcement.py:53}}
Mar 29 15:25:43.395559 dv-cinder-562053-19-iscsi neutron-server[103831]: DEBUG neutron_lib.callbacks.manager [None req-be119199-32d9-4341-b54f-6247dfbc2d13 admin admin] Publish callbacks [] for subnet (None), before_create {{(pid=103831) _notify_loop /usr/local/lib/python3.8/dist-packages/neutron_lib/callbacks/manager.py:176}}
Mar 29 15:25:43.469452 dv-cinder-562053-19-iscsi neutron-server[103832]: DEBUG neutron.db.db_base_plugin_common [None req-7d3a338d-18cc-4499-870b-ddf68d96c0c5 admin admin] Allocated IP 172.27.3.28 (3dc57d37-328b-453d-86b3-347b9e0efd38/8a0c47e6-f825-43a4-ad31-8f961885bd6a/0f5ad435-6013-4a3b-b512-a29cf81bff9d) {{(pid=103832) _store_ip_allocation /opt/stack/neutron/neutron/db/db_base_plugin_common.py:131}}
Mar 29 15:25:43.612705 dv-cinder-562053-19-iscsi neutron-server[103832]: DEBUG neutron_lib.callbacks.manager [None req-7d3a338d-18cc-4499-870b-ddf68d96c0c5 admin admin] Publish callbacks [] for port (0f5ad435-6013-4a3b-b512-a29cf81bff9d), precommit_create {{(pid=103832) _notify_loop /usr/local/lib/python3.8/dist-packages/neutron_lib/callbacks/manager.py:176}}
Mar 29 15:25:43.716986 dv-cinder-562053-19-iscsi neutron-server[103831]: DEBUG neutron_lib.callbacks.manager [None req-be119199-32d9-4341-b54f-6247dfbc2d13 admin admin] Publish callbacks ['neutron.plugins.ml2.ovo_rpc._ObjectChangeHandler.handle_event-555405', 'neutron.api.rpc.agentnotifiers.dhcp_rpc_agent_api.DhcpAgentNotifyAPI._native_event_send_dhcp_notification-1025602'] for subnet (0ec4a5f7-86fe-4e50-8f8b-bcd8fec46ae4), after_create {{(pid=103831) _notify_loop /usr/local/lib/python3.8/dist-packages/neutron_lib/callbacks/manager.py:176}}
Mar 29 15:25:43.741760 dv-cinder-562053-19-iscsi neutron-server[103832]: DEBUG neutron_lib.callbacks.manager [None req-7d3a338d-18cc-4499-870b-ddf68d96c0c5 admin admin] Publish callbacks ['neutron.plugins.ml2.plugin.SecurityGroupServerNotifierRpcMixin._notify_sg_on_port_change-1278613', 'neutron.plugins.ml2.ovo_rpc._ObjectChangeHandler.handle_event-94687', 'neutron.api.rpc.agentnotifiers.dhcp_rpc_agent_api.DhcpAgentNotifyAPI._native_event_send_dhcp_notification-1025602', 'neutron.db.l3_dvrscheduler_db._notify_l3_agent_new_port-8748544541934'] for port (0f5ad435-6013-4a3b-b512-a29cf81bff9d), after_create {{(pid=103832) _notify_loop /usr/local/lib/python3.8/dist-packages/neutron_lib/callbacks/manager.py:176}}
Mar 29 15:25:43.782075 dv-cinder-562053-19-iscsi neutron-server[103831]: DEBUG neutron.api.rpc.handlers.resources_rpc [None req-be119199-32d9-4341-b54f-6247dfbc2d13 admin admin] Pushing event updated for resources: {'Subnet': ['ID=0ec4a5f7-86fe-4e50-8f8b-bcd8fec46ae4,revision_number=0']} {{(pid=103831) push /opt/stack/neutron/neutron/api/rpc/handlers/resources_rpc.py:237}}
Mar 29 15:25:43.803097 dv-cinder-562053-19-iscsi neutron-server[103832]: DEBUG neutron.scheduler.dhcp_agent_scheduler [None req-7d3a338d-18cc-4499-870b-ddf68d96c0c5 admin admin] Network 3dc57d37-328b-453d-86b3-347b9e0efd38 is already hosted by enough agents. {{(pid=103832) _get_dhcp_agents_hosting_network /opt/stack/neutron/neutron/scheduler/dhcp_agent_scheduler.py:275}}
Mar 29 15:25:43.804335 dv-cinder-562053-19-iscsi neutron-server[103832]: DEBUG neutron.api.rpc.handlers.resources_rpc [None req-7d3a338d-18cc-4499-870b-ddf68d96c0c5 admin admin] Pushing event updated for resources: {'Port': ['ID=0f5ad435-6013-4a3b-b512-a29cf81bff9d,revision_number=1']} {{(pid=103832) push /opt/stack/neutron/neutron/api/rpc/handlers/resources_rpc.py:237}}
Mar 29 15:25:43.806936 dv-cinder-562053-19-iscsi neutron-server[103832]: DEBUG neutron.scheduler.base_scheduler [None req-7d3a338d-18cc-4499-870b-ddf68d96c0c5 admin admin] Resources bound (agent type, host, resource id): {{(pid=103832) schedule /opt/stack/neutron/neutron/scheduler/base_scheduler.py:57}}
Mar 29 15:25:43.836772 dv-cinder-562053-19-iscsi neutron-server[103832]: DEBUG neutron.db.l3_dvrscheduler_db [None req-7d3a338d-18cc-4499-870b-ddf68d96c0c5 admin admin] Received port after_create {{(pid=103832) _notify_l3_agent_new_port /opt/stack/neutron/neutron/db/l3_dvrscheduler_db.py:536}}
Mar 29 15:25:43.850977 dv-cinder-562053-19-iscsi neutron-server[103831]: DEBUG neutron.plugins.ml2.drivers.mech_agent [None req-be119199-32d9-4341-b54f-6247dfbc2d13 admin admin] Checking segment: {'id': 'c447c32b-bb36-4dcf-8df5-2a75f4e6e95e', 'network_type': 'vlan', 'physical_network': 'physnet1', 'segmentation_id': 426, 'network_id': 'a9dba225-3458-4749-adfb-4348d5911f6f'} for mappings: {'physnet1': 'br-data'} with network types: ['local', 'flat', 'vlan'] {{(pid=103831) check_segment_for_agent /opt/stack/neutron/neutron/plugins/ml2/drivers/mech_agent.py:373}}
Mar 29 15:25:43.851472 dv-cinder-562053-19-iscsi neutron-server[103831]: DEBUG neutron.scheduler.dhcp_agent_scheduler [None req-be119199-32d9-4341-b54f-6247dfbc2d13 admin admin] Network hostable DHCP agents. Network: a9dba225-3458-4749-adfb-4348d5911f6f, hostable agents: ['60b75cb5-fa55-4ab5-bd81-9da0c894ffc8'], hosted agents: [] {{(pid=103831) _get_network_hostable_dhcp_agents /opt/stack/neutron/neutron/scheduler/dhcp_agent_scheduler.py:329}}
Mar 29 15:25:43.968893 dv-cinder-562053-19-iscsi neutron-server[103831]: DEBUG neutron.scheduler.dhcp_agent_scheduler [None req-be119199-32d9-4341-b54f-6247dfbc2d13 admin admin] Network a9dba225-3458-4749-adfb-4348d5911f6f is scheduled to be hosted by DHCP agent 60b75cb5-fa55-4ab5-bd81-9da0c894ffc8 with binding_index 1 {{(pid=103831) bind /opt/stack/neutron/neutron/scheduler/dhcp_agent_scheduler.py:227}}
Mar 29 15:25:44.089452 dv-cinder-562053-19-iscsi neutron-server[103831]: DEBUG neutron.scheduler.base_scheduler [None req-be119199-32d9-4341-b54f-6247dfbc2d13 admin admin] Resources bound (agent type, host, resource id): (DHCP agent, dv-cinder-562053-19-iscsi, a9dba225-3458-4749-adfb-4348d5911f6f) {{(pid=103831) schedule /opt/stack/neutron/neutron/scheduler/base_scheduler.py:57}}
Mar 29 15:25:44.099689 dv-cinder-562053-19-iscsi neutron-server[103831]: DEBUG neutron.pecan_wsgi.hooks.policy_enforcement [None req-be119199-32d9-4341-b54f-6247dfbc2d13 admin admin] Attributes excluded by policy engine: ['standard_attr_id', 'shared', 'network'] {{(pid=103831) _exclude_attributes_by_policy /opt/stack/neutron/neutron/pecan_wsgi/hooks/policy_enforcement.py:255}}
Mar 29 15:25:44.099897 dv-cinder-562053-19-iscsi neutron-server[103833]: DEBUG neutron.api.rpc.handlers.dhcp_rpc [None req-19af0da7-7c14-483e-ad5f-4d94a4650642 None None] Network a9dba225-3458-4749-adfb-4348d5911f6f requested from dv-cinder-562053-19-iscsi {{(pid=103833) get_network_info /opt/stack/neutron/neutron/api/rpc/handlers/dhcp_rpc.py:191}}
Mar 29 15:25:44.100411 dv-cinder-562053-19-iscsi neutron-server[103831]: DEBUG neutron_lib.callbacks.manager [None req-be119199-32d9-4341-b54f-6247dfbc2d13 admin admin] Publish callbacks ['neutron.api.rpc.agentnotifiers.dhcp_rpc_agent_api.DhcpAgentNotifyAPI._send_dhcp_notification-1025652'] for subnet (None), before_response {{(pid=103831) _notify_loop /usr/local/lib/python3.8/dist-packages/neutron_lib/callbacks/manager.py:176}}
Mar 29 15:25:44.195229 dv-cinder-562053-19-iscsi neutron-server[103832]: DEBUG neutron_lib.callbacks.manager [None req-7d3a338d-18cc-4499-870b-ddf68d96c0c5 admin admin] Publish callbacks [] for router_gateway (73c396a8-d46c-4f74-9439-370970a2ec31), after_create {{(pid=103832) _notify_loop /usr/local/lib/python3.8/dist-packages/neutron_lib/callbacks/manager.py:176}}
Mar 29 15:25:44.225902 dv-cinder-562053-19-iscsi neutron-server[103833]: DEBUG neutron.api.rpc.handlers.dhcp_rpc [None req-ee193f3f-5ee1-4d4f-8b56-24ffc67c0c2a None None] Create dhcp port {'port': {'name': '', 'admin_state_up': True, 'device_id': 'dhcp7fd4760e-f710-5e2a-8ad4-26c94dd4ee74-a9dba225-3458-4749-adfb-4348d5911f6f', 'network_id': 'a9dba225-3458-4749-adfb-4348d5911f6f', 'project_id': '58c1f8fd4f83455ca0f32dbc38c1ed32', 'fixed_ips': [{'subnet_id': '0ec4a5f7-86fe-4e50-8f8b-bcd8fec46ae4'}]}} from dv-cinder-562053-19-iscsi. {{(pid=103833) create_dhcp_port /opt/stack/neutron/neutron/api/rpc/handlers/dhcp_rpc.py:268}}
Mar 29 15:25:44.230979 dv-cinder-562053-19-iscsi neutron-server[103833]: DEBUG neutron_lib.callbacks.manager [None req-ee193f3f-5ee1-4d4f-8b56-24ffc67c0c2a None None] Publish callbacks ['neutron.plugins.ml2.plugin.SecurityGroupDbMixin._ensure_default_security_group_handler-1278676'] for port (None), before_create {{(pid=103833) _notify_loop /usr/local/lib/python3.8/dist-packages/neutron_lib/callbacks/manager.py:176}}
Mar 29 15:25:44.240147 dv-cinder-562053-19-iscsi neutron-server[103831]: INFO neutron.wsgi [None req-be119199-32d9-4341-b54f-6247dfbc2d13 admin admin] 10.222.0.39 "POST /v2.0/subnets HTTP/1.1" status: 201 len: 853 time: 0.9575336
Mar 29 15:25:44.248598 dv-cinder-562053-19-iscsi neutron-server[103831]: DEBUG neutron.wsgi [-] (103831) accepted ('10.222.0.39', 59242) {{(pid=103831) server /usr/local/lib/python3.8/dist-packages/eventlet/wsgi.py:1004}}
Mar 29 15:25:44.252879 dv-cinder-562053-19-iscsi neutron-server[103831]: DEBUG neutron.api.v2.base [None req-7e2cbe26-c9b2-4b28-bafa-bbf5f75f8fca admin admin] Request body: {'router': {'name': 'tempest-AttachVolumeShelveTestJSON-1908872265-router', 'tenant_id': '58c1f8fd4f83455ca0f32dbc38c1ed32', 'external_gateway_info': {'network_id': '3dc57d37-328b-453d-86b3-347b9e0efd38'}}} {{(pid=103831) prepare_request_body /opt/stack/neutron/neutron/api/v2/base.py:729}}
